/*
SQLyog Ultimate v11.11 (64 bit)
MySQL - 8.3.0 : Database - react-dom-sushi-original
*********************************************************************
*/




CREATE DATABASE /*!32312 IF NOT EXISTS*/`react-dom-sushi-original` /*!40100 DEFAULT CHARACTER SET utf8mb4 COLLATE utf8mb4_unicode_ci */ /*!80016 DEFAULT ENCRYPTION='N' */;

USE `react-dom-sushi-original`;

/*Table structure for table `category` */


CREATE TABLE `category` (
  `id` int NOT NULL AUTO_INCREMENT,
  `name` varchar(512) COLLATE utf8mb4_general_ci DEFAULT NULL,
  `sort` int DEFAULT NULL,
  `is_archived` tinyint DEFAULT '0',
  `updated_at` int DEFAULT NULL,
  `created_at` int DEFAULT NULL,
  PRIMARY KEY (`id`)
) ENGINE=InnoDB AUTO_INCREMENT=26 DEFAULT CHARSET=utf8mb4 COLLATE=utf8mb4_general_ci;

/*Data for the table `category` */

insert  into `category`(`id`,`name`,`sort`,`is_archived`,`updated_at`,`created_at`) values (2,'Пицца',50,0,NULL,NULL);
insert  into `category`(`id`,`name`,`sort`,`is_archived`,`updated_at`,`created_at`) values (3,'Роллы',60,0,NULL,NULL);
insert  into `category`(`id`,`name`,`sort`,`is_archived`,`updated_at`,`created_at`) values (4,'Запеченные',70,0,NULL,NULL);
insert  into `category`(`id`,`name`,`sort`,`is_archived`,`updated_at`,`created_at`) values (5,'Темпура',80,0,NULL,NULL);
insert  into `category`(`id`,`name`,`sort`,`is_archived`,`updated_at`,`created_at`) values (6,'Маки',90,0,NULL,NULL);
insert  into `category`(`id`,`name`,`sort`,`is_archived`,`updated_at`,`created_at`) values (7,'Спринг',100,0,NULL,NULL);
insert  into `category`(`id`,`name`,`sort`,`is_archived`,`updated_at`,`created_at`) values (8,'Суши',110,0,NULL,NULL);
insert  into `category`(`id`,`name`,`sort`,`is_archived`,`updated_at`,`created_at`) values (9,'Гунканы',120,0,NULL,NULL);
insert  into `category`(`id`,`name`,`sort`,`is_archived`,`updated_at`,`created_at`) values (10,'Сеты',130,0,NULL,NULL);
insert  into `category`(`id`,`name`,`sort`,`is_archived`,`updated_at`,`created_at`) values (11,'Салаты',140,0,NULL,NULL);
insert  into `category`(`id`,`name`,`sort`,`is_archived`,`updated_at`,`created_at`) values (12,'Горячее',150,0,NULL,NULL);
insert  into `category`(`id`,`name`,`sort`,`is_archived`,`updated_at`,`created_at`) values (15,'Супы',160,0,NULL,NULL);
insert  into `category`(`id`,`name`,`sort`,`is_archived`,`updated_at`,`created_at`) values (16,'Закуски',170,0,NULL,NULL);
insert  into `category`(`id`,`name`,`sort`,`is_archived`,`updated_at`,`created_at`) values (17,'Десерты',180,0,NULL,NULL);
insert  into `category`(`id`,`name`,`sort`,`is_archived`,`updated_at`,`created_at`) values (18,'Напитки',190,0,NULL,NULL);
insert  into `category`(`id`,`name`,`sort`,`is_archived`,`updated_at`,`created_at`) values (19,'Ингре&shy;диенты',200,0,NULL,NULL);
insert  into `category`(`id`,`name`,`sort`,`is_archived`,`updated_at`,`created_at`) values (20,'Сэндвичи',210,0,NULL,NULL);
insert  into `category`(`id`,`name`,`sort`,`is_archived`,`updated_at`,`created_at`) values (21,'Хот-доги',220,0,NULL,NULL);
insert  into `category`(`id`,`name`,`sort`,`is_archived`,`updated_at`,`created_at`) values (22,'Питы',230,0,NULL,NULL);
insert  into `category`(`id`,`name`,`sort`,`is_archived`,`updated_at`,`created_at`) values (23,'Гунканы Спайси',121,0,NULL,NULL);
insert  into `category`(`id`,`name`,`sort`,`is_archived`,`updated_at`,`created_at`) values (24,'Гунканы запеченные',122,0,NULL,NULL);
insert  into `category`(`id`,`name`,`sort`,`is_archived`,`updated_at`,`created_at`) values (25,'Поке',145,0,NULL,NULL);

/*Table structure for table `category_ingredient` */


CREATE TABLE `category_ingredient` (
  `id` int NOT NULL AUTO_INCREMENT,
  `ingredient_id` int DEFAULT NULL,
  `category_id` int DEFAULT NULL,
  `sort` int DEFAULT NULL,
  PRIMARY KEY (`id`),
  KEY `ingredient_id` (`ingredient_id`),
  KEY `category_id` (`category_id`),
  CONSTRAINT `category_id` FOREIGN KEY (`category_id`) REFERENCES `category` (`id`),
  CONSTRAINT `ingredient_id` FOREIGN KEY (`ingredient_id`) REFERENCES `ingredient` (`id`)
) ENGINE=InnoDB AUTO_INCREMENT=16 DEFAULT CHARSET=utf8mb4 COLLATE=utf8mb4_general_ci;

/*Data for the table `category_ingredient` */

insert  into `category_ingredient`(`id`,`ingredient_id`,`category_id`,`sort`) values (10,2,2,NULL);
insert  into `category_ingredient`(`id`,`ingredient_id`,`category_id`,`sort`) values (14,5,12,NULL);
insert  into `category_ingredient`(`id`,`ingredient_id`,`category_id`,`sort`) values (15,7,12,NULL);

/*Table structure for table `file` */


CREATE TABLE `file` (
  `id` int NOT NULL AUTO_INCREMENT,
  `uuid` binary(36) DEFAULT NULL,
  `object_id` int DEFAULT NULL,
  `object_type_id` int DEFAULT NULL COMMENT '1:loan, 2: user, 3:user_object',
  `name` varchar(1024) COLLATE utf8mb4_general_ci DEFAULT NULL,
  `path` varchar(1024) COLLATE utf8mb4_general_ci DEFAULT NULL,
  `sort` int DEFAULT NULL,
  `file_type` int DEFAULT NULL,
  `alias` varchar(8) COLLATE utf8mb4_general_ci DEFAULT NULL,
  `is_archive` tinyint DEFAULT '0',
  `archived_at` int DEFAULT NULL,
  `created_at` int DEFAULT NULL,
  `updated_at` int DEFAULT NULL,
  PRIMARY KEY (`id`),
  KEY `object_type` (`object_id`,`object_type_id`,`is_archive`)
) ENGINE=InnoDB AUTO_INCREMENT=273 DEFAULT CHARSET=utf8mb4 COLLATE=utf8mb4_general_ci;

/*Data for the table `file` */

insert  into `file`(`id`,`uuid`,`object_id`,`object_type_id`,`name`,`path`,`sort`,`file_type`,`alias`,`is_archive`,`archived_at`,`created_at`,`updated_at`) values (4,NULL,6,1,'284f9ca541cbe1cfb74ddd714afab536.jpg','iWK4AM778YmqD4sozZbpaN1x5M_Qm7xI5QQPTBD6tPzc3cNJmdv6oGKcRhboOxt__1722552941.jpg',1,3,'BPj80D',1,1722552965,1722552941,1722552965);
insert  into `file`(`id`,`uuid`,`object_id`,`object_type_id`,`name`,`path`,`sort`,`file_type`,`alias`,`is_archive`,`archived_at`,`created_at`,`updated_at`) values (5,NULL,6,1,'1613705457_49-p-fon-dlya-prezentatsii-abstraktsiya-54.jpg','rvruvfc1AnAHX9qiVwh9Vbq4QkCnJ7D8UUB1BE_oFPiZ4v6E2VyhR1y_vHs-IM9p_1722552965.jpg',2,3,'BPj8oE',1,1722553068,1722552965,1722553068);
insert  into `file`(`id`,`uuid`,`object_id`,`object_type_id`,`name`,`path`,`sort`,`file_type`,`alias`,`is_archive`,`archived_at`,`created_at`,`updated_at`) values (6,NULL,6,1,'123.jpg','YDaUtRdLF0q4dWGRdfOQKTh-aqxwkIxR-VgGUEgrV1uwHsPVVGijTJ33-v3eNKJD_1722553068.jpg',3,3,'BPja4F',1,1724533673,1722553068,1724533673);
insert  into `file`(`id`,`uuid`,`object_id`,`object_type_id`,`name`,`path`,`sort`,`file_type`,`alias`,`is_archive`,`archived_at`,`created_at`,`updated_at`) values (7,NULL,7,1,'blurbackground1680x1050spectrumelectromagnetic4k901_3_yapfiles.ru.jpg','eAW6r5qMjSl3wBZwBOmYns0UfZU1TDuEXiU6--TM9AuoJzNySLbpC8g0_wD76cjA_1722553086.jpg',1,3,'BPjalG',1,1725176628,1722553086,1725176628);
insert  into `file`(`id`,`uuid`,`object_id`,`object_type_id`,`name`,`path`,`sort`,`file_type`,`alias`,`is_archive`,`archived_at`,`created_at`,`updated_at`) values (18,NULL,18,1,'1614646913_16-p-sovremennii-fon-dlya-fotoshopa-20.jpg','NwtE3GueVwLg82Ppw79UGCfmTYXbjrp2iZ-eRUPUeHGMvlnAsJnKPF0ikqMwWcG__1724533662.jpg',1,3,'BYCp7R',1,1725117749,1724533662,1725117749);
insert  into `file`(`id`,`uuid`,`object_id`,`object_type_id`,`name`,`path`,`sort`,`file_type`,`alias`,`is_archive`,`archived_at`,`created_at`,`updated_at`) values (19,NULL,6,1,'1613705457_49-p-fon-dlya-prezentatsii-abstraktsiya-54.jpg','2h4yKDcPKGfHK8njflhiTvhSHHseNAn0b8wO9yKD9qDAGu6Z7f485ss1DZRHcUUM_1724533689.jpg',4,3,'BYCpyS',1,1725176562,1724533689,1725176562);
insert  into `file`(`id`,`uuid`,`object_id`,`object_type_id`,`name`,`path`,`sort`,`file_type`,`alias`,`is_archive`,`archived_at`,`created_at`,`updated_at`) values (20,NULL,22,1,'123.jpg','_yzQXupFHjCWkMsNTTEtBxWMcsRRlAJqqxKEznAFklml7xKhoc13eHcRkWfVVDa2_1725117663.jpg',1,3,'B04kuT',0,NULL,1725117663,1725117663);
insert  into `file`(`id`,`uuid`,`object_id`,`object_type_id`,`name`,`path`,`sort`,`file_type`,`alias`,`is_archive`,`archived_at`,`created_at`,`updated_at`) values (31,NULL,6,1,'slide.jpg','V6RjBKghWrvRfgMYYNSgUSOTFOvVAMXdGUY7467mYfldzynVnGuCXc-Htwv46XuP_1725176562.jpg',5,3,'B0kEt4',0,NULL,1725176562,1725176562);
insert  into `file`(`id`,`uuid`,`object_id`,`object_type_id`,`name`,`path`,`sort`,`file_type`,`alias`,`is_archive`,`archived_at`,`created_at`,`updated_at`) values (32,NULL,7,1,'slide2.jpg','yQsLuV0jdfnciSCV8INROqo_5qJsaIhpDd_j_CFtVS7SHSgq-ZtT52xv_RSDDNqK_1725176628.jpg',2,3,'B0kFx5',0,NULL,1725176628,1725176628);
insert  into `file`(`id`,`uuid`,`object_id`,`object_type_id`,`name`,`path`,`sort`,`file_type`,`alias`,`is_archive`,`archived_at`,`created_at`,`updated_at`) values (33,NULL,18,1,'slide3.jpg','NA7TSZN1_l6LOm3c_l1rzfnlO4MGSLFI6VvoDHD8m6rOin4NUbQF-Sax9BF1vZzp_1725176640.jpg',2,3,'B0kGJ6',0,NULL,1725176640,1725176640);
insert  into `file`(`id`,`uuid`,`object_id`,`object_type_id`,`name`,`path`,`sort`,`file_type`,`alias`,`is_archive`,`archived_at`,`created_at`,`updated_at`) values (35,NULL,14,1,'type=hit.png','QJmehgK2UcQgUjIwk1kVpv9ftxGcR9yLzMlY6YIy4ifNA1XZFHdrc6zI2l_FwAmK_1725176850.png',1,3,'B0kJ78',0,NULL,1725176850,1725176850);
insert  into `file`(`id`,`uuid`,`object_id`,`object_type_id`,`name`,`path`,`sort`,`file_type`,`alias`,`is_archive`,`archived_at`,`created_at`,`updated_at`) values (36,NULL,15,1,'type=new.png','RQNpiDSYUgPtT5Ku9dVLZYgPtWqj1vNQvioYssLSOE6uIDea0adCXYVMJVaxr6OF_1725176864.png',1,3,'B0kJl9',0,NULL,1725176864,1725176864);
insert  into `file`(`id`,`uuid`,`object_id`,`object_type_id`,`name`,`path`,`sort`,`file_type`,`alias`,`is_archive`,`archived_at`,`created_at`,`updated_at`) values (37,NULL,16,1,'type=hot.png','cLLvubGYnoOB28CYjcX8B98EZ37To3m6eqR0rsjAMDExlNyYc7YLDXYL-p7dX__s_1725176878.png',1,3,'B0kJza',0,NULL,1725176878,1725176878);
insert  into `file`(`id`,`uuid`,`object_id`,`object_type_id`,`name`,`path`,`sort`,`file_type`,`alias`,`is_archive`,`archived_at`,`created_at`,`updated_at`) values (38,NULL,23,1,'type=action.png','qEpPhi5xVZyoE2BnbONO07xSeJkdgNUkkmIZT1exAODozu4YvEC_e7gAS6SoR9Ok_1725176890.png',1,3,'B0kKLb',0,NULL,1725176890,1725176890);
insert  into `file`(`id`,`uuid`,`object_id`,`object_type_id`,`name`,`path`,`sort`,`file_type`,`alias`,`is_archive`,`archived_at`,`created_at`,`updated_at`) values (39,NULL,24,1,'type=vegan.png','OISc6kgs6a2q-Jw92g-nlZbK0CJUBtF8e-o5ACAs3be5p-blrCo_Q1RueazykVwm_1725176900.png',1,3,'B0kKVc',0,NULL,1725176900,1725176900);
insert  into `file`(`id`,`uuid`,`object_id`,`object_type_id`,`name`,`path`,`sort`,`file_type`,`alias`,`is_archive`,`archived_at`,`created_at`,`updated_at`) values (40,NULL,17,1,'final.png','5zp3FWNSWbDusve0U1x-A9XDB4l9UvHxxjdxU1Qsm65Dsd1Ikw5EmlJD-bEzZiME_1725176965.png',1,3,'B0kLYd',0,NULL,1725176965,1725176965);
insert  into `file`(`id`,`uuid`,`object_id`,`object_type_id`,`name`,`path`,`sort`,`file_type`,`alias`,`is_archive`,`archived_at`,`created_at`,`updated_at`) values (41,NULL,20,2,'bekon.png','ubva0EQh52o6i31iNF2hPP8xNew9sagdIAvyAIPwnVOR5a1iuUbYoP7BVgNY_Y6k_1725177625.png',1,1,'B0kWCe',0,NULL,1725177625,1725177625);
insert  into `file`(`id`,`uuid`,`object_id`,`object_type_id`,`name`,`path`,`sort`,`file_type`,`alias`,`is_archive`,`archived_at`,`created_at`,`updated_at`) values (42,NULL,21,2,'kurica.png','-4_Hyzg7dWI1FvZdLeePWTRgxZlWBKvHirrtISESj33TKHBWmVulEcDoTcefBYV7_1725177646.png',1,1,'B0kWXf',0,NULL,1725177646,1725177646);
insert  into `file`(`id`,`uuid`,`object_id`,`object_type_id`,`name`,`path`,`sort`,`file_type`,`alias`,`is_archive`,`archived_at`,`created_at`,`updated_at`) values (43,NULL,22,2,'losos.png','Cx2cWtTO17_V1kKDG8O-y6Vt_xuYMBd50o8nIk73_SI2IzZ62_qsotgsFVIHB00U_1725177660.png',1,1,'B0kWbg',0,NULL,1725177660,1725177660);
insert  into `file`(`id`,`uuid`,`object_id`,`object_type_id`,`name`,`path`,`sort`,`file_type`,`alias`,`is_archive`,`archived_at`,`created_at`,`updated_at`) values (44,NULL,23,2,'krevetki.png','W0iJLCs5bqy6MvOFIhV4A-D3ZcgHjIXuyIIOK3ab0E329XjFQemmb4YZZY4G_EAJ_1725177674.png',1,1,'B0kWph',0,NULL,1725177674,1725177674);
insert  into `file`(`id`,`uuid`,`object_id`,`object_type_id`,`name`,`path`,`sort`,`file_type`,`alias`,`is_archive`,`archived_at`,`created_at`,`updated_at`) values (45,NULL,12,2,'syr_slivochny.png','SJBVokvXzT6_ZjHCEsBlmg-5AZboSC6ivw1rigW6hys8Wt6SPJTn0uAKhfo5CZNW_1725177883.png',1,1,'B0k0Mi',0,NULL,1725177883,1725177883);
insert  into `file`(`id`,`uuid`,`object_id`,`object_type_id`,`name`,`path`,`sort`,`file_type`,`alias`,`is_archive`,`archived_at`,`created_at`,`updated_at`) values (46,NULL,24,2,'syr_dor_blue.png','5gtOwSFO69Gv_qRyXMW8fcQCZt0mO_e4zsOf8NsVQ9zibzyGAIhIxK5sz7R_s6xY_1725177896.png',1,1,'B0k0Zj',0,NULL,1725177896,1725177896);
insert  into `file`(`id`,`uuid`,`object_id`,`object_type_id`,`name`,`path`,`sort`,`file_type`,`alias`,`is_archive`,`archived_at`,`created_at`,`updated_at`) values (47,NULL,25,2,'svinina rvanaya.png','bDol4aW1tk7rNioW4epQqFxVsIxbTic0Zok4nnPFdLFWOCDjBFF3JsGHXBo3SGIj_1725177907.png',1,1,'B0k0ak',0,NULL,1725177907,1725177907);
insert  into `file`(`id`,`uuid`,`object_id`,`object_type_id`,`name`,`path`,`sort`,`file_type`,`alias`,`is_archive`,`archived_at`,`created_at`,`updated_at`) values (48,NULL,26,2,'bekon.png','BebOakMNqi6bVI9G-c9eABkQZ5KzGfzs5XqXEaXWIjs0_swGADBfQOJOLY2zf_op_1725177924.png',1,1,'B0k0rl',0,NULL,1725177924,1725177924);
insert  into `file`(`id`,`uuid`,`object_id`,`object_type_id`,`name`,`path`,`sort`,`file_type`,`alias`,`is_archive`,`archived_at`,`created_at`,`updated_at`) values (51,NULL,2,3,'Пицца.png','_hurvv-B1WfknY4EIdoHD613TTW3idDB7ZfGJoYNOORbra0yNrqSgKMvbQbleLN8_1725178286.png',1,1,'B0k6ho',0,NULL,1725178286,1725178286);
insert  into `file`(`id`,`uuid`,`object_id`,`object_type_id`,`name`,`path`,`sort`,`file_type`,`alias`,`is_archive`,`archived_at`,`created_at`,`updated_at`) values (52,NULL,3,3,'Роллы х.png','zVTjFtL8iYbD7rqBU-oqXxrteqquYNNQHBSlk8HG0r6Es-m6UkDM172ZHojj3c3d_1725178309.png',1,1,'B0k7Ep',0,NULL,1725178309,1725178309);
insert  into `file`(`id`,`uuid`,`object_id`,`object_type_id`,`name`,`path`,`sort`,`file_type`,`alias`,`is_archive`,`archived_at`,`created_at`,`updated_at`) values (53,NULL,4,3,'роллы Запеченные.png','EzC4L2mrfgIegyXP39HXFoAbjfs0lF3hMb2Se4iG-nt0v5gCQrbZ3QJxqdE0HEzR_1725178331.png',1,1,'B0k70q',0,NULL,1725178331,1725178331);
insert  into `file`(`id`,`uuid`,`object_id`,`object_type_id`,`name`,`path`,`sort`,`file_type`,`alias`,`is_archive`,`archived_at`,`created_at`,`updated_at`) values (54,NULL,5,3,'роллы темпура.png','lebBGAgZKaQTKsSDBzU2741mgVIP1sCYdsWZl8D3WTM_ekvCV-S5HGZa420IFoWr_1725178349.png',1,1,'B0k7ir',0,NULL,1725178349,1725178349);
insert  into `file`(`id`,`uuid`,`object_id`,`object_type_id`,`name`,`path`,`sort`,`file_type`,`alias`,`is_archive`,`archived_at`,`created_at`,`updated_at`) values (55,NULL,6,3,'роллы Мини-роллы.png','mD3Zn3zTRCnzVAcrIYXFzd-wW6P5Pn1ARbgul_rHfcYzhkwoMOeMTwtftlQ6HE0G_1725178364.png',1,1,'B0k7xs',0,NULL,1725178364,1725178364);
insert  into `file`(`id`,`uuid`,`object_id`,`object_type_id`,`name`,`path`,`sort`,`file_type`,`alias`,`is_archive`,`archived_at`,`created_at`,`updated_at`) values (56,NULL,7,3,'роллы спринг.png','YcPCyOsCnZxOH8G4pFPoxahXpU6l6JEqtGI-iiJwcfueu3GST-2auNl_g4jfI_nH_1725178381.png',1,1,'B0k8Ot',0,NULL,1725178381,1725178381);
insert  into `file`(`id`,`uuid`,`object_id`,`object_type_id`,`name`,`path`,`sort`,`file_type`,`alias`,`is_archive`,`archived_at`,`created_at`,`updated_at`) values (57,NULL,8,3,'суши.png','SZKV3LWg3U4Tjaaw3JNmr1tON-waV3zad_jv-NYqX--R5TPjQZZo9Lj4VuJKW2-d_1725178397.png',1,1,'B0k84u',0,NULL,1725178397,1725178397);
insert  into `file`(`id`,`uuid`,`object_id`,`object_type_id`,`name`,`path`,`sort`,`file_type`,`alias`,`is_archive`,`archived_at`,`created_at`,`updated_at`) values (58,NULL,9,3,'Гунканы.png','A0XUN6B4graCWQb-JtQvw56IvaSK4KU_HvPk1gnppJrcIdJNQY6jZq52iAa205Br_1725178410.png',1,1,'B0k8hv',0,NULL,1725178410,1725178410);
insert  into `file`(`id`,`uuid`,`object_id`,`object_type_id`,`name`,`path`,`sort`,`file_type`,`alias`,`is_archive`,`archived_at`,`created_at`,`updated_at`) values (59,NULL,10,3,'Сеты.png','jP2_wofqdxOXS93vorJFCMKEOxNwRGT3OhvxqQjU37MwjLaSEoKxd-MPc4oBds-X_1725178421.png',1,1,'B0k8sw',0,NULL,1725178421,1725178421);
insert  into `file`(`id`,`uuid`,`object_id`,`object_type_id`,`name`,`path`,`sort`,`file_type`,`alias`,`is_archive`,`archived_at`,`created_at`,`updated_at`) values (61,NULL,12,3,'Горячее.png','D37-TZjNkuZAGKleixPrEdQoNGnO93KQx2n93I_CubvxTBdv5Fl2iuzQESE0ihRJ_1725178451.png',1,1,'B0k9Wy',0,NULL,1725178451,1725178451);
insert  into `file`(`id`,`uuid`,`object_id`,`object_type_id`,`name`,`path`,`sort`,`file_type`,`alias`,`is_archive`,`archived_at`,`created_at`,`updated_at`) values (62,NULL,13,3,'Горячее.png','1lC7y1qnyo7S2L9fWYCzuc7CI9xnkadM3CVsOA6tVy3ZwsSxSNVIuAwlWO_-TcyH_1725178578.png',1,1,'B0kbZz',0,NULL,1725178578,1725178578);
insert  into `file`(`id`,`uuid`,`object_id`,`object_type_id`,`name`,`path`,`sort`,`file_type`,`alias`,`is_archive`,`archived_at`,`created_at`,`updated_at`) values (63,NULL,14,3,'Горячее.png','PCf-fDOoQVehqM58qjr35_HDYbo8Bud9TwJNOurr3nxyrdYoin0xNMFsPSdeLRGC_1725178581.png',1,1,'B0kb2AA',0,NULL,1725178581,1725178581);
insert  into `file`(`id`,`uuid`,`object_id`,`object_type_id`,`name`,`path`,`sort`,`file_type`,`alias`,`is_archive`,`archived_at`,`created_at`,`updated_at`) values (64,NULL,15,3,'Супы.png','YDX33LYcraMWRKT4zz9_UAizAQEMVBC9Y4uKV02ksatZBsZWpGKNzC5FYUD3DRU0_1725180011.png',1,1,'B0ky6AB',0,NULL,1725180011,1725180011);
insert  into `file`(`id`,`uuid`,`object_id`,`object_type_id`,`name`,`path`,`sort`,`file_type`,`alias`,`is_archive`,`archived_at`,`created_at`,`updated_at`) values (65,NULL,16,3,'Закуски.png','fQihranVgcL2u1RTkucGAtQEcO0pxc-xXMNOlV9gTfOuq-1cpxFzHKtU3bCehl7W_1725180027.png',1,1,'B0kymAC',0,NULL,1725180027,1725180027);
insert  into `file`(`id`,`uuid`,`object_id`,`object_type_id`,`name`,`path`,`sort`,`file_type`,`alias`,`is_archive`,`archived_at`,`created_at`,`updated_at`) values (66,NULL,17,3,'Десерты.png','709XygH2UF6HN3AGXXvCMqxTL4oxNYQQgrDfKPYorSgtoQUjf14MW9f3IZYzU1-P_1725180043.png',1,1,'B0kzCAD',0,NULL,1725180043,1725180043);
insert  into `file`(`id`,`uuid`,`object_id`,`object_type_id`,`name`,`path`,`sort`,`file_type`,`alias`,`is_archive`,`archived_at`,`created_at`,`updated_at`) values (67,NULL,18,3,'Напитки.png','lbt0C-7r-e-x1qRf6PQKRIhfbCqO3XuuEyqoPQIQhwHbT2xfQ5_ffp4EDONC2-pq_1725180058.png',1,1,'B0kzRAE',0,NULL,1725180058,1725180058);
insert  into `file`(`id`,`uuid`,`object_id`,`object_type_id`,`name`,`path`,`sort`,`file_type`,`alias`,`is_archive`,`archived_at`,`created_at`,`updated_at`) values (68,NULL,19,3,'Ингредиенты.png','FMJQ0zYD09cc1PYg494_3x3rKZRPeeelM9vrz5dwnh2v9KVp9q8Yn-ucpWo3LHzk_1725180072.png',1,1,'B0kz5AF',0,NULL,1725180072,1725180072);
insert  into `file`(`id`,`uuid`,`object_id`,`object_type_id`,`name`,`path`,`sort`,`file_type`,`alias`,`is_archive`,`archived_at`,`created_at`,`updated_at`) values (69,NULL,20,3,'Сэндвичи.png','l-8V25HGvFUBWmupA_VkqTM6VHEUyhKqyXJC-BZDkcD0vr95VZmsc3qipeivfVLJ_1725180084.png',1,1,'B0kzhAG',0,NULL,1725180084,1725180084);
insert  into `file`(`id`,`uuid`,`object_id`,`object_type_id`,`name`,`path`,`sort`,`file_type`,`alias`,`is_archive`,`archived_at`,`created_at`,`updated_at`) values (70,NULL,21,3,'Хот-доги.png','NocslUwCEiGGO1ukFV0kZEDfTug2yTbUIQ3PGZgpZPZXCWsKw5ZS9zgQBskMLFRr_1725180096.png',1,1,'B0kztAH',0,NULL,1725180096,1725180096);
insert  into `file`(`id`,`uuid`,`object_id`,`object_type_id`,`name`,`path`,`sort`,`file_type`,`alias`,`is_archive`,`archived_at`,`created_at`,`updated_at`) values (71,NULL,22,3,'Питы.png','SdPBALANSaEtmoEFgPumii_-dUvCNY5sTBymMBXBzjnerLSRb4PFZEM9uSlofRgm_1725180107.png',1,1,'B0lAEAI',0,NULL,1725180107,1725180107);
insert  into `file`(`id`,`uuid`,`object_id`,`object_type_id`,`name`,`path`,`sort`,`file_type`,`alias`,`is_archive`,`archived_at`,`created_at`,`updated_at`) values (72,NULL,1,4,'п0.jpg','t5L0UkRVw_nT6PkuQOXMA5X7xyLXgQB4b4YHHxl4sVVYfGrutwOtI_DyuRU0mmbA_1725180404.jpg',1,1,'B0lErAJ',0,NULL,1725180404,1725180404);
insert  into `file`(`id`,`uuid`,`object_id`,`object_type_id`,`name`,`path`,`sort`,`file_type`,`alias`,`is_archive`,`archived_at`,`created_at`,`updated_at`) values (73,NULL,2,4,'п2.jpg','9KrqNg6mehk5WelWbpUO7S8T9VpU6ZNRZBq4WIx6JX90SzNfWpz0J-9SQuAOMA-K_1725180463.jpg',1,1,'B0lFoAK',0,NULL,1725180463,1725180463);
insert  into `file`(`id`,`uuid`,`object_id`,`object_type_id`,`name`,`path`,`sort`,`file_type`,`alias`,`is_archive`,`archived_at`,`created_at`,`updated_at`) values (74,NULL,3,4,'п4.jpg','Ag1orJZdeHocLn5sqeH5dTjRG4ERZxEqOAa5seWPXg0hqG6lUiAYK--1VeVWyk1m_1725180523.jpg',1,1,'B0lGmAL',0,NULL,1725180523,1725180523);
insert  into `file`(`id`,`uuid`,`object_id`,`object_type_id`,`name`,`path`,`sort`,`file_type`,`alias`,`is_archive`,`archived_at`,`created_at`,`updated_at`) values (76,NULL,5,4,'г0.jpg','yz67KpkspcHNl84upXj9w3Cwi9_H4rxqB7dXQJigvKVuifIR1vI5g142gT50MzB7_1725180892.jpg',1,1,'B0lMjAN',0,NULL,1725180892,1725180892);
insert  into `file`(`id`,`uuid`,`object_id`,`object_type_id`,`name`,`path`,`sort`,`file_type`,`alias`,`is_archive`,`archived_at`,`created_at`,`updated_at`) values (77,NULL,6,4,'рз0.jpg','JIkVH_cvV8C6tHNvIGRq0vC_Pqp2PmYPYOH4dMNn8fwsm29-oRHTQaduaKhqBVMN_1725181131.jpg',1,1,'B0lQaAO',0,NULL,1725181131,1725181131);
insert  into `file`(`id`,`uuid`,`object_id`,`object_type_id`,`name`,`path`,`sort`,`file_type`,`alias`,`is_archive`,`archived_at`,`created_at`,`updated_at`) values (80,NULL,7,4,'r_Сливочный-цыпленок.png','uRDR1gy723-ex1nEsB2fwIYH8WwMwCMmjuG4hq18LS1p54-SVTPCnFOZsepinBKy_1727346483.png',1,1,'B9q9cAR',0,NULL,1727346483,1727346483);
insert  into `file`(`id`,`uuid`,`object_id`,`object_type_id`,`name`,`path`,`sort`,`file_type`,`alias`,`is_archive`,`archived_at`,`created_at`,`updated_at`) values (81,NULL,7,5,'Сливочный цыпленок 1.jpg','YNGWAVEzNGk402U7qXgV6FrBWMbgLcZ-KBpeliAH7oh6Uthqm9PFSO0RQFo0mDw__1727346483.jpg',1,1,'B9q9cAS',0,NULL,1727346483,1727346483);
insert  into `file`(`id`,`uuid`,`object_id`,`object_type_id`,`name`,`path`,`sort`,`file_type`,`alias`,`is_archive`,`archived_at`,`created_at`,`updated_at`) values (82,NULL,8,4,'r_Креветка-бекон.png','_FGZfLW1j4xEwqyb-8POzniPqkmyCqQX04wo6TKX7jRIMOA8lZ1Mx5WtyG6FegCx_1727346955.png',1,1,'B9qhOAT',0,NULL,1727346955,1727346955);
insert  into `file`(`id`,`uuid`,`object_id`,`object_type_id`,`name`,`path`,`sort`,`file_type`,`alias`,`is_archive`,`archived_at`,`created_at`,`updated_at`) values (83,NULL,8,5,'Креветка бекон 1.jpg','nZrJs_WFo7m12f3eJ9vz_45TMBKmeBP4qt7YdPXXzW-l9he1ZDSCNa96jToQjbYn_1727346955.jpg',1,1,'B9qhOAU',0,NULL,1727346955,1727346955);
insert  into `file`(`id`,`uuid`,`object_id`,`object_type_id`,`name`,`path`,`sort`,`file_type`,`alias`,`is_archive`,`archived_at`,`created_at`,`updated_at`) values (84,NULL,9,4,'r_ФИЛАДЕЛЬФИЯ-new.png','GM76i29Nq4mx7ddZ2Rkq6TYN6yp_VB-YsMF2BkDZE_GOXyj6CER5MdpDERuhvt6T_1727347076.png',1,1,'B9qjLAV',0,NULL,1727347076,1727347076);
insert  into `file`(`id`,`uuid`,`object_id`,`object_type_id`,`name`,`path`,`sort`,`file_type`,`alias`,`is_archive`,`archived_at`,`created_at`,`updated_at`) values (85,NULL,9,5,'Филадельфия 1.jpg','jQEVQwRCMKyRKpSFmleC9DV85y-3EpnakKdLKPnMp2C3W7OFcwyFB3DyvlGHIUKe_1727347076.jpg',1,1,'B9qjLAW',0,NULL,1727347076,1727347076);
insert  into `file`(`id`,`uuid`,`object_id`,`object_type_id`,`name`,`path`,`sort`,`file_type`,`alias`,`is_archive`,`archived_at`,`created_at`,`updated_at`) values (86,NULL,10,4,'r_цезарь.png','QSgdLQdICfxOeBPuqLhF66Ajvv7bWqCnYieAzdi9_61YiUAzyTh0sCjMe4EQ9Q6q_1727347169.png',1,1,'B9qkgAX',0,NULL,1727347169,1727347169);
insert  into `file`(`id`,`uuid`,`object_id`,`object_type_id`,`name`,`path`,`sort`,`file_type`,`alias`,`is_archive`,`archived_at`,`created_at`,`updated_at`) values (87,NULL,10,5,'ЦЕЗАРЬ 1.jpg','6Pr2_rbgTRQP8ix9F0iNSBiB3OdCpl7vY7dBQAxu0yuyBfntjLupfST4ComxUJmX_1727347169.jpg',1,1,'B9qkgAY',0,NULL,1727347169,1727347169);
insert  into `file`(`id`,`uuid`,`object_id`,`object_type_id`,`name`,`path`,`sort`,`file_type`,`alias`,`is_archive`,`archived_at`,`created_at`,`updated_at`) values (88,NULL,11,4,'r_ПЕППЕРОНИ.png','fWCtq1YFfjcrb2P2l3qZwI3DJtF59kwmK9kWiShrDQgZUvwkdf8RIxLyyURvyXem_1727771389.png',1,1,'BbdGwAZ',0,NULL,1727771389,1727771389);
insert  into `file`(`id`,`uuid`,`object_id`,`object_type_id`,`name`,`path`,`sort`,`file_type`,`alias`,`is_archive`,`archived_at`,`created_at`,`updated_at`) values (89,NULL,11,5,'ПЕППЕРОНИ 1.jpg','N5Pzu7ryVwkIxDExObZzG2UtDiKhVJptjiV851G6E2dsKp2LApzpadjcnUE4BmXY_1727771389.jpg',1,1,'BbdGwA0',0,NULL,1727771389,1727771389);
insert  into `file`(`id`,`uuid`,`object_id`,`object_type_id`,`name`,`path`,`sort`,`file_type`,`alias`,`is_archive`,`archived_at`,`created_at`,`updated_at`) values (90,NULL,12,4,'r_Двойная-пепперони.png','0ruc9UKC-1ut2ZSTCLrVbaZ8M7N99Xj976N9FWIwcMjqLf_XhR4QC8QLNX-LHQnu_1727771539.png',1,1,'BbdJWA1',0,NULL,1727771539,1727771539);
insert  into `file`(`id`,`uuid`,`object_id`,`object_type_id`,`name`,`path`,`sort`,`file_type`,`alias`,`is_archive`,`archived_at`,`created_at`,`updated_at`) values (91,NULL,12,5,'ДВОЙНАЯ ПЕППЕРОНИ 1.jpg','ppOOhnV9-JKai9sF2eRvgHzFiNpaFRmlNJ_MhYsfNWtWZXifxs48c02xhFCoTQ2N_1727771539.jpg',1,1,'BbdJWA2',0,NULL,1727771539,1727771539);
insert  into `file`(`id`,`uuid`,`object_id`,`object_type_id`,`name`,`path`,`sort`,`file_type`,`alias`,`is_archive`,`archived_at`,`created_at`,`updated_at`) values (92,NULL,13,4,'r_фирменная.png','Yaphq-7md0jYJ5rMFLIujfgsUKb2zIhONCF1oAVsHYQK8e2n7pV-rH02z2pjL-n0_1727771631.png',1,1,'BbdKqA3',0,NULL,1727771631,1727771631);
insert  into `file`(`id`,`uuid`,`object_id`,`object_type_id`,`name`,`path`,`sort`,`file_type`,`alias`,`is_archive`,`archived_at`,`created_at`,`updated_at`) values (93,NULL,13,5,'ФИРМЕННАЯ 1.jpg','SXIvEIj1YhXKsrNkdZQ0tCuPNt-djO4gmYLpptWOZ0v8uJXf4B9vyR3QfyvDk9Lk_1727771631.jpg',1,1,'BbdKqA4',0,NULL,1727771631,1727771631);
insert  into `file`(`id`,`uuid`,`object_id`,`object_type_id`,`name`,`path`,`sort`,`file_type`,`alias`,`is_archive`,`archived_at`,`created_at`,`updated_at`) values (94,NULL,14,4,'СЕНДВИЧ ЦЕЗАРЬ 2.jpg','sX2EP69crKrLHqBZSiDCqVmplquSldfrI8EJYKGt9hxw4pYUtbRwUxDxtUKoVPMq_1727771715.jpg',1,1,'BbdMMA5',0,NULL,1727771715,1727771715);
insert  into `file`(`id`,`uuid`,`object_id`,`object_type_id`,`name`,`path`,`sort`,`file_type`,`alias`,`is_archive`,`archived_at`,`created_at`,`updated_at`) values (95,NULL,15,4,'СЕНДВИЧ С РВАНОЙ СВИНИНОЙ BBQ.jpg','Nh3pOJHFqY5uJgSzdfd_DQ5dJ_uBqOOR9oMY0LxEEumnQYEOGQWAwkkXRmQu4EDh_1727771803.jpg',1,1,'BbdNcA6',0,NULL,1727771803,1727771803);
insert  into `file`(`id`,`uuid`,`object_id`,`object_type_id`,`name`,`path`,`sort`,`file_type`,`alias`,`is_archive`,`archived_at`,`created_at`,`updated_at`) values (97,NULL,16,4,'СЕНДВИЧ ВЕТЧИНА-СЫР.jpg','BqW-gP4-LHeP3No900U1y7358bhtAGZM1Wkn_zkqLu-HXqx3hapM5eQP6zq9PZOM_1727771863.jpg',1,1,'BbdOaA8',0,NULL,1727771863,1727771863);
insert  into `file`(`id`,`uuid`,`object_id`,`object_type_id`,`name`,`path`,`sort`,`file_type`,`alias`,`is_archive`,`archived_at`,`created_at`,`updated_at`) values (98,NULL,17,4,'СЕНДВИЧ С ИНДЕЙКОЙ BBQ.jpg','HFsjNmyw6rBuwJMDY_-e4nhSEaHI7twpDxopbxnlhwfHpBnop8Cad8qXLKAyZRFQ_1727771900.jpg',1,1,'BbdPLA9',0,NULL,1727771900,1727771900);
insert  into `file`(`id`,`uuid`,`object_id`,`object_type_id`,`name`,`path`,`sort`,`file_type`,`alias`,`is_archive`,`archived_at`,`created_at`,`updated_at`) values (99,NULL,18,4,'СЕНДВИЧ БАВАРСКИЙ.jpg','G_ILNSlZAZeyTHLfkEAJHmPltmjCKBF_F2VUrUGUVnavx5nrfhkCNPYC2bE3nrbQ_1727772232.jpg',1,1,'BbdU7Aa',0,NULL,1727772232,1727772232);
insert  into `file`(`id`,`uuid`,`object_id`,`object_type_id`,`name`,`path`,`sort`,`file_type`,`alias`,`is_archive`,`archived_at`,`created_at`,`updated_at`) values (100,NULL,4,4,'СЕНДВИЧ С РВАНОЙ СВИНИНОЙ BBQ.jpg','TJ8XBzSeGoRh9qy9jnbwRybjT4s3jQOr-vKpygTFN6vw38il2O2YlgEvaC4o_YWa_1727772287.jpg',2,1,'BbdV0Ab',0,NULL,1727772287,1727772287);
insert  into `file`(`id`,`uuid`,`object_id`,`object_type_id`,`name`,`path`,`sort`,`file_type`,`alias`,`is_archive`,`archived_at`,`created_at`,`updated_at`) values (101,NULL,19,4,'ПИТА С РВАНОЙ СВИНИНОЙ.jpg','JwUPytwmFbJIrGCN8roSHNnNux-J0Yp7B6OgRQbopzjPWy5BOaswML4zU43xh_JX_1727772521.jpg',1,1,'BbdZMAc',0,NULL,1727772521,1727772521);
insert  into `file`(`id`,`uuid`,`object_id`,`object_type_id`,`name`,`path`,`sort`,`file_type`,`alias`,`is_archive`,`archived_at`,`created_at`,`updated_at`) values (102,NULL,20,4,'ПИТА С КУРИЦЕЙ.jpg','FtlZ1XfItG905ZB_JHeGptRJWD5G2JQiRymp27uy_ThIUb0-OTzpPyPrUC0X-hOD_1727772785.jpg',1,1,'Bbd32Ad',0,NULL,1727772785,1727772785);
insert  into `file`(`id`,`uuid`,`object_id`,`object_type_id`,`name`,`path`,`sort`,`file_type`,`alias`,`is_archive`,`archived_at`,`created_at`,`updated_at`) values (103,NULL,21,4,'ПИТА С ИНДЕЙКОЙ.jpg','YIfs5tYvZwQ91mJdCwmfjl87WgZHb70tPh2R5ILXGHMLKPqoX1ie4d_4SVgZroSM_1727772821.jpg',1,1,'Bbd4CAe',0,NULL,1727772821,1727772821);
insert  into `file`(`id`,`uuid`,`object_id`,`object_type_id`,`name`,`path`,`sort`,`file_type`,`alias`,`is_archive`,`archived_at`,`created_at`,`updated_at`) values (104,NULL,22,4,'ЧЕСНОЧНЫЕ ГРЕНКИ.jpg','_deixnyZIU5sLpQISI3AuhSbYZ1TVqDQmeVjCrpEe-IS30HZojAnzqN6wfLT8PYd_1727773344.jpg',1,1,'Bbdc3Af',0,NULL,1727773344,1727773344);
insert  into `file`(`id`,`uuid`,`object_id`,`object_type_id`,`name`,`path`,`sort`,`file_type`,`alias`,`is_archive`,`archived_at`,`created_at`,`updated_at`) values (105,NULL,23,4,'СВИНЫЕ РЕБРА BBQ.jpg','OVY0fhJV1j5ve72QsAgx3Zjzb5B6p-xPpEqJXIlpc6njztyjw9QwxyOxwqrPNpkQ_1727773451.jpg',1,1,'BbdeMAg',0,NULL,1727773451,1727773451);
insert  into `file`(`id`,`uuid`,`object_id`,`object_type_id`,`name`,`path`,`sort`,`file_type`,`alias`,`is_archive`,`archived_at`,`created_at`,`updated_at`) values (106,NULL,24,4,'КРЫЛЬЯ BBQ.jpg','iK-_aOTPDqtTcloUXkOShQPWFQgEaARRNiSJflA4pj4IJKBKUPfljTyVs4pVIREG_1727773485.jpg',1,1,'BbdekAh',0,NULL,1727773485,1727773485);
insert  into `file`(`id`,`uuid`,`object_id`,`object_type_id`,`name`,`path`,`sort`,`file_type`,`alias`,`is_archive`,`archived_at`,`created_at`,`updated_at`) values (107,NULL,25,4,'КУРИНЫЕ НАГЕТСЫ.jpg','HDh7GtNU_ve8pyujwwURkFSRkEejzXrQzU19pid2b8yLR5Q6nGysFnOJSHrvdstg_1727773513.jpg',1,1,'BbdfMAi',0,NULL,1727773513,1727773513);
insert  into `file`(`id`,`uuid`,`object_id`,`object_type_id`,`name`,`path`,`sort`,`file_type`,`alias`,`is_archive`,`archived_at`,`created_at`,`updated_at`) values (108,NULL,26,4,'СЫРНЫЕ ПАЛОЧКИ.jpg','Au8mUbvuGDZ2Sl8i872ZpYiJsK3V-J-EatUMeFR9cFDcTz9ZnuIk0zfTiUu0HbEr_1727773542.jpg',1,1,'BbdffAj',0,NULL,1727773542,1727773542);
insert  into `file`(`id`,`uuid`,`object_id`,`object_type_id`,`name`,`path`,`sort`,`file_type`,`alias`,`is_archive`,`archived_at`,`created_at`,`updated_at`) values (109,NULL,27,4,'КАРТОФЕЛЬ ФРИ.jpg','MgR-a9oJp3S6mtdTHueSzDbiH3aVBw06UynsfxuodGDQ5F2XCjjMoF46UXSu49fg_1727773567.jpg',1,1,'BbdgEAk',0,NULL,1727773567,1727773567);
insert  into `file`(`id`,`uuid`,`object_id`,`object_type_id`,`name`,`path`,`sort`,`file_type`,`alias`,`is_archive`,`archived_at`,`created_at`,`updated_at`) values (110,NULL,28,4,'КАРТОФЕЛЬ ПО ДЕРЕВЕНСКИ.jpg','4DPaYZ2thMn1_yaf5PXOYNmiEul5AU1Yg6TZgfPLYNM6SENof8cd28QpuT4KSWQr_1727773593.jpg',1,1,'Bbdg4Al',0,NULL,1727773593,1727773593);
insert  into `file`(`id`,`uuid`,`object_id`,`object_type_id`,`name`,`path`,`sort`,`file_type`,`alias`,`is_archive`,`archived_at`,`created_at`,`updated_at`) values (111,NULL,29,4,'ХОТ ДОГ Датский.jpg','fZdg8QlebUu4uJ9ClKrm2YwXOXZu6nesVl9Ef0gJCbCTifM0E9MQggf-GjWgE-2M_1727773646.jpg',1,1,'BbdhVAm',0,NULL,1727773646,1727773646);
insert  into `file`(`id`,`uuid`,`object_id`,`object_type_id`,`name`,`path`,`sort`,`file_type`,`alias`,`is_archive`,`archived_at`,`created_at`,`updated_at`) values (112,NULL,30,4,'ХОТ ДОГ АМЕРИКАНСКИЙ.jpg','lNC0hJim3ij-38hZ94lN-n6E4gqNolPuRQKVAcFsQlUdpPRrSB9DE3s_grxCesa4_1727773674.jpg',1,1,'BbdhnAn',0,NULL,1727773674,1727773674);
insert  into `file`(`id`,`uuid`,`object_id`,`object_type_id`,`name`,`path`,`sort`,`file_type`,`alias`,`is_archive`,`archived_at`,`created_at`,`updated_at`) values (113,NULL,31,4,'ХОТ ДОГ MEXICO.jpg','SQ2Q058HeR6LYdv7SFRLUXKyYRFVjQaB3T3LQnbroB0iwO_QHalRQ7Bu0cUifgV1_1727773705.jpg',1,1,'BbdiSAo',0,NULL,1727773705,1727773705);
insert  into `file`(`id`,`uuid`,`object_id`,`object_type_id`,`name`,`path`,`sort`,`file_type`,`alias`,`is_archive`,`archived_at`,`created_at`,`updated_at`) values (114,NULL,32,4,'клюква.jpg','3WSmgORYe5SQr6o-EDuonnvgMMq-hReYCT1d4SLz23gUnoI1pYZYdsevThvNEmR8_1727773792.jpg',1,1,'BbdjhAp',0,NULL,1727773792,1727773792);
insert  into `file`(`id`,`uuid`,`object_id`,`object_type_id`,`name`,`path`,`sort`,`file_type`,`alias`,`is_archive`,`archived_at`,`created_at`,`updated_at`) values (115,NULL,33,4,'облепиха.jpg','XWzOcyM0j4ieupl0WhM9xK8frikmqSKnbHLCJe0vjhZJirRRSPBikEVNuaSHu90d_1727774302.jpg',1,1,'BbdrvAq',0,NULL,1727774302,1727774302);
insert  into `file`(`id`,`uuid`,`object_id`,`object_type_id`,`name`,`path`,`sort`,`file_type`,`alias`,`is_archive`,`archived_at`,`created_at`,`updated_at`) values (116,NULL,34,4,'черная смородина.jpg','vyl-lBx8no5DU7-cJi8hffBzJM_OaQcBs67KCpN1R_23YX2luBvl22L8Ee_RMQ6x_1727774323.jpg',1,1,'BbdsQAr',0,NULL,1727774323,1727774323);
insert  into `file`(`id`,`uuid`,`object_id`,`object_type_id`,`name`,`path`,`sort`,`file_type`,`alias`,`is_archive`,`archived_at`,`created_at`,`updated_at`) values (117,NULL,35,4,'вишня.jpg','7iT6EmSfL08F47qC_M1iZdLcN_DbtO4jZNW9dBlceV434N-ybvT0uUppTvumQN-2_1727774346.jpg',1,1,'BbdsdAs',0,NULL,1727774346,1727774346);
insert  into `file`(`id`,`uuid`,`object_id`,`object_type_id`,`name`,`path`,`sort`,`file_type`,`alias`,`is_archive`,`archived_at`,`created_at`,`updated_at`) values (118,NULL,36,4,'Шоколадный банан.jpg','Pffjah1ZqoJ9Na4t0WzcbC69ge4ON_eSb7EzNhRv4AHyiDxQTlbGTZm203ge5mAo_1727774386.jpg',1,1,'BbdtRAt',0,NULL,1727774386,1727774386);
insert  into `file`(`id`,`uuid`,`object_id`,`object_type_id`,`name`,`path`,`sort`,`file_type`,`alias`,`is_archive`,`archived_at`,`created_at`,`updated_at`) values (119,NULL,37,4,'Павлова.jpg','-ABOwiTQ8OdhuCJ1enlziycPkZ4l3KE4L-olp5tYVmMg8fflK_jEKDEVszNJtTNi_1727774410.jpg',1,1,'BbdtfAu',0,NULL,1727774410,1727774410);
insert  into `file`(`id`,`uuid`,`object_id`,`object_type_id`,`name`,`path`,`sort`,`file_type`,`alias`,`is_archive`,`archived_at`,`created_at`,`updated_at`) values (120,NULL,38,4,'Чиз кейк.jpg','AbSWnbxzZFG9xzrgZodACCjy8wMNUjU41Yp51F7EP1VNP1Gu5As-nrs12WdP4gL5_1727774437.jpg',1,1,'BbduGAv',0,NULL,1727774437,1727774437);
insert  into `file`(`id`,`uuid`,`object_id`,`object_type_id`,`name`,`path`,`sort`,`file_type`,`alias`,`is_archive`,`archived_at`,`created_at`,`updated_at`) values (121,NULL,39,4,'Фруктовый банан.jpg','iT4cU4YopTH_1lpvRYSBXVQ2l_9_6e0_-hYiws-3Ed67GMkv2q9IO6MezLpoOQbY_1727774466.jpg',1,1,'Bbdu9Aw',0,NULL,1727774466,1727774466);
insert  into `file`(`id`,`uuid`,`object_id`,`object_type_id`,`name`,`path`,`sort`,`file_type`,`alias`,`is_archive`,`archived_at`,`created_at`,`updated_at`) values (122,NULL,40,4,'Креветки васаби.jpg','B_dlfCODYTTHnxmlev9eY3EfgB3fFAjm5M4EmZj6xB2qkVn__rCwMrsnY1TTpGyz_1727774522.jpg',1,1,'Bbdv4Ax',0,NULL,1727774522,1727774523);
insert  into `file`(`id`,`uuid`,`object_id`,`object_type_id`,`name`,`path`,`sort`,`file_type`,`alias`,`is_archive`,`archived_at`,`created_at`,`updated_at`) values (123,NULL,41,4,'Мисо суп.jpg','uY-HMymqnEu1rUX6K_O_mNA71puyZSHvLzlo_LoW_rjnp1gpVTv34mGo98GrylMA_1727774557.jpg',1,1,'BbdwCAy',0,NULL,1727774557,1727774557);
insert  into `file`(`id`,`uuid`,`object_id`,`object_type_id`,`name`,`path`,`sort`,`file_type`,`alias`,`is_archive`,`archived_at`,`created_at`,`updated_at`) values (124,NULL,42,4,'Эби чикен ям.jpg','MuMNqJQZuc3sYVib6wwzbckAX6yiSoOlrQrGG-5gWwayHnJDpJskI0vrOGvdkMST_1727774585.jpg',1,1,'Bbdw4Az',0,NULL,1727774585,1727774585);
insert  into `file`(`id`,`uuid`,`object_id`,`object_type_id`,`name`,`path`,`sort`,`file_type`,`alias`,`is_archive`,`archived_at`,`created_at`,`updated_at`) values (125,NULL,43,4,'Сливочный с лососем.jpg','0UYm_5yRqjPrwBRz1Z_jlgkg5bGSnMW7E0bYILxxehMhSnWLy8EpCbcVyjYIcqF9_1727774612.jpg',1,1,'BbdwvBA',0,NULL,1727774612,1727774612);
insert  into `file`(`id`,`uuid`,`object_id`,`object_type_id`,`name`,`path`,`sort`,`file_type`,`alias`,`is_archive`,`archived_at`,`created_at`,`updated_at`) values (126,NULL,44,4,'Рамен с курицей.jpg','8crNwBSuI5hMPcFidguNgPrerd6_qgUEUhR_4h-UXyMk5IE4moka4Tiy60-HxYTu_1727774639.jpg',1,1,'BbdxWBB',0,NULL,1727774639,1727774639);
insert  into `file`(`id`,`uuid`,`object_id`,`object_type_id`,`name`,`path`,`sort`,`file_type`,`alias`,`is_archive`,`archived_at`,`created_at`,`updated_at`) values (127,NULL,45,4,'Поке с Креветками.jpg','Axixcz89ApMDXks0fgwnTNTEKMu0DpQBi6OKBgTgLsokLAqO8bk1My0heaiezp2C_1727774699.jpg',1,1,'BbdyUBC',0,NULL,1727774699,1727774699);
insert  into `file`(`id`,`uuid`,`object_id`,`object_type_id`,`name`,`path`,`sort`,`file_type`,`alias`,`is_archive`,`archived_at`,`created_at`,`updated_at`) values (128,NULL,46,4,'Поке с угрем.jpg','SJe8I_BabdF3GKblpnDOg7yyNOT3edbntkkylJbKmA3rYeAV2BI96iSkc0JavV6R_1727774725.jpg',1,1,'BbdykBD',0,NULL,1727774725,1727774725);
insert  into `file`(`id`,`uuid`,`object_id`,`object_type_id`,`name`,`path`,`sort`,`file_type`,`alias`,`is_archive`,`archived_at`,`created_at`,`updated_at`) values (129,NULL,47,4,'Поке с Лососем.jpg','FxUc8YdUGaIJxwj6sh4_x-70cT-x34sK8CFmETZxoAwrSG2kXHiFNCZXiczN4Avc_1727774753.jpg',1,1,'BbdzMBE',0,NULL,1727774753,1727774753);
insert  into `file`(`id`,`uuid`,`object_id`,`object_type_id`,`name`,`path`,`sort`,`file_type`,`alias`,`is_archive`,`archived_at`,`created_at`,`updated_at`) values (130,NULL,48,4,'Салат Цезарь с креветками 2.jpg','LOb8xdOxhX6qYTwGXfdQB7pw4T-TF3-3S_Xme0NbKvmV4XiVeY6lTI31Nh63M0CI_1727774806.jpg',1,1,'BbeADBF',0,NULL,1727774806,1727774806);
insert  into `file`(`id`,`uuid`,`object_id`,`object_type_id`,`name`,`path`,`sort`,`file_type`,`alias`,`is_archive`,`archived_at`,`created_at`,`updated_at`) values (131,NULL,49,4,'Салат Цезарь с курицей.jpg','s7s7W3Rj3w8mRCj9Ypi64s6PQDzgQXnKaFdfjsZap1Dd8RvRzSW3QXigJJMjMzSy_1727774829.jpg',1,1,'BbeA0BG',0,NULL,1727774829,1727774829);
insert  into `file`(`id`,`uuid`,`object_id`,`object_type_id`,`name`,`path`,`sort`,`file_type`,`alias`,`is_archive`,`archived_at`,`created_at`,`updated_at`) values (132,NULL,50,4,'Салат чука.jpg','XFZ1T8o3wHs3-Kqx1LkNbj2hB2xkA6ZIoEIb3JtWhBm-TrJtSH2Ux9TxeBWEBBjp_1727774856.jpg',1,1,'BbeArBH',0,NULL,1727774856,1727774856);
insert  into `file`(`id`,`uuid`,`object_id`,`object_type_id`,`name`,`path`,`sort`,`file_type`,`alias`,`is_archive`,`archived_at`,`created_at`,`updated_at`) values (133,NULL,51,4,'Гункан копченый лосось.jpg','0MhqqyEl9AHoIiDu4jYB_-0NnodpqeDfEL0SZJlPW6ffXTKaNNbuRty2nfkb7Fw8_1728031340.jpg',1,1,'BcijhBI',0,NULL,1728031340,1728031340);
insert  into `file`(`id`,`uuid`,`object_id`,`object_type_id`,`name`,`path`,`sort`,`file_type`,`alias`,`is_archive`,`archived_at`,`created_at`,`updated_at`) values (134,NULL,52,4,'Гункан Масаго.jpg','FW61hn6M7hDyGA-S8xX8pXKs0xhpg7CKJMBZ9oxmsct3bHv2XKVoPhvj4hutfskF_1728031370.jpg',1,1,'BcikLBJ',0,NULL,1728031370,1728031370);
insert  into `file`(`id`,`uuid`,`object_id`,`object_type_id`,`name`,`path`,`sort`,`file_type`,`alias`,`is_archive`,`archived_at`,`created_at`,`updated_at`) values (135,NULL,53,4,'Гункан лосось.jpg','ew5RAqDgU6grkH1TN7lXQRHJIfSBfx8K95osJKlhpDXM_InnFJw3JV3lUF3ax2lC_1728031402.jpg',1,1,'BcikhBK',0,NULL,1728031402,1728031402);
insert  into `file`(`id`,`uuid`,`object_id`,`object_type_id`,`name`,`path`,`sort`,`file_type`,`alias`,`is_archive`,`archived_at`,`created_at`,`updated_at`) values (136,NULL,54,4,'Гункан креветка.jpg','SfJuS2Ewu2LLj3sZWR_H-HMwe8RqgxVkTaHhWQaznSrOT_a57CkC_HCmpFmKbRts_1728031429.jpg',1,1,'BcilIBL',0,NULL,1728031429,1728031429);
insert  into `file`(`id`,`uuid`,`object_id`,`object_type_id`,`name`,`path`,`sort`,`file_type`,`alias`,`is_archive`,`archived_at`,`created_at`,`updated_at`) values (137,NULL,55,4,'Гункан снежжный краб.jpg','v5wi8i7Vd42BkmcZFt-HsGM6LxHItFmyQgFqm62xNZA5nj6m3gVVoHB7JLpNq04a_1728031480.jpg',1,1,'BcilxBM',0,NULL,1728031480,1728031480);
insert  into `file`(`id`,`uuid`,`object_id`,`object_type_id`,`name`,`path`,`sort`,`file_type`,`alias`,`is_archive`,`archived_at`,`created_at`,`updated_at`) values (138,NULL,56,4,'Гункан с тунцом.jpg','LL7ZpE80dR23YwS7NIdzA9CgmGNhbuw1irEWXaSycMFtuJUQSE2ScSSTjrr_r5sC_1728031509.jpg',1,1,'Bcim0BN',0,NULL,1728031509,1728031509);
insert  into `file`(`id`,`uuid`,`object_id`,`object_type_id`,`name`,`path`,`sort`,`file_type`,`alias`,`is_archive`,`archived_at`,`created_at`,`updated_at`) values (139,NULL,57,4,'Гункан угорь.jpg','oDYvoyZMPb2nA3pV2ZTYNFerzfV4cI9Hig1wXCdqNYMyMKFvqDUvbOWnNtxOY8zj_1728031534.jpg',1,1,'BcimpBO',0,NULL,1728031534,1728031534);
insert  into `file`(`id`,`uuid`,`object_id`,`object_type_id`,`name`,`path`,`sort`,`file_type`,`alias`,`is_archive`,`archived_at`,`created_at`,`updated_at`) values (140,NULL,58,4,'Гункан чука.jpg','pQegM8XC1FbZetVeUsv5fdDVMIun1JWbaDGMcgYEdLPoskD5THhWMgm4L7yp0en0_1728031562.jpg',1,1,'BcinRBP',0,NULL,1728031562,1728031562);
insert  into `file`(`id`,`uuid`,`object_id`,`object_type_id`,`name`,`path`,`sort`,`file_type`,`alias`,`is_archive`,`archived_at`,`created_at`,`updated_at`) values (141,NULL,59,4,'гункан Сет 2.jpg','i9fOBm4CbUnMzBX3A6OuUBqLEwuez0OSAJBKYxV_A3ZDAXN0cpdbS9ry9vJhQgPn_1728031592.jpg',1,1,'BcinlBQ',0,NULL,1728031592,1728031592);
insert  into `file`(`id`,`uuid`,`object_id`,`object_type_id`,`name`,`path`,`sort`,`file_type`,`alias`,`is_archive`,`archived_at`,`created_at`,`updated_at`) values (142,NULL,23,3,'Гунканы спайси.png','bu1jdQTgxc5ZgiPDHsMNIb4H-ilIhP1JppopH1qU-n-ocO6L1rPHmcrW1jzSmxvs_1728031759.png',1,1,'Bciq2BR',0,NULL,1728031759,1728031759);
insert  into `file`(`id`,`uuid`,`object_id`,`object_type_id`,`name`,`path`,`sort`,`file_type`,`alias`,`is_archive`,`archived_at`,`created_at`,`updated_at`) values (143,NULL,24,3,'Гунканы запеченные.png','f1A6fqv-G7-y32nxSZWfvr20vfvckHlVhhKyWAEvknZtIWlHBY_6ughD0jHm_6yW_1728031777.png',1,1,'BciqkBS',0,NULL,1728031777,1728031777);
insert  into `file`(`id`,`uuid`,`object_id`,`object_type_id`,`name`,`path`,`sort`,`file_type`,`alias`,`is_archive`,`archived_at`,`created_at`,`updated_at`) values (144,NULL,25,3,'Поке.png','L49qUb4WiNXzqjSV0HO6ZAq9CNP3ttbgbWoArMlyKOW3a07w6kyQQHzwdgD3QNre_1728031822.png',1,1,'Bcir3BT',0,NULL,1728031822,1728031822);
insert  into `file`(`id`,`uuid`,`object_id`,`object_type_id`,`name`,`path`,`sort`,`file_type`,`alias`,`is_archive`,`archived_at`,`created_at`,`updated_at`) values (145,NULL,11,3,'Салаты.png','SoSyIpdts7CEA3Cv8aLHh5LcupFB7NRFxqQYieUYy-j-vCUq5IxFI1dYOgalB-1P_1728031908.png',1,1,'BcisrBU',0,NULL,1728031908,1728031908);
insert  into `file`(`id`,`uuid`,`object_id`,`object_type_id`,`name`,`path`,`sort`,`file_type`,`alias`,`is_archive`,`archived_at`,`created_at`,`updated_at`) values (146,NULL,60,4,'Гункан спайси копченый лосось.jpg','8aUDQAcVmaZSsVSn7NrZQksA2vjw_oRnYT18-6veQfYG1frPKld8P2TyqvbNYaEJ_1728032448.jpg',1,1,'BcjB9BV',0,NULL,1728032448,1728032448);
insert  into `file`(`id`,`uuid`,`object_id`,`object_type_id`,`name`,`path`,`sort`,`file_type`,`alias`,`is_archive`,`archived_at`,`created_at`,`updated_at`) values (147,NULL,61,4,'Гункан спайси лосось.jpg','4z3KLWBA5ZVSDX5spdErK_AJWPXSVbuSKoKc5-ry_5YalW9sGxHOVxC95LZ5YvSg_1728032868.jpg',1,1,'BcjIVBW',0,NULL,1728032868,1728032868);
insert  into `file`(`id`,`uuid`,`object_id`,`object_type_id`,`name`,`path`,`sort`,`file_type`,`alias`,`is_archive`,`archived_at`,`created_at`,`updated_at`) values (148,NULL,62,4,'Гункан спайси Креветка.jpg','h-NG6BPL1sdTI5SEmVztIG6Tuc-ZQE-2WbsW6biiv1xeWybyewjYXf6e61rRxh9V_1728032994.jpg',1,1,'BcjKXBX',0,NULL,1728032994,1728032994);
insert  into `file`(`id`,`uuid`,`object_id`,`object_type_id`,`name`,`path`,`sort`,`file_type`,`alias`,`is_archive`,`archived_at`,`created_at`,`updated_at`) values (149,NULL,63,4,'Гункан спайси снежный краб.jpg','xeLh_qyeIrhhRooZYlIBwWBbarhO9nEadD1cf2zUVJPmUUDWKLmMyfcOGejHBTAO_1728033027.jpg',1,1,'BcjKuBY',0,NULL,1728033027,1728033027);
insert  into `file`(`id`,`uuid`,`object_id`,`object_type_id`,`name`,`path`,`sort`,`file_type`,`alias`,`is_archive`,`archived_at`,`created_at`,`updated_at`) values (150,NULL,64,4,'Гункан спайси тунец.jpg','U-4J1uCRJsbM0RDK-flmI6CZ4Udj5UrhRNjZxayjoLuJycNWwW5gH9GCJT7ucbJc_1728033051.jpg',1,1,'BcjLSBZ',0,NULL,1728033051,1728033051);
insert  into `file`(`id`,`uuid`,`object_id`,`object_type_id`,`name`,`path`,`sort`,`file_type`,`alias`,`is_archive`,`archived_at`,`created_at`,`updated_at`) values (151,NULL,65,4,'Гункан спайси угорь.jpg','gm2YD-O8A_yzby2OkiySzWDJE96PUr9InQ2gltRco4-34V0ereDHogIbXw_gp50k_1728033074.jpg',1,1,'BcjLfB0',0,NULL,1728033074,1728033074);
insert  into `file`(`id`,`uuid`,`object_id`,`object_type_id`,`name`,`path`,`sort`,`file_type`,`alias`,`is_archive`,`archived_at`,`created_at`,`updated_at`) values (152,NULL,66,4,'гункат Сет Спайси.jpg','500h75i_HruS8w8_sYUTCG9F7KX-sjIbL465_dI6O2HBiVmxGPHXf_d9LxxcHNFl_1728033104.jpg',1,1,'BcjMJB1',0,NULL,1728033104,1728033104);
insert  into `file`(`id`,`uuid`,`object_id`,`object_type_id`,`name`,`path`,`sort`,`file_type`,`alias`,`is_archive`,`archived_at`,`created_at`,`updated_at`) values (153,NULL,67,4,'Запеченый гункан с Лососем.jpg','4fRTcgXmboRHHDlB1cYhnrFiIP0oXdDQ32MEL3h38XCoCd8Agzu1B7hZLNN-ylWX_1728033140.jpg',1,1,'BcjMjB2',0,NULL,1728033140,1728033140);
insert  into `file`(`id`,`uuid`,`object_id`,`object_type_id`,`name`,`path`,`sort`,`file_type`,`alias`,`is_archive`,`archived_at`,`created_at`,`updated_at`) values (154,NULL,68,4,'Запеченый гункан с Угрем.jpg','21Vrnp_0mp2JsbV_8M8oCppod4Vc_WFAKnwqibJ7UkyXjIR-jy-3wOxiW7O2F6KE_1728033170.jpg',1,1,'BcjNNB3',0,NULL,1728033170,1728033170);
insert  into `file`(`id`,`uuid`,`object_id`,`object_type_id`,`name`,`path`,`sort`,`file_type`,`alias`,`is_archive`,`archived_at`,`created_at`,`updated_at`) values (155,NULL,69,4,'гункан запеченый Снежный краб.jpg','EuWd4NW2t2kgSFYIB9dtJJYe_xymWGaaUHa0LhJ34B5hylKuDBDaX6u3Wt0_tzIy_1728033212.jpg',1,1,'BcjNtB4',0,NULL,1728033212,1728033212);
insert  into `file`(`id`,`uuid`,`object_id`,`object_type_id`,`name`,`path`,`sort`,`file_type`,`alias`,`is_archive`,`archived_at`,`created_at`,`updated_at`) values (156,NULL,70,4,'Запеченый гункан с креветкой.jpg','k7K-brSYGMbQbzUzjTIu-WpOrxVEMfFhcXDeT7iIapdk2R7b06iECaJlwakYgbs2_1728033237.jpg',1,1,'BcjOSB5',0,NULL,1728033237,1728033237);
insert  into `file`(`id`,`uuid`,`object_id`,`object_type_id`,`name`,`path`,`sort`,`file_type`,`alias`,`is_archive`,`archived_at`,`created_at`,`updated_at`) values (157,NULL,71,4,'гункан запеченый сет 2.jpg','3eOTj5gex55EUzvNIw72qFRYTCoqc2JSN5LE4J2xHGmE0ALyU8FnPSnofo7-8R9l_1728033272.jpg',1,1,'BcjOrB6',0,NULL,1728033272,1728033272);
insert  into `file`(`id`,`uuid`,`object_id`,`object_type_id`,`name`,`path`,`sort`,`file_type`,`alias`,`is_archive`,`archived_at`,`created_at`,`updated_at`) values (158,NULL,72,4,'Суши лосось 2.jpg','0NzcUmAGok45UsVhtOSBqs_rV3NeA_zPdLSCWCty60CEB_zA2zbcq6icD3s-TIko_1728033391.jpg',1,1,'BcjQmB7',0,NULL,1728033391,1728033391);
insert  into `file`(`id`,`uuid`,`object_id`,`object_type_id`,`name`,`path`,`sort`,`file_type`,`alias`,`is_archive`,`archived_at`,`created_at`,`updated_at`) values (159,NULL,73,4,'Суши копченый лосось 2.jpg','7ZiqLlmWI1RMvS81SpZ0jQTSLAhuQP5YqsbuzT5HMfEVRyrTlKNXFTbm_M_vXoWz_1728033416.jpg',1,1,'BcjRLB8',0,NULL,1728033416,1728033416);
insert  into `file`(`id`,`uuid`,`object_id`,`object_type_id`,`name`,`path`,`sort`,`file_type`,`alias`,`is_archive`,`archived_at`,`created_at`,`updated_at`) values (160,NULL,74,4,'Суши угорь 2.jpg','UQ7PLL7-B9hvoBY08hYkXWJWmS4wCW4D-R1JHsT-xsNV9IWQ2Se3ZALsvRbeLiFW_1728033441.jpg',1,1,'BcjRaB9',0,NULL,1728033441,1728033441);
insert  into `file`(`id`,`uuid`,`object_id`,`object_type_id`,`name`,`path`,`sort`,`file_type`,`alias`,`is_archive`,`archived_at`,`created_at`,`updated_at`) values (161,NULL,75,4,'суши тунец 2.jpg','ELbvNSV1HcnN9gknbVeNhqmA8exMj6AN40GMy_chLGyilrJhkZ3bQ8HMjfI9U82z_1728033463.jpg',1,1,'BcjRwBa',0,NULL,1728033463,1728033463);
insert  into `file`(`id`,`uuid`,`object_id`,`object_type_id`,`name`,`path`,`sort`,`file_type`,`alias`,`is_archive`,`archived_at`,`created_at`,`updated_at`) values (162,NULL,76,4,'суши креветка 2.jpg','V14IGHXG1GfFuKyQpdPF8KkLZdGj2iEaiaJ0B7pkgbldMIP2_G0IquY52dd73NxZ_1728033486.jpg',1,1,'BcjSTBb',0,NULL,1728033486,1728033486);
insert  into `file`(`id`,`uuid`,`object_id`,`object_type_id`,`name`,`path`,`sort`,`file_type`,`alias`,`is_archive`,`archived_at`,`created_at`,`updated_at`) values (163,NULL,77,4,'Суши сет 2.jpg','gaMN_E3JGotJgXbcdLIgs3W4LiPut3Fic0ampwoGgFVEi-cq7CmpAcdelWOJnHUP_1728033517.jpg',1,1,'BcjSoBc',0,NULL,1728033517,1728033517);
insert  into `file`(`id`,`uuid`,`object_id`,`object_type_id`,`name`,`path`,`sort`,`file_type`,`alias`,`is_archive`,`archived_at`,`created_at`,`updated_at`) values (164,NULL,78,4,'Мега Сет.jpg','3yyG4ILqdutBu706Y3lO_YyI0sJEzyGeY9tngkYyPjchasdTmKUvzwgyDgCcHOAs_1728033559.jpg',1,1,'BcjT4Bd',0,NULL,1728033559,1728033559);
insert  into `file`(`id`,`uuid`,`object_id`,`object_type_id`,`name`,`path`,`sort`,`file_type`,`alias`,`is_archive`,`archived_at`,`created_at`,`updated_at`) values (165,NULL,79,4,'Филомания СЕТ.jpg','CPTatIr-AYzt421k3fd2vLJBttWGZKshoFq-aUru4hJLCYD_GxdfsNG3IPJyq-ct_1728033587.jpg',1,1,'BcjTwBe',0,NULL,1728033587,1728033587);
insert  into `file`(`id`,`uuid`,`object_id`,`object_type_id`,`name`,`path`,`sort`,`file_type`,`alias`,`is_archive`,`archived_at`,`created_at`,`updated_at`) values (166,NULL,80,4,'Хит СЕТ.jpg','aD2fGHiM0YWOxWjeKUwbl6jG4cEXx8VSoKey9GyqllXv77cdJuyumQ2kbbYGh8ZA_1728033653.jpg',1,1,'BcjVABf',0,NULL,1728033653,1728033653);
insert  into `file`(`id`,`uuid`,`object_id`,`object_type_id`,`name`,`path`,`sort`,`file_type`,`alias`,`is_archive`,`archived_at`,`created_at`,`updated_at`) values (167,NULL,81,4,'Калифорния сет.jpg','q5D6P6u-3LryIj7oDUckgdRFzJk8yuUaNl2vsVofB3ibSPtXgIRP16jWylXeHDgS_1728033873.jpg',1,1,'BcjY8Bg',0,NULL,1728033873,1728033873);
insert  into `file`(`id`,`uuid`,`object_id`,`object_type_id`,`name`,`path`,`sort`,`file_type`,`alias`,`is_archive`,`archived_at`,`created_at`,`updated_at`) values (168,NULL,82,4,'Темпура Сет.jpg','MJxgyotAx1FhmxsMSNurvJj8Malh5INqgL4MO68nc8M7iNLbnBMKkUjv6cNB3mws_1728033896.jpg',1,1,'BcjYvBh',0,NULL,1728033896,1728033896);
insert  into `file`(`id`,`uuid`,`object_id`,`object_type_id`,`name`,`path`,`sort`,`file_type`,`alias`,`is_archive`,`archived_at`,`created_at`,`updated_at`) values (169,NULL,83,4,'Острый СЕТ.jpg','bB9uoHsBc1pG5Fj0oaQIlgkNhG1eM36lHQTKbI2zOAN6LCy4XT0hZ4atSRBo5gIq_1728033928.jpg',1,1,'BcjZ1Bi',0,NULL,1728033928,1728033928);
insert  into `file`(`id`,`uuid`,`object_id`,`object_type_id`,`name`,`path`,`sort`,`file_type`,`alias`,`is_archive`,`archived_at`,`created_at`,`updated_at`) values (170,NULL,84,4,'Запеченый сет 1.jpg','0e15bJpSEC6IJBK6c3P6jaWMqJwhZ5Xb7fLnggWV7BpJLLqrNTdOMiYSG5QWGwgz_1728033972.jpg',1,1,'Bcj0JBj',0,NULL,1728033972,1728033972);
insert  into `file`(`id`,`uuid`,`object_id`,`object_type_id`,`name`,`path`,`sort`,`file_type`,`alias`,`is_archive`,`archived_at`,`created_at`,`updated_at`) values (171,NULL,85,4,'Запеченый сет 2.jpg','oJMEVtWDBEn3FQ7JAuzIlHInUgQhOehawRkTZuY-_9sDzQqZZfGjp5VlO8bpRZWw_1728033997.jpg',1,1,'Bcj08Bk',0,NULL,1728033997,1728033997);
insert  into `file`(`id`,`uuid`,`object_id`,`object_type_id`,`name`,`path`,`sort`,`file_type`,`alias`,`is_archive`,`archived_at`,`created_at`,`updated_at`) values (172,NULL,86,4,'Сет 1.jpg','QkfGO9rHW-NQn2igXf_vOid5GFL6bwZ8aDmnc_hEn7YmH3n5jc1MuujXULD2_nJf_1728034020.jpg',1,1,'Bcj0vBl',0,NULL,1728034020,1728034020);
insert  into `file`(`id`,`uuid`,`object_id`,`object_type_id`,`name`,`path`,`sort`,`file_type`,`alias`,`is_archive`,`archived_at`,`created_at`,`updated_at`) values (173,NULL,87,4,'Сет 2.jpg','MWc4Hit69Ac1lLFZE0aJPB-gnMt1WiLKhChjxxyOsyGdte0DCosalAHC1no6V_Ab_1728034049.jpg',1,1,'Bcj1YBm',0,NULL,1728034049,1728034049);
insert  into `file`(`id`,`uuid`,`object_id`,`object_type_id`,`name`,`path`,`sort`,`file_type`,`alias`,`is_archive`,`archived_at`,`created_at`,`updated_at`) values (174,NULL,88,4,'Сет 3.jpg','TvlrOY_puG8pzRSCFaFJ3aMS04ihDwERrnjWpi0MbBYfau6dJwm4V-le4ucm-GR8_1728034077.jpg',1,1,'Bcj1qBn',0,NULL,1728034077,1728034077);
insert  into `file`(`id`,`uuid`,`object_id`,`object_type_id`,`name`,`path`,`sort`,`file_type`,`alias`,`is_archive`,`archived_at`,`created_at`,`updated_at`) values (175,NULL,89,4,'Сет 4.jpg','76v4xjq_WeB5GKmaxqYIvH4BBIiq-o5ALHassL4KZPM_n9HLTvy6O4csWo2D3Lbu_1728034105.jpg',1,1,'Bcj2SBo',0,NULL,1728034105,1728034105);
insert  into `file`(`id`,`uuid`,`object_id`,`object_type_id`,`name`,`path`,`sort`,`file_type`,`alias`,`is_archive`,`archived_at`,`created_at`,`updated_at`) values (176,NULL,90,4,'Сет 5.jpg','I3L80P6T-M3HK0PSHO418T5HYBFVI6yWF0U3DR8PxpkllaoYfYOy63dQrTHPc7-f_1728034138.jpg',1,1,'Bcj2pBp',0,NULL,1728034138,1728034138);
insert  into `file`(`id`,`uuid`,`object_id`,`object_type_id`,`name`,`path`,`sort`,`file_type`,`alias`,`is_archive`,`archived_at`,`created_at`,`updated_at`) values (177,NULL,91,4,'Сет 6.jpg','v4hejDLQBcGVsVAVmIP3bqrq7lk6f8IBRF2m0fIKNR4oak141zuWArpSBBXIrIFg_1728034166.jpg',1,1,'Bcj3RBq',0,NULL,1728034166,1728034166);
insert  into `file`(`id`,`uuid`,`object_id`,`object_type_id`,`name`,`path`,`sort`,`file_type`,`alias`,`is_archive`,`archived_at`,`created_at`,`updated_at`) values (178,NULL,92,4,'гункан Сет 2.jpg','EJXIMAONvuo-6rQ0_TTcy-qqD4fP__x4CD0S71k4kqKUBpswhBqv4sn3ZoD-irxd_1728034204.jpg',1,1,'Bcj3tBr',0,NULL,1728034204,1728034204);
insert  into `file`(`id`,`uuid`,`object_id`,`object_type_id`,`name`,`path`,`sort`,`file_type`,`alias`,`is_archive`,`archived_at`,`created_at`,`updated_at`) values (179,NULL,93,4,'гункан запеченый сет 2.jpg','CskQJ0cRDVVg42RRD9tuUMtKnFV9t0WrMDH_ln4hBT4Exk8oGZhMlwA6GelFfR8o_1728034236.jpg',1,1,'Bcj4ZBs',0,NULL,1728034236,1728034236);
insert  into `file`(`id`,`uuid`,`object_id`,`object_type_id`,`name`,`path`,`sort`,`file_type`,`alias`,`is_archive`,`archived_at`,`created_at`,`updated_at`) values (180,NULL,94,4,'гункат Сет Спайси.jpg','hv8m9gZBYvtI756-rNeAm70EyghQNwYu7dih8DBEZIBZ39pgFQ6uv8zWVohRdx4A_1728034269.jpg',1,1,'Bcj4wBt',0,NULL,1728034269,1728034269);
insert  into `file`(`id`,`uuid`,`object_id`,`object_type_id`,`name`,`path`,`sort`,`file_type`,`alias`,`is_archive`,`archived_at`,`created_at`,`updated_at`) values (181,NULL,95,4,'Суши сет 2.jpg','fGolhRbGzTQMHed0K_mq-4VLxBuh1BmJdqDZ2W64AnLpkBBG3uRUPyK-9C7o3TrG_1728034313.jpg',1,1,'Bcj5eBu',0,NULL,1728034313,1728034313);
insert  into `file`(`id`,`uuid`,`object_id`,`object_type_id`,`name`,`path`,`sort`,`file_type`,`alias`,`is_archive`,`archived_at`,`created_at`,`updated_at`) values (182,NULL,96,4,'Лапша по-тайски.jpg','E5UGjB_O8_reBGb7zUNLRRlIKLBE4giCwWYzFnBk3Q1LdVEeSDAZqVK6JrEOv0Pb_1728034396.jpg',1,1,'Bcj6zBv',0,NULL,1728034396,1728034396);
insert  into `file`(`id`,`uuid`,`object_id`,`object_type_id`,`name`,`path`,`sort`,`file_type`,`alias`,`is_archive`,`archived_at`,`created_at`,`updated_at`) values (183,NULL,97,4,'Лапша по-тайски.jpg','rFhtuTvjJi0TgrzTjyS8P4vj9fYsGlgyrVC-fL-1SMZMgfe_WP22SFHMS7ohrLrL_1728034419.jpg',1,1,'Bcj7WBw',0,NULL,1728034419,1728034419);
insert  into `file`(`id`,`uuid`,`object_id`,`object_type_id`,`name`,`path`,`sort`,`file_type`,`alias`,`is_archive`,`archived_at`,`created_at`,`updated_at`) values (184,NULL,98,4,'Рис с лососем и Креветкой.jpg','WzyxDCUbSrbeNF6fR2aCHg_AAURok3Ssa3tZtg8gSkHWHfuSkA45-IxbTchIyJbg_1728034456.jpg',1,1,'Bcj7xBx',0,NULL,1728034456,1728034456);
insert  into `file`(`id`,`uuid`,`object_id`,`object_type_id`,`name`,`path`,`sort`,`file_type`,`alias`,`is_archive`,`archived_at`,`created_at`,`updated_at`) values (185,NULL,99,4,'Лапша том-ям.jpg','7-RTFxlIq1vQZ1WYsMlKCVbekGUiK6Ix26Wlg5PYQGiaPBcvRrCDpg-pyQav4tYm_1728034518.jpg',1,1,'Bcj8xBy',0,NULL,1728034518,1728034518);
insert  into `file`(`id`,`uuid`,`object_id`,`object_type_id`,`name`,`path`,`sort`,`file_type`,`alias`,`is_archive`,`archived_at`,`created_at`,`updated_at`) values (186,NULL,100,4,'Яичная Лапша с овощами.jpg','t1KzRSmvCwNLW9RFee2XYApl4vYFYs3C2YSc2FJTEqB90hyW2MWb6-RVUcYvZNI1_1728034558.jpg',1,1,'Bcj9bBz',0,NULL,1728034558,1728034558);
insert  into `file`(`id`,`uuid`,`object_id`,`object_type_id`,`name`,`path`,`sort`,`file_type`,`alias`,`is_archive`,`archived_at`,`created_at`,`updated_at`) values (187,NULL,101,4,'Рис с овощами.jpg','HLfmbqJgQNGV4XdxRIzLAcDzD2H8r3PZQplxZolggI7WrjbhiH-eb4irB4fCz4qs_1728034588.jpg',1,1,'BcjaFCA',0,NULL,1728034588,1728034588);
insert  into `file`(`id`,`uuid`,`object_id`,`object_type_id`,`name`,`path`,`sort`,`file_type`,`alias`,`is_archive`,`archived_at`,`created_at`,`updated_at`) values (188,NULL,102,4,'Рисовая Лапша с овощами.jpg','lSbyzxmH1lBvo9mCF8gnYtkcV_GgT9SBsjslvaMDuLqr-KOiJx2y2KV2ksrJ8fON_1728034665.jpg',1,1,'BcjbUCB',0,NULL,1728034665,1728034665);
insert  into `file`(`id`,`uuid`,`object_id`,`object_type_id`,`name`,`path`,`sort`,`file_type`,`alias`,`is_archive`,`archived_at`,`created_at`,`updated_at`) values (189,NULL,103,4,'Спринг ролл креветка 2.jpg','GhDjL_4v6UVOfMSbHPh5AQpx7dG854QKPAsQNZ7PRHWgvtXcPZlSx4Ij98vJdXvZ_1728285724.jpg',1,1,'BdmufCC',0,NULL,1728285724,1728285724);
insert  into `file`(`id`,`uuid`,`object_id`,`object_type_id`,`name`,`path`,`sort`,`file_type`,`alias`,`is_archive`,`archived_at`,`created_at`,`updated_at`) values (190,NULL,104,4,'Спринг ролл курица 2.jpg','Y1YLyIg2epTaBiF1-OXraGwOqM1Mm1csf8XKsK7EGrs_RjrL8gvgWS3mpTcvqPMD_1728285750.jpg',1,1,'BdmvFCD',0,NULL,1728285750,1728285750);
insert  into `file`(`id`,`uuid`,`object_id`,`object_type_id`,`name`,`path`,`sort`,`file_type`,`alias`,`is_archive`,`archived_at`,`created_at`,`updated_at`) values (191,NULL,105,4,'Спринг ролл лосось 2.jpg','dEk-KhSz1H38QM_86RdUHwFpk8-jRHd-X41PKw5W2MqXq4TQMCF1NTQxAOFGpKwE_1728285775.jpg',1,1,'Bdmv4CE',0,NULL,1728285775,1728285775);
insert  into `file`(`id`,`uuid`,`object_id`,`object_type_id`,`name`,`path`,`sort`,`file_type`,`alias`,`is_archive`,`archived_at`,`created_at`,`updated_at`) values (192,NULL,106,4,'Кани Фурай.jpg','tqr6VfHE_XnooZ_3VAGskDEyUuJdnBlzIPeNwfLhF4kKimF9nNyTZVvw6_XlzX_R_1728285862.jpg',1,1,'BdmwtCF',0,NULL,1728285862,1728285862);
insert  into `file`(`id`,`uuid`,`object_id`,`object_type_id`,`name`,`path`,`sort`,`file_type`,`alias`,`is_archive`,`archived_at`,`created_at`,`updated_at`) values (193,NULL,107,4,'Тонику фурай.jpg','h70sjIyIkbDoXf1ifF1ixt88T0lAxaDqR9HAK7qvPbN5T85WN-6W-j9jsnviMmxT_1728285893.jpg',1,1,'BdmxYCG',0,NULL,1728285893,1728285893);
insert  into `file`(`id`,`uuid`,`object_id`,`object_type_id`,`name`,`path`,`sort`,`file_type`,`alias`,`is_archive`,`archived_at`,`created_at`,`updated_at`) values (194,NULL,108,4,'Тайсо Хотто.jpg','QAArVCo4_lCJDJgwUG678loPZvDdyRm3keASPunfaAO-RpIfuXrVleHgpjA8kCwL_1728285922.jpg',1,1,'BdmxrCH',0,NULL,1728285922,1728285922);
insert  into `file`(`id`,`uuid`,`object_id`,`object_type_id`,`name`,`path`,`sort`,`file_type`,`alias`,`is_archive`,`archived_at`,`created_at`,`updated_at`) values (195,NULL,109,4,'Муши фурай Креветка.jpg','lcVrmhg1kMjG86Ki7JqqxFhcN7B-iY6TUL6rVdfuwbtFMW1lGwX4L1lS4Uwtjiej_1728285966.jpg',1,1,'Bdmy9CI',0,NULL,1728285966,1728285966);
insert  into `file`(`id`,`uuid`,`object_id`,`object_type_id`,`name`,`path`,`sort`,`file_type`,`alias`,`is_archive`,`archived_at`,`created_at`,`updated_at`) values (196,NULL,110,4,'Муши фурай с угрем.jpg','ChY-Zjrs9DrF8OltQb5c9I9mLkGV37Q1tGmBZTziz-EbIJbJZqKAf1Zy7LIS4Uhy_1728285996.jpg',1,1,'BdmzDCJ',0,NULL,1728285996,1728285996);
insert  into `file`(`id`,`uuid`,`object_id`,`object_type_id`,`name`,`path`,`sort`,`file_type`,`alias`,`is_archive`,`archived_at`,`created_at`,`updated_at`) values (197,NULL,111,4,'Муши фурай Лосоь.jpg','P7kTTeFHyKThjHjKGJferht72qd7fgA3AUimgG3NWFKO1Qt-X4mI_Es7JYyv2Pn5_1728286023.jpg',1,1,'Bdmz4CK',0,NULL,1728286023,1728286023);
insert  into `file`(`id`,`uuid`,`object_id`,`object_type_id`,`name`,`path`,`sort`,`file_type`,`alias`,`is_archive`,`archived_at`,`created_at`,`updated_at`) values (198,NULL,112,4,'Кани чиз.jpg','WbqCUbrqvjdHVpfvmJxDZuTcoxd_IUPFxfo4mjR0ldDYmoRJaxISnNV2htSTWdg9_1728286068.jpg',1,1,'BdnANCL',0,NULL,1728286068,1728286068);
insert  into `file`(`id`,`uuid`,`object_id`,`object_type_id`,`name`,`path`,`sort`,`file_type`,`alias`,`is_archive`,`archived_at`,`created_at`,`updated_at`) values (199,NULL,113,4,'Шитаки Фурай.jpg','QXXS51bSybKnL4ln2xGHt9jrR1AWsl-Kw9az71QoLLZZB6AhT35QZ01QrS8_qE-J_1728286099.jpg',1,1,'BdnAiCM',0,NULL,1728286099,1728286099);
insert  into `file`(`id`,`uuid`,`object_id`,`object_type_id`,`name`,`path`,`sort`,`file_type`,`alias`,`is_archive`,`archived_at`,`created_at`,`updated_at`) values (200,NULL,114,4,'Сегун.jpg','pyr9S2VrZqsWHW-vHYB5tKO9HJyD3jJKm4vGoA0LGfWsSnj0BKz6rXaqbzHnXJ6O_1728286129.jpg',1,1,'BdnBMCN',0,NULL,1728286129,1728286129);
insert  into `file`(`id`,`uuid`,`object_id`,`object_type_id`,`name`,`path`,`sort`,`file_type`,`alias`,`is_archive`,`archived_at`,`created_at`,`updated_at`) values (201,NULL,115,4,'сарада эби.jpg','uJlV_kunfWSLM7OBBKz7B_XAlREA6RpQZdIMHHVR0EyF4LOYbFYy7zFAS4EEVpdS_1728286159.jpg',1,1,'BdnBgCO',0,NULL,1728286159,1728286159);
insert  into `file`(`id`,`uuid`,`object_id`,`object_type_id`,`name`,`path`,`sort`,`file_type`,`alias`,`is_archive`,`archived_at`,`created_at`,`updated_at`) values (202,NULL,116,4,'Унаги чука.jpg','po7XcMv-X95P1oZ7nDieow_6Jg6NWKYKz4JOkkKO2t91DTgh0Vexsa94lwPjbpZx_1728286187.jpg',1,1,'BdnCICP',0,NULL,1728286187,1728286187);
insert  into `file`(`id`,`uuid`,`object_id`,`object_type_id`,`name`,`path`,`sort`,`file_type`,`alias`,`is_archive`,`archived_at`,`created_at`,`updated_at`) values (203,NULL,117,4,'Унаги фурай.jpg','DUy9t7BqCa2WO9kwjOydGvNov8F8ELDICEDcEt_z-bVMbpdLyrcM0cdv-D4mBwi2_1728286211.jpg',1,1,'BdnC6CQ',0,NULL,1728286211,1728286211);
insert  into `file`(`id`,`uuid`,`object_id`,`object_type_id`,`name`,`path`,`sort`,`file_type`,`alias`,`is_archive`,`archived_at`,`created_at`,`updated_at`) values (204,NULL,118,4,'Лосось хот.jpg','b2X5jdFGNJgVTPmcn-9VZrloC1w2yhniJoR9YBwsE8r_-R_13e99KbirU9ZPpO29_1728286252.jpg',1,1,'BdnDLCR',0,NULL,1728286252,1728286252);
insert  into `file`(`id`,`uuid`,`object_id`,`object_type_id`,`name`,`path`,`sort`,`file_type`,`alias`,`is_archive`,`archived_at`,`created_at`,`updated_at`) values (205,NULL,119,4,'Эби сяке хот.jpg','99CTGtJrIbrnz3VCAqovL_12SP8K_mB7Tc7lAgNCkJTExLeyiQJivCUxjSrj1LIj_1728286285.jpg',1,1,'BdnDiCS',0,NULL,1728286285,1728286285);
insert  into `file`(`id`,`uuid`,`object_id`,`object_type_id`,`name`,`path`,`sort`,`file_type`,`alias`,`is_archive`,`archived_at`,`created_at`,`updated_at`) values (206,NULL,120,4,'Краб хот.jpg','w5jntDrpG5nRiWw55p7FoE4UzqNQGuehCZ5Sn1Z-NYAfwZ5xo6T-wAVW7zkoPaeB_1728286312.jpg',1,1,'BdnEJCT',0,NULL,1728286312,1728286312);
insert  into `file`(`id`,`uuid`,`object_id`,`object_type_id`,`name`,`path`,`sort`,`file_type`,`alias`,`is_archive`,`archived_at`,`created_at`,`updated_at`) values (207,NULL,121,4,'Чикен хот.jpg','JE2khBs5RCy5bZexU1e_NkUe8wtd0jOzbyS8X4ZzYOqLUCwd9bG-O4n-IWQ03z3-_1728286337.jpg',1,1,'BdnE8CU',0,NULL,1728286337,1728286337);
insert  into `file`(`id`,`uuid`,`object_id`,`object_type_id`,`name`,`path`,`sort`,`file_type`,`alias`,`is_archive`,`archived_at`,`created_at`,`updated_at`) values (208,NULL,122,4,'Запеченая курица.jpg','i7TyJfJNeOrkWYTE-imHIK_TQp1r22MvCDKZOku9vclsR1HoN4cqq2uNl-AyHLOy_1728286396.jpg',1,1,'BdnF5CV',0,NULL,1728286396,1728286396);
insert  into `file`(`id`,`uuid`,`object_id`,`object_type_id`,`name`,`path`,`sort`,`file_type`,`alias`,`is_archive`,`archived_at`,`created_at`,`updated_at`) values (209,NULL,123,4,'Запеченная Калифорния.jpg','xQEvEShaPI98nrdZHJU21iNSLdv3y0QmK22cjGZBkITOnz1NANouqjAVlaYtlqFJ_1728286427.jpg',1,1,'BdnGACW',0,NULL,1728286427,1728286427);
insert  into `file`(`id`,`uuid`,`object_id`,`object_type_id`,`name`,`path`,`sort`,`file_type`,`alias`,`is_archive`,`archived_at`,`created_at`,`updated_at`) values (210,NULL,124,4,'Сырный Лосось.jpg','AC3TlRZJYtdLGzDJq4wuRnZCr5X66C4kBi79q5wLoxAOohqqlSY_bmnOEbWGRvJ-_1728286455.jpg',1,1,'BdnG2CX',0,NULL,1728286455,1728286455);
insert  into `file`(`id`,`uuid`,`object_id`,`object_type_id`,`name`,`path`,`sort`,`file_type`,`alias`,`is_archive`,`archived_at`,`created_at`,`updated_at`) values (211,NULL,125,4,'Зпеченый аяш.jpg','E0RWEY5gbtfDvshkukLVU-ySL543eQdWiCMJjY_Lw5-J0lq1wAwj2zNF3VVGtTHF_1728286492.jpg',1,1,'BdnHDCY',0,NULL,1728286492,1728286492);
insert  into `file`(`id`,`uuid`,`object_id`,`object_type_id`,`name`,`path`,`sort`,`file_type`,`alias`,`is_archive`,`archived_at`,`created_at`,`updated_at`) values (212,NULL,126,4,'Чиз Хот.jpg','muEz-s3YqA39u8E9S6wN1nZ65wUjU_MEgGStWWcm9JHUEOgkhKxCyboSiIY2k-bZ_1728286518.jpg',1,1,'BdnH3CZ',0,NULL,1728286518,1728286518);
insert  into `file`(`id`,`uuid`,`object_id`,`object_type_id`,`name`,`path`,`sort`,`file_type`,`alias`,`is_archive`,`archived_at`,`created_at`,`updated_at`) values (213,NULL,127,4,'Осака.jpg','QQQ1OOq_kj7LmwlDTCOBNMBm3mWkgmrdDzNBcNDhaLg3uZnFpQJWGy0jJ1-6zsTz_1728286543.jpg',1,1,'BdnHsC0',0,NULL,1728286543,1728286543);
insert  into `file`(`id`,`uuid`,`object_id`,`object_type_id`,`name`,`path`,`sort`,`file_type`,`alias`,`is_archive`,`archived_at`,`created_at`,`updated_at`) values (214,NULL,128,4,'Кани сяки чиз.jpg','-_Wwc5-0bce1JxX_2SzkxMkZnH37_iEqIvWIgBqYVmaDlHxQTdVNPD7yiuEyNvlD_1728286570.jpg',1,1,'BdnITC1',0,NULL,1728286570,1728286570);
insert  into `file`(`id`,`uuid`,`object_id`,`object_type_id`,`name`,`path`,`sort`,`file_type`,`alias`,`is_archive`,`archived_at`,`created_at`,`updated_at`) values (215,NULL,129,4,'Калифорния запеченная с креветкой.jpg','sM44EiY0xFm1rL8SvD5F1l9GVYwtTskv0U9w7ilLZkVSer6K6rZZnVzlRRpkfYDd_1728286593.jpg',1,1,'BdnIgC2',0,NULL,1728286593,1728286593);
insert  into `file`(`id`,`uuid`,`object_id`,`object_type_id`,`name`,`path`,`sort`,`file_type`,`alias`,`is_archive`,`archived_at`,`created_at`,`updated_at`) values (216,NULL,130,4,'Мидори.jpg','ViLxGV9B0QIdopMjoCg8-Ju4qHuIQFU41sGZTkwZTr2mU8APojn2yYuTSLLgRwxN_1728286629.jpg',1,1,'BdnJQC3',0,NULL,1728286629,1728286629);
insert  into `file`(`id`,`uuid`,`object_id`,`object_type_id`,`name`,`path`,`sort`,`file_type`,`alias`,`is_archive`,`archived_at`,`created_at`,`updated_at`) values (217,NULL,131,4,'Сяке яки.jpg','5UfYsQ-PPVLIPGI9YaStBpkKIlAI98btqEjIy1n7P1uU7ERwe4m2h_rzgSIEusXE_1728286652.jpg',1,1,'BdnJdC4',0,NULL,1728286652,1728286652);
insert  into `file`(`id`,`uuid`,`object_id`,`object_type_id`,`name`,`path`,`sort`,`file_type`,`alias`,`is_archive`,`archived_at`,`created_at`,`updated_at`) values (218,NULL,132,4,'Эби яки.jpg','rtG09o3mJq8hyR0Fl-w7dhfiu0d_smmjDNTi2lHU0wBTMfDkkent4fHurna7oCUT_1728286674.jpg',1,1,'BdnJzC5',0,NULL,1728286674,1728286674);
insert  into `file`(`id`,`uuid`,`object_id`,`object_type_id`,`name`,`path`,`sort`,`file_type`,`alias`,`is_archive`,`archived_at`,`created_at`,`updated_at`) values (219,NULL,133,4,'Тайга.jpg','IYsW7RHcJ_G9I6NveDkgH9jaF3LD7b2x26ACoHyABjMENTbCImHbCiCfpARaKP8-_1728286697.jpg',1,1,'BdnKWC6',0,NULL,1728286697,1728286697);
insert  into `file`(`id`,`uuid`,`object_id`,`object_type_id`,`name`,`path`,`sort`,`file_type`,`alias`,`is_archive`,`archived_at`,`created_at`,`updated_at`) values (220,NULL,134,4,'Унаги яки.jpg','VJybbDgO1Qk99EWvqFLDRNHwglCgmQTJDe7_ab2gL-tE-YUcPLEH5FjxcONIJh3w_1728286727.jpg',1,1,'BdnKqC7',0,NULL,1728286727,1728286727);
insert  into `file`(`id`,`uuid`,`object_id`,`object_type_id`,`name`,`path`,`sort`,`file_type`,`alias`,`is_archive`,`archived_at`,`created_at`,`updated_at`) values (221,NULL,135,4,'Сырный ролл.jpg','CiXOUkyWNLZgCqyzCs9DcOeUwxWTmRyN5Hq5muxRAAmdyqhRdix-oWrVWXvBubSQ_1728286778.jpg',1,1,'BdnLfC8',0,NULL,1728286778,1728286778);
insert  into `file`(`id`,`uuid`,`object_id`,`object_type_id`,`name`,`path`,`sort`,`file_type`,`alias`,`is_archive`,`archived_at`,`created_at`,`updated_at`) values (222,NULL,136,4,'Маки ролл с аввокадо.jpg','OKNmmATNyafzQUmxX2eNxxfWKYIpToqQKiXq_4JXjJLveY8d0jvADZCzq-PnIRp8_1728286832.jpg',1,1,'BdnM7C9',0,NULL,1728286832,1728286832);
insert  into `file`(`id`,`uuid`,`object_id`,`object_type_id`,`name`,`path`,`sort`,`file_type`,`alias`,`is_archive`,`archived_at`,`created_at`,`updated_at`) values (223,NULL,137,4,'Маки ролл с огурцом.jpg','Wac0lK3doPnSxtIoDCyX4C_m5xZFI5TxqBS-ZWXK6dQVKH51nhp_ADdiKyVHLF8b_1728286857.jpg',1,1,'BdnMwCa',0,NULL,1728286857,1728286857);
insert  into `file`(`id`,`uuid`,`object_id`,`object_type_id`,`name`,`path`,`sort`,`file_type`,`alias`,`is_archive`,`archived_at`,`created_at`,`updated_at`) values (224,NULL,138,4,'Маки ролл с креветкой.jpg','5VCyAXJh35VmP8gDWIBps9V0zkpjXR1304yXkOWttNXs7RWBgWrCOinQvJS5SCao_1728286880.jpg',1,1,'BdnNTCb',0,NULL,1728286880,1728286880);
insert  into `file`(`id`,`uuid`,`object_id`,`object_type_id`,`name`,`path`,`sort`,`file_type`,`alias`,`is_archive`,`archived_at`,`created_at`,`updated_at`) values (225,NULL,139,4,'Маки ролл с угрем.jpg','RyH48cVf3_s6XLzV3r6eHaIc7aewDxcwzMyuBkLygZiJ5pbiF1Rh7bv9pkHFZ2jx_1728286907.jpg',1,1,'BdnNkCc',0,NULL,1728286907,1728286907);
insert  into `file`(`id`,`uuid`,`object_id`,`object_type_id`,`name`,`path`,`sort`,`file_type`,`alias`,`is_archive`,`archived_at`,`created_at`,`updated_at`) values (226,NULL,140,4,'Маки ролл с чукой.jpg','RuZ4ozVAX99tQCSLHxWdgWy3y1KvYMqOwzGV-i4KJtvP4w8lB6bLeJEFgizvJpqY_1728286929.jpg',1,1,'BdnOHCd',0,NULL,1728286930,1728286930);
insert  into `file`(`id`,`uuid`,`object_id`,`object_type_id`,`name`,`path`,`sort`,`file_type`,`alias`,`is_archive`,`archived_at`,`created_at`,`updated_at`) values (227,NULL,141,4,'Маки ролл сенжный краб.jpg','lcqqpOD5vMSqfizstAaqgT9grW8sGZAdDv7oBXK2z9FeJ5W_PKg2a22ZC_9PUOe5_1728286953.jpg',1,1,'BdnO4Ce',0,NULL,1728286953,1728286953);
insert  into `file`(`id`,`uuid`,`object_id`,`object_type_id`,`name`,`path`,`sort`,`file_type`,`alias`,`is_archive`,`archived_at`,`created_at`,`updated_at`) values (228,NULL,142,4,'Маки ролл с лососем.jpg','yA6GKnNv6LBP6aPJQ4KGAEFbS8pEjqfwWthX4xqDB3tAGc30GRPaWf5AiKY88jLv_1728286979.jpg',1,1,'BdnOuCf',0,NULL,1728286979,1728286979);
insert  into `file`(`id`,`uuid`,`object_id`,`object_type_id`,`name`,`path`,`sort`,`file_type`,`alias`,`is_archive`,`archived_at`,`created_at`,`updated_at`) values (229,NULL,143,4,'Маки ролл с тунцом.jpg','gqwToBCxu3jY3trEMWM4q4kn6hQ2VAVqVrVoXEmgyUQMzglxMtOr8OHzbcgyqVFy_1728287005.jpg',1,1,'BdnPUCg',0,NULL,1728287005,1728287005);
insert  into `file`(`id`,`uuid`,`object_id`,`object_type_id`,`name`,`path`,`sort`,`file_type`,`alias`,`is_archive`,`archived_at`,`created_at`,`updated_at`) values (230,NULL,145,4,'Филадельфия.jpg','6IB6wEfJQ7cnBBXlI9SoEYoDQI2tyaskg2U0fHermfKx8701KXpvdt7F4dP-3pRq_1728287063.jpg',1,1,'BdnQQCh',0,NULL,1728287063,1728287063);
insert  into `file`(`id`,`uuid`,`object_id`,`object_type_id`,`name`,`path`,`sort`,`file_type`,`alias`,`is_archive`,`archived_at`,`created_at`,`updated_at`) values (231,NULL,146,4,'Филадельфия лайт.jpg','U3bkB1ZhQFnVnOynbsvhgdKHJRCE8TjBEixiG1U3QgB5K_yflepbPfXsm4wiqtkN_1728287105.jpg',1,1,'BdnQwCi',0,NULL,1728287105,1728287105);
insert  into `file`(`id`,`uuid`,`object_id`,`object_type_id`,`name`,`path`,`sort`,`file_type`,`alias`,`is_archive`,`archived_at`,`created_at`,`updated_at`) values (232,NULL,147,4,'Филадельфия с авокадо.jpg','HjSK1s8BL74b-oBUOh3kQOdzPBokpJQH47i--s_ItwV_TyOk-pTtfesHNtL0eqrf_1728287128.jpg',1,1,'BdnRTCj',0,NULL,1728287128,1728287128);
insert  into `file`(`id`,`uuid`,`object_id`,`object_type_id`,`name`,`path`,`sort`,`file_type`,`alias`,`is_archive`,`archived_at`,`created_at`,`updated_at`) values (233,NULL,148,4,'Дабл Филадельфия.jpg','b3Qsp3Pr8VJcJWCuoFjcmG9LBJGfUC3kck_oC07g8aq-sS4SZJXSCodGnVtfYNJZ_1728287171.jpg',1,1,'BdnSACk',0,NULL,1728287171,1728287171);
insert  into `file`(`id`,`uuid`,`object_id`,`object_type_id`,`name`,`path`,`sort`,`file_type`,`alias`,`is_archive`,`archived_at`,`created_at`,`updated_at`) values (234,NULL,149,4,'Копченая Филадельфия.jpg','F9sm6hpm-ifFVtnciPi1BnQog-txsPfd2Pd9E_en6xjrogCHXTLXGhtj1epwVIQq_1728287198.jpg',1,1,'BdnS1Cl',0,NULL,1728287198,1728287198);
insert  into `file`(`id`,`uuid`,`object_id`,`object_type_id`,`name`,`path`,`sort`,`file_type`,`alias`,`is_archive`,`archived_at`,`created_at`,`updated_at`) values (235,NULL,150,4,'Калифорния Лайт.jpg','myXViZ9ThN0jOpiiJfEw1NKUvPkvcbX7M3CFxk9CbgNg9kBp42I0BpHXWhVuo815_1728287225.jpg',1,1,'BdnSsCm',0,NULL,1728287225,1728287225);
insert  into `file`(`id`,`uuid`,`object_id`,`object_type_id`,`name`,`path`,`sort`,`file_type`,`alias`,`is_archive`,`archived_at`,`created_at`,`updated_at`) values (236,NULL,151,4,'Филадельфия с креветкой.jpg','fVCICHsasIUKAgvjAJfM_tOayHpxzq45tyk51yPsUA0l2VqcdaFI7utdzgEizueY_1728287250.jpg',1,1,'BdnTRCn',0,NULL,1728287250,1728287250);
insert  into `file`(`id`,`uuid`,`object_id`,`object_type_id`,`name`,`path`,`sort`,`file_type`,`alias`,`is_archive`,`archived_at`,`created_at`,`updated_at`) values (237,NULL,152,4,'Филадельфия в угре.jpg','OkEq-kqbzLqZuW_0SPISdVwFLS696_mZJuGa1KFvkjqQb8uhh2wYzxAdL6KhGypH_1728287276.jpg',1,1,'BdnThCo',0,NULL,1728287276,1728287276);
insert  into `file`(`id`,`uuid`,`object_id`,`object_type_id`,`name`,`path`,`sort`,`file_type`,`alias`,`is_archive`,`archived_at`,`created_at`,`updated_at`) values (238,NULL,153,4,'Филадельфия в масаго.jpg','SNi-U6eI9fROjOTrcqw40EySJWxCoQQ_XXs2SxxBFWXRKZ-oDBJ4-hZQKY_54whN_1728287304.jpg',1,1,'BdnUJCp',0,NULL,1728287304,1728287304);
insert  into `file`(`id`,`uuid`,`object_id`,`object_type_id`,`name`,`path`,`sort`,`file_type`,`alias`,`is_archive`,`archived_at`,`created_at`,`updated_at`) values (239,NULL,154,4,'Калифорния снежный краб.jpg','jpIDTbDdMrZNyNeGmD3dSmnCLenhEeDxgqP2ZkdQh6Hl53gErgLTkb836SUYS0sQ_1728287328.jpg',1,1,'BdnU7Cq',0,NULL,1728287328,1728287328);
insert  into `file`(`id`,`uuid`,`object_id`,`object_type_id`,`name`,`path`,`sort`,`file_type`,`alias`,`is_archive`,`archived_at`,`created_at`,`updated_at`) values (240,NULL,155,4,'Калифорния с лососем.jpg','Av4Ttn565vJnzsQcRrEZTz4QTBUlHHtLSqqPD-fhhCUWgUkeGv4f1B7Zk3xcZlO1_1728287355.jpg',1,1,'BdnUyCr',0,NULL,1728287355,1728287355);
insert  into `file`(`id`,`uuid`,`object_id`,`object_type_id`,`name`,`path`,`sort`,`file_type`,`alias`,`is_archive`,`archived_at`,`created_at`,`updated_at`) values (241,NULL,156,4,'Калифорния с креветкой.jpg','UOrBvs2BDnnE3TpboOh0Qex7p8lHkFvnRP9LUJRG8m5ijS7uUg8tGyJxee-SaY0P_1728287377.jpg',1,1,'BdnVUCs',0,NULL,1728287377,1728287377);
insert  into `file`(`id`,`uuid`,`object_id`,`object_type_id`,`name`,`path`,`sort`,`file_type`,`alias`,`is_archive`,`archived_at`,`created_at`,`updated_at`) values (242,NULL,157,4,'Калифорния в кунжуте.jpg','1cZ4xpiq5mpWeFDiXAYT0iVRAIl-5k8kgOn2VMAJLrOCLZHK61Ed0u0GUBkx1L3b_1728287409.jpg',1,1,'BdnVqCt',0,NULL,1728287409,1728287409);
insert  into `file`(`id`,`uuid`,`object_id`,`object_type_id`,`name`,`path`,`sort`,`file_type`,`alias`,`is_archive`,`archived_at`,`created_at`,`updated_at`) values (243,NULL,158,4,'Кунсей чиз.jpg','RjS-gbftGCf27uPCmyRqDDGiZR1pE6VWXTgCmp8n4QajASJZotYxcAm4RbUCzcJV_1728287438.jpg',1,1,'BdnWTCu',0,NULL,1728287438,1728287438);
insert  into `file`(`id`,`uuid`,`object_id`,`object_type_id`,`name`,`path`,`sort`,`file_type`,`alias`,`is_archive`,`archived_at`,`created_at`,`updated_at`) values (244,NULL,159,4,'Дракон.jpg','GbNwHxUqodGGxzTD8ohYZZA2ExlKF-IEG9KJ6t7gHEfUDC6YzLWZskP0xctFIT2__1728287461.jpg',1,1,'BdnWgCv',0,NULL,1728287461,1728287461);
insert  into `file`(`id`,`uuid`,`object_id`,`object_type_id`,`name`,`path`,`sort`,`file_type`,`alias`,`is_archive`,`archived_at`,`created_at`,`updated_at`) values (245,NULL,160,4,'Хонсю.jpg','2jMdY1bTfOOMsLeUmNW34wUoaZQVEmdMey8xKpCiMOw_AfrSRjLKfB8AvL1rb9mp_1728287489.jpg',1,1,'BdnXICw',0,NULL,1728287489,1728287489);
insert  into `file`(`id`,`uuid`,`object_id`,`object_type_id`,`name`,`path`,`sort`,`file_type`,`alias`,`is_archive`,`archived_at`,`created_at`,`updated_at`) values (246,NULL,161,4,'Канада.jpg','fA1ppeNSNBJmSwbakmwGaTRtxSu_xTODp0-43VwZeP7DERgwiyNrMCx1wTLH8JAL_1728287513.jpg',1,1,'BdnX6Cx',0,NULL,1728287513,1728287513);
insert  into `file`(`id`,`uuid`,`object_id`,`object_type_id`,`name`,`path`,`sort`,`file_type`,`alias`,`is_archive`,`archived_at`,`created_at`,`updated_at`) values (247,NULL,162,4,'Сяке кунсей.jpg','80yKK5c6ZwvSGIejigRYTDdWlS8gt7mBNLVvvCHi7BUwleVcQkFNB6NpFw_BxHDl_1728287540.jpg',1,1,'BdnXxCy',0,NULL,1728287540,1728287540);
insert  into `file`(`id`,`uuid`,`object_id`,`object_type_id`,`name`,`path`,`sort`,`file_type`,`alias`,`is_archive`,`archived_at`,`created_at`,`updated_at`) values (248,NULL,163,4,'аляска.jpg','7eNjO9TLY3YvtWY-8JajbOT6SiW3fen4CNDgzSQY8oW2bjMIRg6fSNorK0jWlIT9_1728287564.jpg',1,1,'BdnYVCz',0,NULL,1728287564,1728287564);
insert  into `file`(`id`,`uuid`,`object_id`,`object_type_id`,`name`,`path`,`sort`,`file_type`,`alias`,`is_archive`,`archived_at`,`created_at`,`updated_at`) values (249,NULL,164,4,'Окинава.jpg','Lo64rqkbxogpINPIm53jheclABwX_BnKEue4teQwWOTVi8pKXQ9Shdigt41tCkuy_1728287591.jpg',1,1,'BdnYmDA',0,NULL,1728287591,1728287591);
insert  into `file`(`id`,`uuid`,`object_id`,`object_type_id`,`name`,`path`,`sort`,`file_type`,`alias`,`is_archive`,`archived_at`,`created_at`,`updated_at`) values (250,NULL,165,4,'токио.jpg','Di34JB7xoAzk6rj-89FY-YQvyU4AQkeSgp4LvQubbereXWVjgNIg_pPeF8R2wyv7_1728287628.jpg',1,1,'BdnZXDB',0,NULL,1728287628,1728287628);
insert  into `file`(`id`,`uuid`,`object_id`,`object_type_id`,`name`,`path`,`sort`,`file_type`,`alias`,`is_archive`,`archived_at`,`created_at`,`updated_at`) values (251,NULL,166,4,'Мексика.jpg','MZwH9NYBvi6GbK8R6_NH9neEphT6TTASQvyVX6_Z8HkStKvMoI8bLYRYroibxG6M_1728287656.jpg',1,1,'BdnZpDC',0,NULL,1728287656,1728287656);
insert  into `file`(`id`,`uuid`,`object_id`,`object_type_id`,`name`,`path`,`sort`,`file_type`,`alias`,`is_archive`,`archived_at`,`created_at`,`updated_at`) values (252,NULL,167,4,'Киото.jpg','htDYCfMmxoezDFKpHVs98-WW5_wC7gRzQGsFcMLU3wQkoJObnGHpzqWwTfyfzUCS_1728287688.jpg',1,1,'Bdn0VDD',0,NULL,1728287688,1728287688);
insert  into `file`(`id`,`uuid`,`object_id`,`object_type_id`,`name`,`path`,`sort`,`file_type`,`alias`,`is_archive`,`archived_at`,`created_at`,`updated_at`) values (253,NULL,168,4,'Беконзо.jpg','TOXUhZ1j7B7hhP9ldf4Kcuv_AyzSZCCxI4oyRd3X-vwb4h8r3X2ffyVzp3qRFbhN_1728287712.jpg',1,1,'Bdn0jDE',0,NULL,1728287712,1728287712);
insert  into `file`(`id`,`uuid`,`object_id`,`object_type_id`,`name`,`path`,`sort`,`file_type`,`alias`,`is_archive`,`archived_at`,`created_at`,`updated_at`) values (254,NULL,169,4,'Огненный Дракон.jpg','_KRQkxqHZsul2gl9AAE9jUggGDjbz8HROBslWVGWnP6yUqV5mYCoMqyrhbukC0og_1728287736.jpg',1,1,'Bdn1HDF',0,NULL,1728287736,1728287736);
insert  into `file`(`id`,`uuid`,`object_id`,`object_type_id`,`name`,`path`,`sort`,`file_type`,`alias`,`is_archive`,`archived_at`,`created_at`,`updated_at`) values (255,NULL,170,4,'Дракон с креветкой.jpg','vz9bU0vUGPhfhF4DSafg1pgfe5US6ywdIteDm-41pLjJ-ypFhQrZJEZfbtvQtUll_1728287758.jpg',1,1,'Bdn13DG',0,NULL,1728287758,1728287758);
insert  into `file`(`id`,`uuid`,`object_id`,`object_type_id`,`name`,`path`,`sort`,`file_type`,`alias`,`is_archive`,`archived_at`,`created_at`,`updated_at`) values (256,NULL,171,4,'Эби чиз.jpg','gVmxszoW-cAK_NNkuavrSLmPEO0GCl5pYtqGCzEUZ5oQHxuQ0C_ODLw5N3vW326h_1728287780.jpg',1,1,'Bdn1pDH',0,NULL,1728287780,1728287780);
insert  into `file`(`id`,`uuid`,`object_id`,`object_type_id`,`name`,`path`,`sort`,`file_type`,`alias`,`is_archive`,`archived_at`,`created_at`,`updated_at`) values (257,NULL,172,4,'Саккура.jpg','dQFQa6EnBoxDFY7EXmJfo4-8uO7S0TlIakGdGqt5aUBS1u1m9VrIGFy4umt6_kge_1728287807.jpg',1,1,'Bdn2QDI',0,NULL,1728287807,1728287807);
insert  into `file`(`id`,`uuid`,`object_id`,`object_type_id`,`name`,`path`,`sort`,`file_type`,`alias`,`is_archive`,`archived_at`,`created_at`,`updated_at`) values (258,NULL,173,4,'Адзуи эби.jpg','tIaOxIndoGXOPeJwaaEqwCqidQaQeW-XMw9xMjc4w4XRrSny-dGdpH7m6ee8CjyU_1728287831.jpg',1,1,'Bdn2eDJ',0,NULL,1728287831,1728287831);
insert  into `file`(`id`,`uuid`,`object_id`,`object_type_id`,`name`,`path`,`sort`,`file_type`,`alias`,`is_archive`,`archived_at`,`created_at`,`updated_at`) values (259,NULL,174,4,'Тамаго Сяке 2.jpg','-XyUPexkPnys9W7nQEAE6M_VO-XKUshulQlCX0Pk6D4fXu6Vi05QKzgnlpgyFRIh_1728287855.jpg',1,1,'Bdn3CDK',0,NULL,1728287855,1728287855);
insert  into `file`(`id`,`uuid`,`object_id`,`object_type_id`,`name`,`path`,`sort`,`file_type`,`alias`,`is_archive`,`archived_at`,`created_at`,`updated_at`) values (260,NULL,175,4,'Эби манго.jpg','bM64280hatEoGVgJixJYSw3-BiqIRKUe6OhOhm2If7VNtei0ymhUrn4Sw0WAMMtJ_1728287881.jpg',1,1,'Bdn32DL',0,NULL,1728287881,1728287881);
insert  into `file`(`id`,`uuid`,`object_id`,`object_type_id`,`name`,`path`,`sort`,`file_type`,`alias`,`is_archive`,`archived_at`,`created_at`,`updated_at`) values (261,NULL,176,4,'Фудзи.jpg','-rdaAOLAqdkcmQlepJD9wxeOYiLm22bDidSfBxD8pTeURXzOaiJO2ljsE_5YLfbQ_1728287915.jpg',1,1,'Bdn4ADM',0,NULL,1728287915,1728287915);
insert  into `file`(`id`,`uuid`,`object_id`,`object_type_id`,`name`,`path`,`sort`,`file_type`,`alias`,`is_archive`,`archived_at`,`created_at`,`updated_at`) values (262,NULL,177,4,'Красный Дракон.jpg','XrT-cm1dQYgwNqfE2bCpsCBj_S-z4ZTWThMdWA9IoF4KKKan4vUceml-zmSDwiXV_1728287943.jpg',1,1,'Bdn42DN',0,NULL,1728287943,1728287943);
insert  into `file`(`id`,`uuid`,`object_id`,`object_type_id`,`name`,`path`,`sort`,`file_type`,`alias`,`is_archive`,`archived_at`,`created_at`,`updated_at`) values (263,NULL,178,4,'кани тамаго.jpg','QQD8i-f9htN1nmS3bgqGWKhp5OAupVZhBQ9zLsIsjM1Yt48FCAZBhPAvcjZfRFmZ_1728287968.jpg',1,1,'Bdn4rDO',0,NULL,1728287968,1728287968);
insert  into `file`(`id`,`uuid`,`object_id`,`object_type_id`,`name`,`path`,`sort`,`file_type`,`alias`,`is_archive`,`archived_at`,`created_at`,`updated_at`) values (264,NULL,179,4,'Кани лайк.jpg','gMeYi5EaAYrjmfF2F7bfubFugQ-p2Jv7xgryArLOmLKMw_tj5BRTlbQ0fwuG3ekj_1728287992.jpg',1,1,'Bdn5PDP',0,NULL,1728287992,1728287992);
insert  into `file`(`id`,`uuid`,`object_id`,`object_type_id`,`name`,`path`,`sort`,`file_type`,`alias`,`is_archive`,`archived_at`,`created_at`,`updated_at`) values (265,NULL,180,4,'Острый лосось.jpg','2a9fSzLkkvnyVJ5i_RiZcmyCXshZ0KbdePMr8po17EorZZwgEUCRt6tpymOBD0bM_1728288024.jpg',1,1,'Bdn5lDQ',0,NULL,1728288024,1728288024);
insert  into `file`(`id`,`uuid`,`object_id`,`object_type_id`,`name`,`path`,`sort`,`file_type`,`alias`,`is_archive`,`archived_at`,`created_at`,`updated_at`) values (266,NULL,181,4,'Овощной ролл.jpg','5Weocwqr_JJxy70sCbGQnhrGziRf349apbpq0FqPLFZVYnVJkx1VI-Q0R4fitLhN_1728288054.jpg',1,1,'Bdn6PDR',0,NULL,1728288054,1728288054);
insert  into `file`(`id`,`uuid`,`object_id`,`object_type_id`,`name`,`path`,`sort`,`file_type`,`alias`,`is_archive`,`archived_at`,`created_at`,`updated_at`) values (267,NULL,182,4,'Острый тунец.jpg','rnk_I_EBJ8hx3sZaavEaUsU6lVpiUxad3HKgyIBDgiGiEG_uSBtaqzimocWt53Bj_1728288082.jpg',1,1,'Bdn6hDS',0,NULL,1728288082,1728288082);
insert  into `file`(`id`,`uuid`,`object_id`,`object_type_id`,`name`,`path`,`sort`,`file_type`,`alias`,`is_archive`,`archived_at`,`created_at`,`updated_at`) values (268,NULL,183,4,'Унаги манго.jpg','Sgj_8CihqzitEDdl-cOaGtGLCEiEsD58IVEzQF5OdEt3vjpc2ykUBo4T7pKkT9ve_1728288107.jpg',1,1,'Bdn7GDT',0,NULL,1728288107,1728288107);
insert  into `file`(`id`,`uuid`,`object_id`,`object_type_id`,`name`,`path`,`sort`,`file_type`,`alias`,`is_archive`,`archived_at`,`created_at`,`updated_at`) values (269,NULL,184,4,'Цезарь ролл.jpg','tBCzAmilQrT-Dv2Dvq74z52wvw_Dt_j3dsYZVBDUNNGLFxeoSQyca3mVWm3n2vfp_1728288131.jpg',1,1,'Bdn74DU',0,NULL,1728288131,1728288131);
insert  into `file`(`id`,`uuid`,`object_id`,`object_type_id`,`name`,`path`,`sort`,`file_type`,`alias`,`is_archive`,`archived_at`,`created_at`,`updated_at`) values (270,NULL,185,4,'Эби грин.jpg','NPR4jmviy4oTrMwBljc7-I2mH8bXBt0fBGxHsn4o-D6wERfcTNy0hblFUgxHkVhD_1728288153.jpg',1,1,'Bdn7qDV',0,NULL,1728288153,1728288153);
insert  into `file`(`id`,`uuid`,`object_id`,`object_type_id`,`name`,`path`,`sort`,`file_type`,`alias`,`is_archive`,`archived_at`,`created_at`,`updated_at`) values (271,NULL,144,4,'Маки ролл с копченым лососем.jpg','uQjx3o-e0SPXT2f6FfMMW6-Cn3-vskYS5n63C7ViigeivqXCSHb3E-4ujpKthlkO_1728289991.jpg',1,1,'BdoB4DW',0,NULL,1728289991,1728289991);
insert  into `file`(`id`,`uuid`,`object_id`,`object_type_id`,`name`,`path`,`sort`,`file_type`,`alias`,`is_archive`,`archived_at`,`created_at`,`updated_at`) values (272,NULL,25,1,'fb1.jpg','GKzkv7deQeVGfctuN5WBBvF1vf-3GEBoWV9EDROinxBHnWU3o_BJgEWpPUkd2yVz_1734359589.jpg',1,3,'CDRAODX',0,NULL,1734359589,1734359589);

/*Table structure for table `ingredient` */


CREATE TABLE `ingredient` (
  `id` int NOT NULL AUTO_INCREMENT,
  `name` varchar(128) COLLATE utf8mb4_general_ci DEFAULT NULL,
  `sort` int DEFAULT NULL,
  `type_id` tinyint DEFAULT NULL,
  `is_archived` tinyint DEFAULT '0',
  PRIMARY KEY (`id`)
) ENGINE=InnoDB AUTO_INCREMENT=8 DEFAULT CHARSET=utf8mb4 COLLATE=utf8mb4_general_ci;

/*Data for the table `ingredient` */

insert  into `ingredient`(`id`,`name`,`sort`,`type_id`,`is_archived`) values (1,'Соус',1,1,0);
insert  into `ingredient`(`id`,`name`,`sort`,`type_id`,`is_archived`) values (2,'Добавить по вкусу (пицца)',NULL,NULL,0);
insert  into `ingredient`(`id`,`name`,`sort`,`type_id`,`is_archived`) values (3,'размер',NULL,NULL,0);
insert  into `ingredient`(`id`,`name`,`sort`,`type_id`,`is_archived`) values (4,'толщина',NULL,NULL,0);
insert  into `ingredient`(`id`,`name`,`sort`,`type_id`,`is_archived`) values (5,'Добавить по вкусу (лапша)',2,2,0);
insert  into `ingredient`(`id`,`name`,`sort`,`type_id`,`is_archived`) values (6,'тип теста',NULL,NULL,0);
insert  into `ingredient`(`id`,`name`,`sort`,`type_id`,`is_archived`) values (7,'Соус (лапша)',1,1,0);

/*Table structure for table `ingredient_list` */


CREATE TABLE `ingredient_list` (
  `id` int NOT NULL AUTO_INCREMENT,
  `ingredient_id` int DEFAULT NULL,
  `name` varchar(128) COLLATE utf8mb4_general_ci DEFAULT NULL,
  `weight` int DEFAULT NULL,
  `size` int DEFAULT NULL,
  `amount` int DEFAULT NULL,
  `sort` int DEFAULT NULL,
  `is_archived` tinyint DEFAULT '0',
  PRIMARY KEY (`id`),
  KEY `ingredient_id1` (`ingredient_id`),
  CONSTRAINT `ingredient_id1` FOREIGN KEY (`ingredient_id`) REFERENCES `ingredient` (`id`)
) ENGINE=InnoDB AUTO_INCREMENT=27 DEFAULT CHARSET=utf8mb4 COLLATE=utf8mb4_general_ci;

/*Data for the table `ingredient_list` */

insert  into `ingredient_list`(`id`,`ingredient_id`,`name`,`weight`,`size`,`amount`,`sort`,`is_archived`) values (2,1,'Терияки',NULL,NULL,NULL,4,0);
insert  into `ingredient_list`(`id`,`ingredient_id`,`name`,`weight`,`size`,`amount`,`sort`,`is_archived`) values (3,1,'Сливочный',NULL,NULL,NULL,3,0);
insert  into `ingredient_list`(`id`,`ingredient_id`,`name`,`weight`,`size`,`amount`,`sort`,`is_archived`) values (4,1,'Сладкий чили',NULL,NULL,NULL,2,0);
insert  into `ingredient_list`(`id`,`ingredient_id`,`name`,`weight`,`size`,`amount`,`sort`,`is_archived`) values (5,3,'Сливочный',NULL,NULL,NULL,3,0);
insert  into `ingredient_list`(`id`,`ingredient_id`,`name`,`weight`,`size`,`amount`,`sort`,`is_archived`) values (6,3,'большой',NULL,36,490,NULL,0);
insert  into `ingredient_list`(`id`,`ingredient_id`,`name`,`weight`,`size`,`amount`,`sort`,`is_archived`) values (7,3,'маленький',NULL,25,350,NULL,0);
insert  into `ingredient_list`(`id`,`ingredient_id`,`name`,`weight`,`size`,`amount`,`sort`,`is_archived`) values (8,4,'Пышное',NULL,NULL,590,NULL,0);
insert  into `ingredient_list`(`id`,`ingredient_id`,`name`,`weight`,`size`,`amount`,`sort`,`is_archived`) values (9,4,'средное',NULL,NULL,470,NULL,0);
insert  into `ingredient_list`(`id`,`ingredient_id`,`name`,`weight`,`size`,`amount`,`sort`,`is_archived`) values (10,4,'тонкое',NULL,NULL,350,NULL,0);
insert  into `ingredient_list`(`id`,`ingredient_id`,`name`,`weight`,`size`,`amount`,`sort`,`is_archived`) values (11,1,'Устричный',NULL,NULL,NULL,1,0);
insert  into `ingredient_list`(`id`,`ingredient_id`,`name`,`weight`,`size`,`amount`,`sort`,`is_archived`) values (12,2,'Сыр сливочный',40,NULL,50,1,0);
insert  into `ingredient_list`(`id`,`ingredient_id`,`name`,`weight`,`size`,`amount`,`sort`,`is_archived`) values (13,6,'Пышное',590,NULL,NULL,1,0);
insert  into `ingredient_list`(`id`,`ingredient_id`,`name`,`weight`,`size`,`amount`,`sort`,`is_archived`) values (14,6,'Тонкое',470,NULL,NULL,3,0);
insert  into `ingredient_list`(`id`,`ingredient_id`,`name`,`weight`,`size`,`amount`,`sort`,`is_archived`) values (15,6,'Средное',500,NULL,NULL,2,0);
insert  into `ingredient_list`(`id`,`ingredient_id`,`name`,`weight`,`size`,`amount`,`sort`,`is_archived`) values (16,7,'Устричный',NULL,NULL,NULL,1,0);
insert  into `ingredient_list`(`id`,`ingredient_id`,`name`,`weight`,`size`,`amount`,`sort`,`is_archived`) values (17,7,'Терияки',NULL,NULL,NULL,2,0);
insert  into `ingredient_list`(`id`,`ingredient_id`,`name`,`weight`,`size`,`amount`,`sort`,`is_archived`) values (18,7,'Сливочный',NULL,NULL,NULL,3,0);
insert  into `ingredient_list`(`id`,`ingredient_id`,`name`,`weight`,`size`,`amount`,`sort`,`is_archived`) values (19,7,'Сладкий чили',NULL,NULL,NULL,4,0);
insert  into `ingredient_list`(`id`,`ingredient_id`,`name`,`weight`,`size`,`amount`,`sort`,`is_archived`) values (20,5,'Бекон',50,NULL,150,NULL,0);
insert  into `ingredient_list`(`id`,`ingredient_id`,`name`,`weight`,`size`,`amount`,`sort`,`is_archived`) values (21,5,'Курица',50,NULL,150,NULL,0);
insert  into `ingredient_list`(`id`,`ingredient_id`,`name`,`weight`,`size`,`amount`,`sort`,`is_archived`) values (22,5,'Лосось',50,NULL,250,NULL,0);
insert  into `ingredient_list`(`id`,`ingredient_id`,`name`,`weight`,`size`,`amount`,`sort`,`is_archived`) values (23,5,'Креветки тигровые',50,NULL,250,NULL,0);
insert  into `ingredient_list`(`id`,`ingredient_id`,`name`,`weight`,`size`,`amount`,`sort`,`is_archived`) values (24,2,'Сыр Дор блю',30,NULL,70,NULL,0);
insert  into `ingredient_list`(`id`,`ingredient_id`,`name`,`weight`,`size`,`amount`,`sort`,`is_archived`) values (25,2,'Свинина рваная',80,NULL,100,NULL,0);
insert  into `ingredient_list`(`id`,`ingredient_id`,`name`,`weight`,`size`,`amount`,`sort`,`is_archived`) values (26,2,'Бекон',40,NULL,50,NULL,0);

/*Table structure for table `media` */


CREATE TABLE `media` (
  `id` int NOT NULL AUTO_INCREMENT,
  `type_id` tinyint DEFAULT NULL COMMENT '1: banner, 2: product label, 3: order send',
  `alias` tinytext COLLATE utf8mb4_general_ci,
  `name` varchar(1024) COLLATE utf8mb4_general_ci DEFAULT NULL,
  `link` varchar(2048) COLLATE utf8mb4_general_ci DEFAULT NULL,
  `svg_content` text COLLATE utf8mb4_general_ci,
  `sort` int DEFAULT NULL,
  `is_archived` tinyint DEFAULT '0',
  `created_at` int DEFAULT NULL,
  `updated_at` int DEFAULT NULL,
  PRIMARY KEY (`id`)
) ENGINE=InnoDB AUTO_INCREMENT=26 DEFAULT CHARSET=utf8mb4 COLLATE=utf8mb4_general_ci;

/*Data for the table `media` */

insert  into `media`(`id`,`type_id`,`alias`,`name`,`link`,`svg_content`,`sort`,`is_archived`,`created_at`,`updated_at`) values (6,2,NULL,NULL,'#',NULL,1,0,NULL,NULL);
insert  into `media`(`id`,`type_id`,`alias`,`name`,`link`,`svg_content`,`sort`,`is_archived`,`created_at`,`updated_at`) values (7,2,NULL,NULL,'#',NULL,2,0,NULL,NULL);
insert  into `media`(`id`,`type_id`,`alias`,`name`,`link`,`svg_content`,`sort`,`is_archived`,`created_at`,`updated_at`) values (10,1,'sushi','Лого Суши',NULL,'<svg width=\"110\" height=\"35\" viewBox=\"0 0 110 35\" fill=\"none\" xmlns=\"http://www.w3.org/2000/svg\">\r\n<g clip-path=\"url(#clip0_1536_1555)\">\r\n<path d=\"M65.1703 16.6113L61.254 18.1963V15.455H55.3032V16.6113L51.387 18.1963V12.7081H52.6508L53.824 7.45676C54.045 6.44147 54.4474 5.66872 55.0368 5.13851C55.6262 4.6083 56.38 4.3432 57.3038 4.3432H63.9007V12.7081H65.1646V16.6113H65.1703ZM59.9902 12.7081V6.9322H58.7093C58.2163 6.9322 57.8309 7.14654 57.5475 7.58086C57.3661 7.85724 57.2301 8.21259 57.1395 8.64691L56.295 12.7081H59.9845H59.9902Z\" fill=\"#1C1C1B\"/>\r\n<path d=\"M79.3049 12.1215C79.3049 13.1988 79.0102 14.028 78.4152 14.5977C77.8201 15.1673 77.0153 15.455 75.9895 15.455H67.3579V7.67674C67.3579 6.59941 67.6526 5.77025 68.2477 5.20056C68.8428 4.63087 69.6476 4.3432 70.6734 4.3432H79.3049V12.1215ZM75.3887 11.2021V6.9322H72.7817C72.1413 6.9322 71.6992 7.12397 71.4725 7.50189C71.3421 7.71623 71.2741 8.02646 71.2741 8.43821V12.7081H73.8812C74.5216 12.7081 74.9637 12.5163 75.1904 12.1384C75.3207 11.9241 75.3887 11.6138 75.3887 11.2021Z\" fill=\"#1C1C1B\"/>\r\n<path d=\"M94.8679 16.2278L90.9516 14.6484V10.6775L88.6336 12.4543L86.3156 10.6775V14.6597L82.3994 16.2447V3.48584L88.6393 8.25208L94.8792 3.49148V16.2334L94.8679 16.2278Z\" fill=\"#1C1C1B\"/>\r\n<path d=\"M103.715 8.99664L102.734 10.6324H98.1833L99.1468 8.99664H103.715Z\" fill=\"#1C1C1B\"/>\r\n<path d=\"M63.9687 32.6417H52.6677V24.8634C52.6677 23.7861 52.9624 22.9569 53.5575 22.3872C54.1526 21.8175 54.9574 21.5298 55.9832 21.5298H63.9687L62.3138 24.2768H58.0972C57.4567 24.2768 57.0147 24.4686 56.788 24.8465C56.6576 25.0608 56.5896 25.371 56.5896 25.7828V29.8947H62.3138L63.9687 32.6417Z\" fill=\"#1C1C1B\"/>\r\n<path d=\"M78.2509 21.5298L74.9354 27.3057L76.6696 29.4153H73.7169L71.8636 32.636H67.9757L70.118 29.4153H69.3359L64.6489 21.5298H69.1376L71.8523 26.1776L74.5047 21.5298H78.2565H78.2509Z\" fill=\"#1C1C1B\"/>\r\n<path d=\"M94.9924 32.6417H79.6846V20.7515L83.6008 22.3421V29.9004H85.3804V20.7571L89.2966 22.3477V29.906H91.0762V22.3534L94.9924 20.7684V32.6586V32.6417Z\" fill=\"#1C1C1B\"/>\r\n<path d=\"M110 33.4144L106.084 31.8463V25.8448L102.003 27.6836V31.8407L98.0869 33.4257V20.7402L102.003 22.3308V24.3783L110.006 20.7458V33.4088L110 33.4144Z\" fill=\"#1C1C1B\"/>\r\n<path d=\"M18.595 0.0112915L42.2964 24.5024L41.6899 25.1059L16.9514 1.65268L18.595 0.0112915Z\" fill=\"#1C1C1B\"/>\r\n<path d=\"M23.7977 0L0 24.5814L0.600752 25.1849L25.43 1.64139L23.7977 0Z\" fill=\"#1C1C1B\"/>\r\n<path d=\"M24.0868 33.9898C25.09 34.0123 26.0761 33.9785 27.0056 34.0123C27.935 34.0462 28.5981 33.5554 29.2102 32.856C29.879 32.0945 29.981 31.0059 30.032 29.9963C30.1793 27.1478 30.1567 24.2937 29.9753 21.4453C29.9016 20.3059 29.794 18.6701 29.0118 17.8353C28.2524 17.0287 27.0736 16.7918 25.9741 16.6395C23.112 16.2334 20.1819 16.4478 17.2915 16.4872C16.141 16.5042 14.5201 16.617 13.6927 17.4123C12.8822 18.1963 12.5932 19.4485 12.4912 20.5653C12.1908 23.7804 12.2021 26.9448 12.0831 30.1598C12.0434 31.2936 11.9244 32.5796 12.7179 33.3919C13.4376 34.1308 14.5881 34.1928 15.6253 34.2097C17.8242 34.2379 20.0232 34.2718 22.2222 34.3\" fill=\"white\"/>\r\n<path d=\"M24.0867 34.4579C26.1893 34.4918 28.3203 34.8584 29.7088 32.9688C30.865 31.4008 30.5759 28.8343 30.5929 27.0124C30.6156 24.6321 30.6553 22.1503 30.2812 19.7869C29.9922 17.9594 29.0287 16.82 27.2038 16.3744C24.8178 15.7878 22.2561 15.8837 19.8247 15.9458C17.9998 15.9909 15.7102 15.7201 14.0326 16.5944C12.2077 17.5477 12.0546 19.8659 11.9186 21.6709C11.7316 24.2486 11.7089 26.8319 11.6296 29.4153C11.5672 31.4402 11.3405 33.8487 13.7832 34.4974C15.0017 34.8189 16.3846 34.6948 17.6314 34.7117C19.156 34.7343 20.6862 34.7569 22.2107 34.7738C22.8228 34.7851 22.8228 33.8375 22.2107 33.8262C20.1365 33.798 18.0565 33.7698 15.9822 33.7416C15.1321 33.7303 14.1346 33.7923 13.3808 33.3242C12.4004 32.715 12.5024 31.4459 12.5364 30.4419C12.61 28.4395 12.6384 26.4371 12.7177 24.4347C12.7914 22.5508 12.6044 20.1479 13.5168 18.4332C14.367 16.8257 16.4413 16.9723 18.0111 16.9385C20.0628 16.8934 22.1201 16.7918 24.1717 16.9216C25.8719 17.0287 28.4733 17.0851 29.1307 19.0085C29.6975 20.6669 29.5841 22.6805 29.6295 24.4122C29.6805 26.5781 29.8108 28.8964 29.4594 31.0398C29.2951 32.0325 28.6887 33.1268 27.6515 33.4483C27.1131 33.6175 26.4954 33.516 25.9399 33.516C25.3222 33.516 24.7044 33.516 24.0867 33.516C23.4689 33.516 23.4746 34.4523 24.0867 34.4636V34.4579Z\" fill=\"#1C1C1B\"/>\r\n<path d=\"M26.8524 21.8401C26.3933 20.4412 25.6622 19.9166 25.1352 19.7305C23.6276 19.2003 19.3033 19.4203 17.6711 19.5444C16.4186 19.6403 15.8292 20.2212 15.5571 22.5282C19.2523 20.554 24.3247 21.2816 26.8524 21.8401Z\" fill=\"#E53211\"/>\r\n<path d=\"M16.1353 23.0076C16.1353 23.0076 15.8632 23.1261 15.4835 23.284C15.4382 23.8142 15.4098 24.4121 15.3872 25.0946C15.3475 26.1889 15.3475 27.0744 15.3872 27.7908C15.5119 27.6667 15.6479 27.5313 15.7952 27.3847C19.0314 24.209 24.7555 23.7465 27.2152 23.7014C27.1529 23.0076 27.0338 22.4323 26.8921 21.9585C24.6535 21.6426 20.3065 21.3662 16.1353 23.002V23.0076Z\" fill=\"#E53211\"/>\r\n<path d=\"M19.1392 31.051C21.2078 31.1243 23.9848 31.0848 24.8236 31.0002C26.0081 30.8818 27.0793 30.0244 27.255 25.9915C25.7814 26.454 21.9446 27.8923 19.1392 31.051Z\" fill=\"#E53211\"/>\r\n<path d=\"M27.2605 25.9464C27.2605 25.8336 27.2718 25.7207 27.2718 25.5967C27.2888 24.9198 27.2718 24.3219 27.2265 23.7917C25.1182 23.9891 20.5389 24.7337 16.6906 27.5201C16.6906 27.5201 16.0729 28.0052 15.4495 28.462C15.6422 30.1655 16.1522 30.6844 17.0194 30.8762C17.3084 30.9382 17.8071 30.989 18.4192 31.0228C20.6919 27.7288 25.5546 26.3468 27.2605 25.952V25.9464Z\" fill=\"#E53211\"/>\r\n</g>\r\n<defs>\r\n<clipPath id=\"clip0_1536_1555\">\r\n<rect width=\"110\" height=\"34.7794\" fill=\"white\"/>\r\n</clipPath>\r\n</defs>\r\n</svg>\r\n',NULL,0,NULL,NULL);
insert  into `media`(`id`,`type_id`,`alias`,`name`,`link`,`svg_content`,`sort`,`is_archived`,`created_at`,`updated_at`) values (11,1,'pizza','Лого Пицца',NULL,'<svg width=\"100\" height=\"40\" viewBox=\"0 0 100 40\" fill=\"none\" xmlns=\"http://www.w3.org/2000/svg\">\r\n<g clip-path=\"url(#clip0_1536_1491)\">\r\n<path d=\"M53.9484 16.4423H47.676V17.5067C47.676 17.6902 47.6129 17.8475 47.4815 17.9733C47.35 18.0991 47.1923 18.1673 47.0136 18.1673H46.1776C45.9936 18.1673 45.8359 18.1044 45.7097 17.9733C45.5835 17.8422 45.5151 17.6849 45.5151 17.5067V14.9428C45.5151 14.7593 45.5782 14.602 45.7097 14.4762C45.8411 14.3503 45.9988 14.2822 46.1776 14.2822H46.5982C46.8874 13.9099 47.1871 13.1969 47.492 12.1482C47.7917 11.0996 47.981 9.84128 48.0546 8.37321L48.1124 7.02049C48.1229 6.83698 48.1965 6.67969 48.328 6.55386C48.4647 6.42278 48.6224 6.35986 48.8064 6.35986H54.0798C54.2638 6.35986 54.4216 6.42278 54.5477 6.55386C54.6792 6.68493 54.7423 6.84223 54.7423 7.02049V14.2874H55.452C55.6361 14.2874 55.7938 14.3503 55.92 14.4814C56.0462 14.6125 56.1145 14.7698 56.1145 14.948V17.5119C56.1145 17.6954 56.0514 17.8527 55.92 17.9786C55.7885 18.1044 55.6308 18.1726 55.452 18.1726H54.6161C54.4321 18.1726 54.2743 18.1096 54.1482 17.9786C54.0167 17.8475 53.9536 17.6902 53.9536 17.5119V16.4476L53.9484 16.4423ZM49.1324 14.2822H52.4289V8.51477H50.3784L50.2207 10.2135C50.1524 11.0105 49.9999 11.8337 49.758 12.6778C49.5267 13.5114 49.3217 14.0462 49.1376 14.2769L49.1324 14.2822Z\" fill=\"#3E595F\"/>\r\n<path d=\"M56.7246 11.3985C56.7246 9.90942 57.2241 8.66681 58.2283 7.66537C59.222 6.67443 60.5101 6.18158 62.1032 6.18158C63.6962 6.18158 64.9633 6.6587 65.978 7.6077C66.9822 8.5567 67.4817 9.82029 67.4817 11.3985C67.4817 12.9766 66.977 14.1668 65.9623 15.1473C64.9318 16.1277 63.6436 16.6153 62.1032 16.6153C60.5627 16.6153 59.2378 16.1382 58.2441 15.1892C57.2346 14.2402 56.7246 12.9766 56.7246 11.3985ZM59.1799 11.3985C59.1799 12.2531 59.4638 12.9819 60.0317 13.5743C60.589 14.1616 61.2777 14.4552 62.0979 14.4552C63.0232 14.4552 63.7383 14.1668 64.2535 13.5901C64.7635 13.0238 65.0211 12.295 65.0211 11.3985C65.0211 10.5019 64.7425 9.75213 64.1852 9.19112C63.6174 8.62486 62.9233 8.34173 62.1032 8.34173C61.283 8.34173 60.5574 8.61962 60.0054 9.17539C59.4586 9.73115 59.1799 10.4704 59.1799 11.3932V11.3985Z\" fill=\"#3E595F\"/>\r\n<path d=\"M73.7645 12.9557L71.6667 10.0562V15.7765C71.6667 15.96 71.6037 16.1173 71.4722 16.2431C71.3408 16.3742 71.183 16.4371 71.0043 16.4371H70.0211C69.8371 16.4371 69.6794 16.3742 69.5532 16.2431C69.4217 16.112 69.3586 15.9547 69.3586 15.7765V7.02049C69.3586 6.83698 69.4217 6.67969 69.5532 6.55386C69.6846 6.42278 69.8423 6.35986 70.0211 6.35986H71.2356C71.5353 6.35986 71.7824 6.49618 71.9875 6.76358L74.8055 10.612L77.4659 6.77931C77.6604 6.50143 77.897 6.35986 78.1862 6.35986H79.2693C79.4533 6.35986 79.611 6.42278 79.7372 6.55386C79.8686 6.68494 79.9317 6.84223 79.9317 7.02049V15.7817C79.9317 15.9652 79.8686 16.1225 79.7372 16.2483C79.6058 16.3794 79.448 16.4423 79.2693 16.4423H78.2861C78.1021 16.4423 77.9443 16.3794 77.8182 16.2483C77.6867 16.1173 77.6236 15.96 77.6236 15.7817V10.0143L75.5258 12.9557C75.2735 13.2912 74.979 13.459 74.6426 13.459C74.3061 13.459 74.0116 13.2912 73.7593 12.9557H73.7645Z\" fill=\"#3E595F\"/>\r\n<path d=\"M53.6751 24.7946V33.5558C53.6751 33.7393 53.612 33.8966 53.4805 34.0224C53.3491 34.1535 53.1914 34.2164 53.0126 34.2164H52.0294C51.8454 34.2164 51.6877 34.1535 51.5615 34.0224C51.4301 33.8914 51.367 33.7341 51.367 33.5558V26.2889H47.8286V33.5558C47.8286 33.7393 47.7655 33.8966 47.6341 34.0224C47.5026 34.1535 47.3449 34.2164 47.1661 34.2164H46.183C45.9989 34.2164 45.8412 34.1535 45.715 34.0224C45.5836 33.8914 45.5205 33.7341 45.5205 33.5558V24.7946C45.5205 24.6111 45.5836 24.4538 45.715 24.328C45.8465 24.1969 46.0042 24.134 46.183 24.134H53.0179C53.2019 24.134 53.3596 24.1969 53.4858 24.328C53.6172 24.459 53.6803 24.6163 53.6803 24.7946H53.6751Z\" fill=\"#3E595F\"/>\r\n<path d=\"M64.427 34.2164H63.4438C63.2598 34.2164 63.1021 34.1535 62.9759 34.0224C62.8445 33.8914 62.7814 33.7341 62.7814 33.5558V27.9509L58.5911 33.8022C58.3965 34.0801 58.1494 34.2217 57.8392 34.2217H56.9454C56.7614 34.2217 56.6037 34.1588 56.4775 34.0277C56.346 33.8966 56.283 33.7393 56.283 33.5611V24.7998C56.283 24.6163 56.346 24.459 56.4775 24.3332C56.6089 24.2021 56.7667 24.1392 56.9454 24.1392H57.9286C58.1126 24.1392 58.2703 24.2021 58.3965 24.3332C58.528 24.4643 58.5911 24.6216 58.5911 24.7998V30.4047L62.7814 24.5534C62.9759 24.2755 63.223 24.134 63.5332 24.134H64.427C64.611 24.134 64.7688 24.1969 64.8949 24.328C65.0264 24.459 65.0895 24.6163 65.0895 24.7946V33.5558C65.0895 33.7393 65.0264 33.8966 64.8949 34.0224C64.7635 34.1535 64.6058 34.2164 64.427 34.2164Z\" fill=\"#3E595F\"/>\r\n<path d=\"M76.4984 35.9467H75.6624C75.4784 35.9467 75.3207 35.8837 75.1945 35.7527C75.0631 35.6216 75 35.4643 75 35.286V34.2217H68.3649C68.1808 34.2217 68.0231 34.1588 67.8969 34.0277C67.7655 33.8966 67.7024 33.7393 67.7024 33.5611V24.7998C67.7024 24.6163 67.7655 24.459 67.8969 24.3332C68.0284 24.2021 68.1861 24.1392 68.3649 24.1392H69.348C69.532 24.1392 69.6898 24.2021 69.816 24.3332C69.9474 24.4643 70.0105 24.6216 70.0105 24.7998V32.0668H73.4805V24.7998C73.4805 24.6163 73.5436 24.459 73.6751 24.3332C73.8065 24.2021 73.9642 24.1392 74.143 24.1392H75.1262C75.3102 24.1392 75.4679 24.2021 75.5941 24.3332C75.7255 24.4643 75.7886 24.6216 75.7886 24.7998V32.0668H76.4984C76.6824 32.0668 76.8401 32.1297 76.9663 32.2608C77.0925 32.3918 77.1609 32.5491 77.1609 32.7274V35.2913C77.1609 35.4748 77.0978 35.6321 76.9663 35.7579C76.8349 35.8837 76.6772 35.9519 76.4984 35.9519V35.9467Z\" fill=\"#3E595F\"/>\r\n<path d=\"M87.5553 35.9467H86.7193C86.5353 35.9467 86.3776 35.8837 86.2514 35.7527C86.12 35.6216 86.0569 35.4643 86.0569 35.286V34.2217H79.4217C79.2377 34.2217 79.08 34.1588 78.9538 34.0277C78.8224 33.8966 78.7593 33.7393 78.7593 33.5611V24.7998C78.7593 24.6163 78.8224 24.459 78.9538 24.3332C79.0852 24.2021 79.243 24.1392 79.4217 24.1392H80.4049C80.5889 24.1392 80.7467 24.2021 80.8728 24.3332C81.0043 24.4643 81.0674 24.6216 81.0674 24.7998V32.0668H84.5374V24.7998C84.5374 24.6163 84.6005 24.459 84.7319 24.3332C84.8634 24.2021 85.0211 24.1392 85.1999 24.1392H86.183C86.3671 24.1392 86.5248 24.2021 86.651 24.3332C86.7824 24.4643 86.8455 24.6216 86.8455 24.7998V32.0668H87.5553C87.7393 32.0668 87.897 32.1297 88.0232 32.2608C88.1494 32.3918 88.2177 32.5491 88.2177 32.7274V35.2913C88.2177 35.4748 88.1546 35.6321 88.0232 35.7579C87.8918 35.8837 87.734 35.9519 87.5553 35.9519V35.9467Z\" fill=\"#3E595F\"/>\r\n<path d=\"M89.8108 33.5401V24.7894C89.8108 24.6058 89.8739 24.4486 90.0053 24.3227C90.1368 24.1916 90.2945 24.1287 90.4732 24.1287H91.4564C91.6404 24.1287 91.7982 24.1916 91.9244 24.3227C92.0558 24.4538 92.1189 24.6111 92.1189 24.7894V27.2851C92.3975 27.2484 92.6972 27.2274 93.0127 27.2274C94.2062 27.2274 95.121 27.5262 95.7519 28.1187C96.3828 28.7164 96.6983 29.5501 96.6983 30.6249C96.6983 31.6997 96.3302 32.6068 95.5942 33.2622C94.8581 33.9176 93.8329 34.2426 92.5237 34.2426C92.2135 34.2426 91.53 34.2322 90.4732 34.2164C90.2892 34.2164 90.1315 34.1483 90.0053 34.0172C89.8739 33.8809 89.8108 33.7236 89.8108 33.5401ZM92.1189 29.4609V32.0248C92.4291 32.0615 92.6552 32.0825 92.7971 32.0825C93.7593 32.0825 94.243 31.6159 94.243 30.6826C94.243 30.2579 94.1168 29.9381 93.8644 29.7179C93.612 29.4977 93.2598 29.3875 92.8076 29.3875C92.7025 29.3875 92.4711 29.4138 92.1136 29.4609H92.1189ZM100 24.7946V33.5558C100 33.7393 99.937 33.8966 99.8055 34.0224C99.6741 34.1535 99.5164 34.2164 99.3376 34.2164H98.3544C98.1704 34.2164 98.0127 34.1535 97.8865 34.0224C97.7551 33.8914 97.692 33.7341 97.692 33.5558V24.7946C97.692 24.6111 97.7551 24.4538 97.8865 24.328C98.0179 24.1969 98.1757 24.134 98.3544 24.134H99.3376C99.5216 24.134 99.6793 24.1969 99.8055 24.328C99.937 24.459 100 24.6163 100 24.7946Z\" fill=\"#3E595F\"/>\r\n<path d=\"M29.1272 39.0977H8.6593C3.88538 39.0977 0 35.3384 0 30.7245V17.9785C0 15.142 1.39327 12.4261 3.73291 10.7169L14.122 2.91514C16.9295 0.80742 20.857 0.80742 23.6646 2.91514L34.0641 10.7169C36.3933 12.4261 37.7865 15.142 37.7865 17.9733V30.7193C37.7865 35.3384 33.9012 39.0925 29.1272 39.0925V39.0977ZM18.8959 4.95995C17.9811 4.95995 17.0715 5.24308 16.3091 5.81457L5.89905 13.6215C4.47424 14.6649 3.63828 16.285 3.63828 17.9733V30.7193C3.63828 33.3356 5.88854 35.4643 8.6593 35.4643H29.1325C31.898 35.4643 34.1535 33.3356 34.1535 30.7193V17.9733C34.1535 16.285 33.3123 14.6649 31.9085 13.632L31.8927 13.6215L21.4826 5.81457C20.7203 5.24308 19.8107 4.95995 18.8959 4.95995Z\" fill=\"url(#paint0_linear_1536_1491)\"/>\r\n<path d=\"M32.1187 7.46616C32.1187 7.46616 35.0629 5.29028 34.9052 3.31363C34.7475 1.33699 33.0387 0 33.0387 0L32.1187 7.46616Z\" fill=\"#51B851\"/>\r\n<path d=\"M32.1187 7.46616C32.1187 7.46616 29.6845 5.43709 30.3206 3.43423C30.9568 1.43661 33.0388 0 33.0388 0L32.1187 7.46616Z\" fill=\"#91C84A\"/>\r\n<path d=\"M7.59202 20.6158C7.95498 20.6158 8.24922 20.205 8.24922 19.6983C8.24922 19.1916 7.95498 18.7808 7.59202 18.7808C7.22905 18.7808 6.93481 19.1916 6.93481 19.6983C6.93481 20.205 7.22905 20.6158 7.59202 20.6158Z\" fill=\"#FEF4C2\"/>\r\n<path d=\"M17.1504 33.43C12.6814 33.388 9.45849 33.3618 7.54471 31.0024C5.78341 28.8318 5.97268 25.1983 6.1199 22.2779L6.16722 21.3079C6.30391 18.3666 6.37226 16.888 7.05575 15.8027C7.78656 14.6387 14.8949 8.91327 18.2335 8.91327C21.162 8.96046 24.3954 11.1468 26.1304 12.3213C26.509 12.5782 26.8192 12.7879 27.04 12.919L27.2923 13.071C28.4963 13.7736 30.1472 14.7383 31.0515 16.9562C31.7087 18.5658 32.5289 29.592 31.3197 30.9972C29.2219 33.4405 21.7771 33.4457 18.9538 33.4457C18.9485 33.4457 17.7077 33.4457 17.1451 33.4352L17.1504 33.43Z\" fill=\"#F79B71\"/>\r\n<path d=\"M18.2336 8.37323L18.2651 9.43758C20.9938 9.47952 24.1431 11.6082 25.8308 12.7565C26.2199 13.0239 26.5406 13.2336 26.7667 13.3699L27.019 13.5167C28.223 14.2193 29.7215 15.0949 30.5522 17.1397C31.2462 18.8437 31.8666 29.3246 30.9097 30.6354C28.9696 32.9004 21.4197 32.9004 18.9381 32.9004C18.3072 32.9004 17.7078 32.9004 17.1452 32.8899C12.3923 32.848 9.62157 32.7222 7.94965 30.6616C6.31978 28.6483 6.49854 25.1302 6.64576 22.2989L6.68256 21.5649L6.69308 21.3289C6.82452 18.4767 6.89287 17.0453 7.50275 16.0753C8.10738 15.1211 15.1473 9.43758 18.2283 9.43758V8.37323M18.2336 8.37323C14.6636 8.37323 7.38182 14.277 6.6037 15.5143C5.82557 16.7517 5.76773 18.3561 5.62052 21.5177C5.47331 24.6845 5.08424 28.816 7.1242 31.3327C9.16942 33.8547 12.4502 33.9176 17.14 33.9595C17.7025 33.9595 18.3072 33.97 18.9381 33.97C23.5753 33.97 29.6847 33.7079 31.7246 31.3327C33.1337 29.6916 32.2241 18.4138 31.5459 16.7412C30.5049 14.1931 28.5543 13.1864 27.3135 12.4524C26.0727 11.7183 21.9665 8.4309 18.2809 8.37323C18.2651 8.37323 18.2493 8.37323 18.2283 8.37323H18.2336Z\" fill=\"#E55F44\"/>\r\n<path d=\"M19.6427 24.8627C15.7258 22.9647 11.2621 20.1964 6.39876 15.9023C5.82042 17.0925 5.75733 18.6706 5.62589 21.5176C5.47868 24.6845 5.08961 28.816 7.12957 31.3327C9.17479 33.8546 12.4555 33.9175 17.1453 33.9595C21.8351 34.0014 29.4166 34.0329 31.73 31.3327C32.1085 30.8923 32.3188 29.7336 32.4082 28.2655C28.7069 27.9142 24.5639 27.2431 19.6375 24.8575L19.6427 24.8627Z\" fill=\"#E55F44\"/>\r\n<path d=\"M27.7099 23.2952L25.4788 21.3632C25.2399 21.1562 24.8779 21.1817 24.6704 21.42L22.733 23.6448C22.5255 23.8831 22.551 24.2441 22.79 24.451L25.021 26.383C25.26 26.59 25.622 26.5646 25.8295 26.3262L27.7668 24.1014C27.9743 23.8631 27.9488 23.5021 27.7099 23.2952Z\" fill=\"#F1614C\"/>\r\n<path d=\"M26.3669 17.7741C26.3669 17.7741 26.3563 17.7741 26.3458 17.7741C26.3458 17.7636 26.3458 17.7531 26.3458 17.7531L26.3248 17.7741C26.0146 17.7898 23.9326 17.9209 22.1713 19.2264C20.2628 20.6368 20.0735 23.919 20.0735 23.919C20.0735 23.919 23.4226 23.7302 24.8684 21.8637C26.1986 20.1387 26.3353 18.1044 26.3511 17.7951L26.3721 17.7741H26.3669Z\" fill=\"#F1614C\"/>\r\n<path d=\"M28.6945 22.4916L26.4635 20.5596C26.2245 20.3527 25.8625 20.3781 25.655 20.6164L23.7177 22.8413C23.5101 23.0796 23.5356 23.4406 23.7746 23.6475L26.0056 25.5795C26.2446 25.7865 26.6066 25.761 26.8141 25.5227L28.7514 23.2979C28.959 23.0595 28.9335 22.6986 28.6945 22.4916Z\" fill=\"#F8FCFF\"/>\r\n<path d=\"M19.5006 14.2769H16.0306C15.7141 14.2769 15.4575 14.5328 15.4575 14.8484V18.3089C15.4575 18.6245 15.7141 18.8804 16.0306 18.8804H19.5006C19.8171 18.8804 20.0737 18.6245 20.0737 18.3089V14.8484C20.0737 14.5328 19.8171 14.2769 19.5006 14.2769Z\" fill=\"#F1614C\"/>\r\n<path d=\"M17.4397 16.8699L14.7632 13.89C14.552 13.6549 14.1897 13.635 13.954 13.8456L12.0428 15.5527C11.807 15.7632 11.7871 16.1245 11.9982 16.3597L14.6747 19.3396C14.8859 19.5747 15.2482 19.5946 15.4839 19.384L17.3951 17.6769C17.6309 17.4663 17.6508 17.105 17.4397 16.8699Z\" fill=\"#F1614C\"/>\r\n<path d=\"M16.9432 26.4877L13.3647 26.7141C13.0488 26.7341 12.809 27.0057 12.829 27.3207L13.056 30.8893C13.0761 31.2043 13.3484 31.4434 13.6642 31.4234L17.2428 31.197C17.5586 31.1771 17.7984 30.9055 17.7784 30.5905L17.5514 27.0219C17.5313 26.7069 17.259 26.4677 16.9432 26.4877Z\" fill=\"#C24647\"/>\r\n<path d=\"M20.3048 13.2336H16.8348C16.5183 13.2336 16.2617 13.4894 16.2617 13.8051V17.2655C16.2617 17.5811 16.5183 17.837 16.8348 17.837H20.3048C20.6213 17.837 20.8779 17.5811 20.8779 17.2655V13.8051C20.8779 13.4894 20.6213 13.2336 20.3048 13.2336Z\" fill=\"#F8FCFF\"/>\r\n<path d=\"M11.6094 23.0802L9.40052 25.0531C9.16476 25.2637 9.14482 25.625 9.35598 25.8601L11.3344 28.0628C11.5455 28.2979 11.9079 28.3178 12.1436 28.1072L14.3524 26.1343C14.5882 25.9237 14.6081 25.5624 14.397 25.3273L12.4186 23.1246C12.2074 22.8895 11.8451 22.8696 11.6094 23.0802Z\" fill=\"#C24647\"/>\r\n<path d=\"M17.6944 25.5875L14.1159 25.8139C13.8 25.8338 13.5602 26.1054 13.5802 26.4204L13.8073 29.989C13.8273 30.304 14.0996 30.5432 14.4155 30.5232L17.994 30.2968C18.3098 30.2768 18.5497 30.0052 18.5296 29.6902L18.3026 26.1216C18.2826 25.8066 18.0103 25.5675 17.6944 25.5875Z\" fill=\"#F8FCFF\"/>\r\n<path d=\"M12.4245 22.3477L10.2157 24.3206C9.97994 24.5312 9.96 24.8925 10.1712 25.1276L12.1496 27.3303C12.3607 27.5655 12.723 27.5853 12.9588 27.3748L15.1676 25.4018C15.4034 25.1912 15.4233 24.8299 15.2122 24.5948L13.2338 22.3921C13.0226 22.157 12.6603 22.1371 12.4245 22.3477Z\" fill=\"#F8FCFF\"/>\r\n<path d=\"M17.2782 15.0817L15.5664 13.1758C15.3553 12.9407 14.993 12.9208 14.7572 13.1314L12.846 14.8384C12.6102 15.049 12.5903 15.4103 12.8015 15.6454L14.5133 17.5513C14.7244 17.7864 15.0868 17.8063 15.3225 17.5957L17.2337 15.8887C17.4695 15.6781 17.4894 15.3168 17.2782 15.0817Z\" fill=\"#F8FCFF\"/>\r\n<path d=\"M24.4795 21.9686L23.9169 22.6135C23.6015 22.9805 23.6383 23.531 24.0063 23.8456L25.7781 25.3818C26.1462 25.6964 26.6982 25.6597 27.0137 25.2927L27.776 24.4171C26.0831 23.8875 25.0999 22.8704 24.4795 21.9686Z\" fill=\"#F8E6D8\"/>\r\n<path d=\"M14.753 18.419C14.753 18.419 14.753 18.4295 14.753 18.4347C14.7424 18.4347 14.7319 18.4347 14.7319 18.4347L14.753 18.4557C14.753 18.7179 14.795 20.4533 15.9044 21.9738C17.1084 23.6201 20.0684 23.9138 20.0684 23.9138C20.0684 23.9138 21.4301 22.6082 18.3912 19.8399C16.9769 18.5501 15.0421 18.4609 14.7687 18.4347L14.7477 18.4138L14.753 18.419Z\" fill=\"#F1614C\"/>\r\n<path d=\"M20.8728 23.0906C20.8728 23.0906 23.9748 22.9123 25.3102 21.1506C26.6457 19.389 26.6825 17.276 26.6825 17.276L20.8728 23.0906Z\" fill=\"#51B851\"/>\r\n<path d=\"M20.8728 23.0906C20.8728 23.0906 21.0516 19.9971 22.8181 18.6654C24.5847 17.3336 26.7035 17.2969 26.7035 17.2969L20.8728 23.0906Z\" fill=\"#91C84A\"/>\r\n<path d=\"M22.939 27.2903C22.939 27.2903 22.9285 27.2903 22.9232 27.2903C22.9232 27.2798 22.9232 27.2746 22.9232 27.2746L22.9022 27.2956C22.6446 27.3061 20.9359 27.4162 19.4848 28.4858C17.918 29.6445 17.7603 32.3394 17.7603 32.3394C17.7603 32.3394 20.5152 32.1874 21.6982 30.6511C22.7918 29.2355 22.9075 27.5577 22.918 27.3113L22.939 27.2903Z\" fill=\"#C24647\"/>\r\n<path d=\"M18.7593 31.338C18.7593 31.338 21.3092 31.1912 22.4028 29.7441C23.5017 28.297 23.5332 26.5615 23.5332 26.5615L18.7593 31.338Z\" fill=\"#51B851\"/>\r\n<path d=\"M18.7593 31.3379C18.7593 31.3379 18.9065 28.795 20.3576 27.7045C21.8087 26.6087 23.549 26.5772 23.549 26.5772L18.7593 31.3379Z\" fill=\"#91C84A\"/>\r\n<path d=\"M20.8728 23.0906C20.8728 23.0906 17.7708 22.928 16.4301 21.1768C15.0894 19.4256 15.0369 17.3074 15.0369 17.3074L20.8781 23.0906H20.8728Z\" fill=\"#51B851\"/>\r\n<path d=\"M20.8729 23.0906C20.8729 23.0906 20.6783 19.9972 18.9065 18.6759C17.1347 17.3546 15.0159 17.3284 15.0159 17.3284L20.8729 23.0906Z\" fill=\"#91C84A\"/>\r\n<path d=\"M28.8011 17.6168C29.048 17.6168 29.248 17.4173 29.248 17.1711C29.248 16.925 29.048 16.7255 28.8011 16.7255C28.5543 16.7255 28.3542 16.925 28.3542 17.1711C28.3542 17.4173 28.5543 17.6168 28.8011 17.6168Z\" fill=\"#9E613B\"/>\r\n<path d=\"M22.1345 25.7016C22.3668 25.7016 22.5551 25.5138 22.5551 25.2822C22.5551 25.0505 22.3668 24.8627 22.1345 24.8627C21.9022 24.8627 21.7139 25.0505 21.7139 25.2822C21.7139 25.5138 21.9022 25.7016 22.1345 25.7016Z\" fill=\"#9E613B\"/>\r\n<path d=\"M8.81172 23.8718C9.04402 23.8718 9.23233 23.684 9.23233 23.4523C9.23233 23.2207 9.04402 23.0329 8.81172 23.0329C8.57943 23.0329 8.39111 23.2207 8.39111 23.4523C8.39111 23.684 8.57943 23.8718 8.81172 23.8718Z\" fill=\"#9E613B\"/>\r\n<path d=\"M9.65303 16.9981C9.88533 16.9981 10.0736 16.8103 10.0736 16.5787C10.0736 16.347 9.88533 16.1592 9.65303 16.1592C9.42074 16.1592 9.23242 16.347 9.23242 16.5787C9.23242 16.8103 9.42074 16.9981 9.65303 16.9981Z\" fill=\"#9E613B\"/>\r\n<path d=\"M16.4721 12.1168C16.7044 12.1168 16.8927 11.929 16.8927 11.6973C16.8927 11.4657 16.7044 11.2779 16.4721 11.2779C16.2398 11.2779 16.0515 11.4657 16.0515 11.6973C16.0515 11.929 16.2398 12.1168 16.4721 12.1168Z\" fill=\"#9E613B\"/>\r\n<path d=\"M20.5837 19.6983C20.816 19.6983 21.0043 19.5105 21.0043 19.2788C21.0043 19.0472 20.816 18.8594 20.5837 18.8594C20.3514 18.8594 20.1631 19.0472 20.1631 19.2788C20.1631 19.5105 20.3514 19.6983 20.5837 19.6983Z\" fill=\"#9E613B\"/>\r\n<path d=\"M21.5036 32.3394C21.7359 32.3394 21.9242 32.1516 21.9242 31.9199C21.9242 31.6883 21.7359 31.5005 21.5036 31.5005C21.2713 31.5005 21.083 31.6883 21.083 31.9199C21.083 32.1516 21.2713 32.3394 21.5036 32.3394Z\" fill=\"#9E613B\"/>\r\n<path d=\"M16.4747 32.957C16.7159 32.771 16.6969 32.3436 16.4322 32.0022C16.1676 31.6609 15.7575 31.535 15.5163 31.7209C15.2751 31.9069 15.2941 32.3344 15.5588 32.6757C15.8234 33.017 16.2335 33.143 16.4747 32.957Z\" fill=\"#F79E77\"/>\r\n<path d=\"M30.6324 20.1386C30.9953 19.6828 31.0535 19.1265 30.7625 18.896C30.4714 18.6655 29.9412 18.8482 29.5783 19.304C29.2154 19.7598 29.1571 20.3162 29.4482 20.5467C29.7393 20.7771 30.2694 20.5945 30.6324 20.1386Z\" fill=\"#F47859\"/>\r\n<path d=\"M22.2122 17.5661C22.5516 17.1397 22.6037 16.6175 22.3286 16.3996C22.0534 16.1817 21.5552 16.3507 21.2157 16.7771C20.8763 17.2034 20.8241 17.7256 21.0993 17.9435C21.3745 18.1614 21.8727 17.9924 22.2122 17.5661Z\" fill=\"#F47859\"/>\r\n<path d=\"M11.5596 29.843C11.8081 29.5952 11.6965 29.0823 11.3105 28.6974C10.9245 28.3124 10.4102 28.2012 10.1618 28.449C9.91331 28.6967 10.0248 29.2096 10.4108 29.5946C10.7968 29.9795 11.3112 30.0907 11.5596 29.843Z\" fill=\"#F1614C\"/>\r\n<path d=\"M15.066 22.1389C15.3144 21.8911 15.2029 21.3782 14.8169 20.9933C14.4309 20.6083 13.9165 20.4971 13.6681 20.7449C13.4197 20.9926 13.5312 21.5055 13.9172 21.8905C14.3032 22.2754 14.8175 22.3866 15.066 22.1389Z\" fill=\"#F1614C\"/>\r\n<path d=\"M20.6477 26.044C20.9167 25.7061 20.9413 25.2789 20.7025 25.0898C20.4637 24.9008 20.0521 25.0214 19.783 25.3593C19.514 25.6972 19.4895 26.1244 19.7282 26.3135C19.967 26.5025 20.3787 26.3819 20.6477 26.044Z\" fill=\"#F79E77\"/>\r\n<path d=\"M16.6233 24.8162C16.8314 24.7524 16.9317 24.4786 16.8472 24.2045C16.7627 23.9305 16.5255 23.7601 16.3173 23.824C16.1092 23.8878 16.0089 24.1616 16.0934 24.4357C16.1779 24.7097 16.4151 24.8801 16.6233 24.8162Z\" fill=\"#F79E77\"/>\r\n<path d=\"M8.96189 25.1083C9.17005 25.0445 9.27031 24.7706 9.18584 24.4966C9.10136 24.2226 8.86412 24.0522 8.65596 24.116C8.4478 24.1798 8.34754 24.4537 8.43201 24.7277C8.51649 25.0017 8.75373 25.1721 8.96189 25.1083Z\" fill=\"#F79E77\"/>\r\n<path d=\"M24.4899 28.8055C24.9981 28.8055 25.41 28.5121 25.41 28.1501C25.41 27.7882 24.9981 27.4948 24.4899 27.4948C23.9818 27.4948 23.5698 27.7882 23.5698 28.1501C23.5698 28.5121 23.9818 28.8055 24.4899 28.8055Z\" fill=\"#FEF4C2\"/>\r\n<path d=\"M11.5159 15.2604C11.7726 15.0044 11.6893 14.5065 11.33 14.1482C10.9707 13.7898 10.4714 13.7068 10.2147 13.9628C9.95806 14.2187 10.0413 14.7167 10.4006 15.075C10.7599 15.4333 11.2593 15.5163 11.5159 15.2604Z\" fill=\"#FEF4C2\"/>\r\n<path d=\"M11.9137 20.6159C11.9137 21.5334 11.1671 22.2832 10.2417 22.2832C9.31641 22.2832 8.56982 21.5386 8.56982 20.6159C8.56982 19.6931 9.31641 18.9485 10.2417 18.9485C10.7044 18.9485 9.76856 20.1597 10.0735 20.4638C10.3784 20.7679 11.9137 20.1545 11.9137 20.6159Z\" fill=\"#C24647\"/>\r\n<path d=\"M27.5058 16.4211C27.8059 16.2176 27.8175 15.7129 27.5318 15.2938C27.246 14.8748 26.771 14.7002 26.4709 14.9037C26.1708 15.1073 26.1592 15.612 26.4449 16.031C26.7307 16.45 27.2057 16.6247 27.5058 16.4211Z\" fill=\"#F8FCFF\"/>\r\n<path d=\"M14.2549 12.2968C14.4403 12.2291 14.5121 11.9604 14.4152 11.6966C14.3183 11.4329 14.0895 11.274 13.9041 11.3417C13.7187 11.4094 13.6469 11.6782 13.7438 11.9419C13.8407 12.2056 14.0695 12.3645 14.2549 12.2968Z\" fill=\"#F8FCFF\"/>\r\n<path d=\"M25.3155 15.4549C25.9878 14.999 26.0708 13.9519 25.5009 13.1163C24.931 12.2806 23.924 11.9728 23.2517 12.4288C22.5794 12.8848 22.4964 13.9318 23.0663 14.7675C23.6362 15.6031 24.6432 15.9109 25.3155 15.4549Z\" fill=\"#F8FCFF\"/>\r\n<path d=\"M9.66344 18.6549C9.43737 18.938 9.29541 19.2946 9.29541 19.6878C9.29541 20.6053 10.042 21.3551 10.9673 21.3551C11.225 21.3551 11.4616 21.2922 11.6771 21.1926C11.2986 21.0248 10.9305 20.7888 10.6098 20.469C10.0788 19.9395 9.76334 19.2946 9.66344 18.6601V18.6549Z\" fill=\"#364F76\"/>\r\n<path d=\"M11.8033 18.9486C12.2081 19.41 11.9137 20.3904 11.9137 20.3904C11.9137 20.3904 11.9137 19.6302 11.4195 19.2789C10.9253 18.9276 10.1997 18.9486 10.1997 18.9486C10.1997 18.9486 11.2617 18.3246 11.8033 18.9486Z\" fill=\"#F1614C\"/>\r\n<path d=\"M10.9621 18.0153C10.4311 18.0153 9.96315 18.2669 9.6582 18.6497C9.7581 19.2841 10.0736 19.929 10.6046 20.4585C10.9253 20.7784 11.2933 21.0143 11.6719 21.1821C12.2397 20.9147 12.6288 20.3432 12.6288 19.6826C12.6288 18.765 11.8822 18.0153 10.9568 18.0153H10.9621ZM11.1461 20.3904C10.7097 20.3904 10.3575 20.0391 10.3575 19.6039C10.3575 19.1687 10.7097 18.8175 11.1461 18.8175C11.5825 18.8175 11.9348 19.1687 11.9348 19.6039C11.9348 20.0391 11.5825 20.3904 11.1461 20.3904Z\" fill=\"#647AA4\"/>\r\n</g>\r\n<defs>\r\n<linearGradient id=\"paint0_linear_1536_1491\" x1=\"0\" y1=\"20.2174\" x2=\"37.7865\" y2=\"20.2174\" gradientUnits=\"userSpaceOnUse\">\r\n<stop stop-color=\"#F47B20\"/>\r\n<stop offset=\"0.75\" stop-color=\"#FFD100\"/>\r\n<stop offset=\"1\" stop-color=\"#FFD100\"/>\r\n</linearGradient>\r\n<clipPath id=\"clip0_1536_1491\">\r\n<rect width=\"100\" height=\"39.0977\" fill=\"white\"/>\r\n</clipPath>\r\n</defs>\r\n</svg>',NULL,0,NULL,NULL);
insert  into `media`(`id`,`type_id`,`alias`,`name`,`link`,`svg_content`,`sort`,`is_archived`,`created_at`,`updated_at`) values (14,3,NULL,'Хит',NULL,'<svg width=\"800px\" height=\"800px\" viewBox=\"0 0 1024 1024\" class=\"icon\"  version=\"1.1\" xmlns=\"http://www.w3.org/2000/svg\"><path d=\"M798 193l-49-13 49-14 13-48 13 48 48 14-48 13-13 48-13-48zM845 245l-19-4 19-4 5-19 4 19 19 4-19 4-4 19-5-19z\" fill=\"#FDCD60\" /><path d=\"M180 191m-9 0a9 9 0 1 0 18 0 9 9 0 1 0-18 0Z\" fill=\"#5546CB\" /><path d=\"M197 835l-32-8 32-7 8-33 7 33 33 7-33 8-7 32-8-32zM98 665l-14-3 14-3 4-15 3 15 15 3-15 3-3 15-4-15z\" fill=\"#FDCD60\" /><path d=\"M832 856a25 25 0 1 1 25-25 25 25 0 0 1-25 25z m0-36a10 10 0 1 0 10 10 10 10 0 0 0-10-9z\" fill=\"#5546CB\" /><path d=\"M514 490m-52 0a52 52 0 1 0 104 0 52 52 0 1 0-104 0Z\" fill=\"#AFBCF3\" /><path d=\"M771 533a10 10 0 0 1 10-10h78a349 349 0 0 0-346-347 10 10 0 0 1 7 10v81a10 10 0 1 1-20 0v-81a10 10 0 0 1 7-10 349 349 0 0 0-346 348h84a10 10 0 0 1 0 20h-84c4 86 40 167 102 228a347 347 0 0 0 237 101v-75a10 10 0 0 1 20 0v75a347 347 0 0 0 237-102c62-61 97-142 102-228h-78a10 10 0 0 1-10-10zM513 759c-126 0-227-102-227-227s101-228 227-228 227 102 227 228-102 227-227 227z\" fill=\"#FF8859\" /><path d=\"M850 381a369 369 0 1 0 29 143 367 367 0 0 0-29-143z m-93 390a347 347 0 0 1-237 102v-75a10 10 0 0 0-20 0v76a347 347 0 0 1-237-103c-62-62-97-142-102-228h83a10 10 0 0 0 0-20h-83a349 349 0 0 1 346-347 10 10 0 0 0-7 10v81a10 10 0 1 0 20 0v-81a10 10 0 0 0-7-10 349 349 0 0 1 346 347h-78a10 10 0 0 0 0 20h77c-4 86-40 167-101 228z\" fill=\"#5546CB\" /><path d=\"M513 304c-126 0-227 102-227 227s101 228 227 228 227-101 227-227-102-228-227-228z m126 354a10 10 0 0 1-7 3h-5l-163-91h-1a10 10 0 0 1-6-5l-72-148a10 10 0 0 1 14-13l145 80 3 3 3 3 91 155a10 10 0 0 1-2 13z\" fill=\"#FFFFFF\" /><path d=\"M417 437l52 106 52-48-104-58z\" fill=\"#FDCD60\" /><path d=\"M486 559l119 66-67-114-52 48z\" fill=\"#AFBCF3\" /><path d=\"M550 490l-3-3-3-3-145-80a10 10 0 0 0-14 13l72 147a10 10 0 0 0 6 5h1l163 90h5a10 10 0 0 0 9-15z m-133-53l105 58-52 48z m69 122l53-48 66 113z\" fill=\"#5546CB\" /></svg>',1,0,NULL,NULL);
insert  into `media`(`id`,`type_id`,`alias`,`name`,`link`,`svg_content`,`sort`,`is_archived`,`created_at`,`updated_at`) values (15,3,NULL,'Новинка',NULL,'<svg width=\"800px\" height=\"800px\" viewBox=\"0 0 1024 1024\" class=\"icon\"  version=\"1.1\" xmlns=\"http://www.w3.org/2000/svg\"><path d=\"M795 299l-48-13 48-13 13-49 13 49 49 13-49 13-13 48-13-48zM843 351l-19-4 19-4 4-19 5 19 18 4-18 4-5 19-4-19z\" fill=\"#FDCD60\" /><path d=\"M190 292m-9 0a9 9 0 1 0 18 0 9 9 0 1 0-18 0Z\" fill=\"#5546CB\" /><path d=\"M283 879l-32-8 32-8 8-32 7 32 33 8-33 8-7 32-8-32zM219 607l-15-4 15-3 3-15 4 15 14 3-14 4-4 14-3-14z\" fill=\"#FDCD60\" /><path d=\"M744 856a25 25 0 1 1 25-25 25 25 0 0 1-25 25z m0-36a10 10 0 1 0 10 10 10 10 0 0 0-10-9z\" fill=\"#5546CB\" /><path d=\"M693 355a184 184 0 0 0-63-130l-13 130zM510 181c-98 0-178 77-183 174h270l14-144a181 181 0 0 0-101-30z\" fill=\"#FF8859\" /><path d=\"M750 375v-20h-37a205 205 0 0 0-81-153l10-103a10 10 0 1 0-20-2l-9 92a201 201 0 0 0-103-28c-109 0-198 86-203 194h-36v20h324l-4 37H301l85 535h249l50-334h1v-7l29-194H612l4-37zM618 927H418l-58-314h54c3 16 13 30 29 41s42 20 68 20 50-7 68-20 26-25 29-41h57zM433 603c0-13 8-25 21-35s35-16 57-16 42 6 57 16 21 22 21 35-8 25-21 35-35 16-57 16-42-6-57-16-21-22-21-35z m259-171l-24 161h-60c-3-16-13-30-29-41s-42-20-68-20-50 7-68 20-26 25-29 41h-58l-30-161z m1-77h-76l13-130a184 184 0 0 1 63 130z m-366 0c5-97 85-174 183-174a181 181 0 0 1 101 31l-14 143z\" fill=\"#5546CB\" /><path d=\"M579 654c-18 13-42 20-68 20s-50-7-68-20-26-25-29-41h-54l44 314h214l47-314h-57c-3 16-13 30-29 41zM356 593h58c3-16 13-30 29-41s42-20 68-20 50 7 68 20 26 25 29 41h60l24-162H326z\" fill=\"#FDCD60\" /><path d=\"M454 638c15 10 35 16 57 16s42-6 57-16 21-22 21-35-8-25-21-35-35-16-57-16-42 6-57 16-21 22-21 35 8 25 21 35z m-3-45h115v20H451z\" fill=\"#AFBCF3\" /><path d=\"M451 593h115v20H451z\" fill=\"#FFFFFF\" /></svg>',2,0,NULL,NULL);
insert  into `media`(`id`,`type_id`,`alias`,`name`,`link`,`svg_content`,`sort`,`is_archived`,`created_at`,`updated_at`) values (16,3,NULL,'Острое',NULL,'<svg width=\"800px\" height=\"800px\" viewBox=\"0 0 1024 1024\" class=\"icon\"  version=\"1.1\" xmlns=\"http://www.w3.org/2000/svg\"><path d=\"M0.000976 0.999024h1023.000975v1023.000976H0.000976z\" fill=\"#FFFFFF\" /><path d=\"M844.176585 208.796098l-41.959024-11.988293 41.959024-10.989268 11.988293-42.958049 10.989268 42.958049 42.958049 10.989268-42.958049 11.988293-10.989268 41.959024-11.988293-41.959024zM104.898537 717.299512l-31.968781-6.993171 31.968781-7.992195 7.992195-31.96878 6.99317 31.96878 32.967805 7.992195-32.967805 6.993171-6.99317 32.967805-7.992195-32.967805zM883.138537 261.74439l-14.985366-2.997073 14.985366-3.996097 2.997073-13.986342 2.997073 13.986342 14.985366 3.996097-14.985366 2.997073-2.997073 14.985366-2.997073-14.985366zM109.893659 544.468293l-14.985366-2.997073 14.985366-2.997074 2.997073-14.985366 2.997073 14.985366 14.985366 2.997074-14.985366 2.997073-2.997073 14.985366-2.997073-14.985366z\" fill=\"#FDCD60\" /><path d=\"M114.88878 348.659512m-8.991219 0a8.99122 8.99122 0 1 0 17.982439 0 8.99122 8.99122 0 1 0-17.982439 0Z\" fill=\"#5546CB\" /><path d=\"M910.112195 711.305366a24.97561 24.97561 0 1 1 24.97561-24.97561 24.97561 24.97561 0 0 1-24.97561 24.97561z m0-35.964878a9.990244 9.990244 0 1 1 0 0.999024z\" fill=\"#5546CB\" /><path d=\"M626.389268 469.541463h69.931708v204.650147h-69.931708z\" fill=\"#FDCD60\" /><path d=\"M190.814634 734.282927h644.370732v34.965853H190.814634z\" fill=\"#AFBCF3\" /><path d=\"M855.165854 714.302439H170.834146v74.926829h684.331708z m-19.980488 54.946341H190.814634v-34.965853h644.370732z\" fill=\"#5546CB\" /><path d=\"M150.853659 837.182439h722.294634v34.965854H150.853659z\" fill=\"#AFBCF3\" /><path d=\"M127.876098 817.201951v74.926829h767.250731v-74.926829z m745.272195 54.946342H150.853659v-34.965854h722.294634z\" fill=\"#5546CB\" /><path d=\"M487.524878 483.527805h49.95122v182.821463h-49.95122z\" fill=\"#FDCD60\" /><path d=\"M467.54439 686.329756h89.912195V463.547317h-89.912195z m19.980488-202.801951h49.95122v182.821463h-49.95122z\" fill=\"#5546CB\" /><path d=\"M339.669268 483.527805h49.95122v182.821463h-49.95122z\" fill=\"#FDCD60\" /><path d=\"M319.68878 686.329756h89.912196V463.547317h-89.912196z m19.980488-202.801951h49.95122v182.821463h-49.95122z\" fill=\"#5546CB\" /><path d=\"M190.814634 373.635122h49.95122v40.96h-49.95122z\" fill=\"#FF8859\" /><path d=\"M260.746341 353.654634h-89.912195v80.920976h89.912195z m-19.980487 60.940488h-49.95122v-40.96h49.95122z\" fill=\"#5546CB\" /><path d=\"M784.235122 373.635122h49.951219v40.96h-49.951219z\" fill=\"#FF8859\" /><path d=\"M854.166829 353.654634h-89.912195v80.920976h89.912195z m-19.980488 60.940488h-49.951219v-40.96h49.951219z\" fill=\"#5546CB\" /><path d=\"M636.379512 373.635122h49.95122v40.96h-49.95122z\" fill=\"#FF8859\" /><path d=\"M706.31122 353.654634h-89.912196v80.920976h89.912196z m-19.980488 60.940488h-49.95122v-40.96h49.95122z\" fill=\"#5546CB\" /><path d=\"M487.524878 373.635122h49.95122v40.96h-49.95122z\" fill=\"#FF8859\" /><path d=\"M557.456585 353.654634h-89.912195v80.920976h89.912195z m-19.980487 60.940488h-49.95122v-40.96h49.95122z\" fill=\"#5546CB\" /><path d=\"M339.669268 373.635122h49.95122v40.96h-49.95122z\" fill=\"#FF8859\" /><path d=\"M409.600976 353.654634h-89.912196v80.920976h89.912196z m-19.980488 60.940488h-49.95122v-40.96h49.95122z\" fill=\"#5546CB\" /><path d=\"M515.497561 140.862439L241.764878 305.701463h542.470244L515.497561 140.862439z\" fill=\"#FDCD60\" /><path d=\"M515.497561 116.885854L170.834146 325.681951h683.332683z m0 23.976585l268.737561 164.839024H241.764878zM615.4 688.327805h89.912195V465.545366h-89.912195z m19.980488-202.801951h49.951219v182.821463h-49.951219z\" fill=\"#5546CB\" /><path d=\"M783.236098 485.525854h49.951219v182.821463h-49.951219z\" fill=\"#FDCD60\" /><path d=\"M763.25561 688.327805h89.912195V465.545366h-89.912195z m19.980488-202.801951h49.951219v182.821463h-49.951219z\" fill=\"#5546CB\" /><path d=\"M189.81561 666.349268h49.951219V481.529756h-48.952195l-0.999024 184.819512z\" fill=\"#FDCD60\" /><path d=\"M260.746341 461.549268h-89.912195v224.780488h88.913171z m-20.979512 204.8h-49.951219V481.529756h48.952195z\" fill=\"#5546CB\" /></svg>',3,0,NULL,NULL);
insert  into `media`(`id`,`type_id`,`alias`,`name`,`link`,`svg_content`,`sort`,`is_archived`,`created_at`,`updated_at`) values (17,4,NULL,'заказ отправлен',NULL,NULL,NULL,0,NULL,NULL);
insert  into `media`(`id`,`type_id`,`alias`,`name`,`link`,`svg_content`,`sort`,`is_archived`,`created_at`,`updated_at`) values (18,2,NULL,NULL,'',NULL,3,1,NULL,NULL);
insert  into `media`(`id`,`type_id`,`alias`,`name`,`link`,`svg_content`,`sort`,`is_archived`,`created_at`,`updated_at`) values (23,3,NULL,'Акция',NULL,NULL,4,0,NULL,NULL);
insert  into `media`(`id`,`type_id`,`alias`,`name`,`link`,`svg_content`,`sort`,`is_archived`,`created_at`,`updated_at`) values (24,3,NULL,'Веган',NULL,NULL,5,0,NULL,NULL);
insert  into `media`(`id`,`type_id`,`alias`,`name`,`link`,`svg_content`,`sort`,`is_archived`,`created_at`,`updated_at`) values (25,5,NULL,'FB','http://facebook.com',NULL,1,0,NULL,NULL);

/*Table structure for table `migration` */


CREATE TABLE `migration` (
  `version` varchar(180) COLLATE utf8mb4_general_ci NOT NULL,
  `apply_time` int DEFAULT NULL,
  PRIMARY KEY (`version`)
) ENGINE=InnoDB DEFAULT CHARSET=utf8mb4 COLLATE=utf8mb4_general_ci;

/*Data for the table `migration` */

insert  into `migration`(`version`,`apply_time`) values ('m000000_000000_base',1721496388);
insert  into `migration`(`version`,`apply_time`) values ('m130524_201442_init',1721496392);
insert  into `migration`(`version`,`apply_time`) values ('m190124_110200_add_verification_token_column_to_user_table',1721496392);
insert  into `migration`(`version`,`apply_time`) values ('m240721_092208_media',1721554069);
insert  into `migration`(`version`,`apply_time`) values ('m240721_092222_file',1721554118);
insert  into `migration`(`version`,`apply_time`) values ('m240721_092233_category',1721555256);
insert  into `migration`(`version`,`apply_time`) values ('m240721_092244_product',1721555256);
insert  into `migration`(`version`,`apply_time`) values ('m240721_092257_product_tag',1721555256);
insert  into `migration`(`version`,`apply_time`) values ('m240721_092341_ingredient',1721555256);
insert  into `migration`(`version`,`apply_time`) values ('m240721_092351_category_ingredient',1721555257);
insert  into `migration`(`version`,`apply_time`) values ('m240721_092405_ingredient_list',1721555257);
insert  into `migration`(`version`,`apply_time`) values ('m240721_100541_index_category_ingredient',1721556434);
insert  into `migration`(`version`,`apply_time`) values ('m240721_100844_index_product',1721556619);
insert  into `migration`(`version`,`apply_time`) values ('m240721_101139_index_product_tag',1721556969);
insert  into `migration`(`version`,`apply_time`) values ('m240721_101823_index_ingredient_list',1721557229);
insert  into `migration`(`version`,`apply_time`) values ('m240802_141137_insert_media',1722608111);
insert  into `migration`(`version`,`apply_time`) values ('m240907_111638_alter_ingredient_list',1725795012);
insert  into `migration`(`version`,`apply_time`) values ('m240907_111654_alter_category',1725795012);
insert  into `migration`(`version`,`apply_time`) values ('m240907_111711_alter_ingredient',1725795012);
insert  into `migration`(`version`,`apply_time`) values ('m240907_111740_alter_media',1725795012);
insert  into `migration`(`version`,`apply_time`) values ('m240908_124651_alter_product',1725825661);
insert  into `migration`(`version`,`apply_time`) values ('m240915_160858_alter_product',1726429634);
insert  into `migration`(`version`,`apply_time`) values ('m241005_071236_alter_product',1728145189);
insert  into `migration`(`version`,`apply_time`) values ('m241216_120254_setting',1734359539);
insert  into `migration`(`version`,`apply_time`) values ('m241216_120431_insert_setting',1734359539);

/*Table structure for table `order_items` */


CREATE TABLE `order_items` (
  `id` int NOT NULL AUTO_INCREMENT,
  `order_id` bigint DEFAULT NULL,
  `product_id` int NOT NULL,
  `count` tinyint NOT NULL,
  `ingredient_id` int DEFAULT NULL,
  PRIMARY KEY (`id`),
  KEY `product_id` (`product_id`),
  KEY `ingredient_id` (`ingredient_id`),
  CONSTRAINT `order_items_ibfk_1` FOREIGN KEY (`product_id`) REFERENCES `product` (`id`),
  CONSTRAINT `order_items_ibfk_2` FOREIGN KEY (`ingredient_id`) REFERENCES `ingredient_list` (`id`)
) ENGINE=InnoDB DEFAULT CHARSET=utf8mb4 COLLATE=utf8mb4_general_ci;

/*Data for the table `order_items` */

/*Table structure for table `order_option_type` */


CREATE TABLE `order_option_type` (
  `id` int NOT NULL AUTO_INCREMENT,
  `oder_deveilery_id` int NOT NULL,
  `name` varchar(40) COLLATE utf8mb4_general_ci NOT NULL,
  `options` varchar(40) COLLATE utf8mb4_general_ci NOT NULL,
  PRIMARY KEY (`id`)
) ENGINE=InnoDB AUTO_INCREMENT=23 DEFAULT CHARSET=utf8mb4 COLLATE=utf8mb4_general_ci;

/*Data for the table `order_option_type` */

insert  into `order_option_type`(`id`,`oder_deveilery_id`,`name`,`options`) values (1,1,'доставка\r\n\r\n','Москва');
insert  into `order_option_type`(`id`,`oder_deveilery_id`,`name`,`options`) values (2,1,'','Дзержинский');
insert  into `order_option_type`(`id`,`oder_deveilery_id`,`name`,`options`) values (3,1,'','Балашиха');
insert  into `order_option_type`(`id`,`oder_deveilery_id`,`name`,`options`) values (4,1,'','Долгопрудный');
insert  into `order_option_type`(`id`,`oder_deveilery_id`,`name`,`options`) values (5,1,'','Железнодорожный');
insert  into `order_option_type`(`id`,`oder_deveilery_id`,`name`,`options`) values (6,1,'','Некрасовка');
insert  into `order_option_type`(`id`,`oder_deveilery_id`,`name`,`options`) values (7,1,'','Жуковский');
insert  into `order_option_type`(`id`,`oder_deveilery_id`,`name`,`options`) values (8,1,'','Жулебино');
insert  into `order_option_type`(`id`,`oder_deveilery_id`,`name`,`options`) values (9,1,'','Химки');
insert  into `order_option_type`(`id`,`oder_deveilery_id`,`name`,`options`) values (10,1,'','Люберцы');
insert  into `order_option_type`(`id`,`oder_deveilery_id`,`name`,`options`) values (11,2,'самовывоз','Балашиха, Некрасова, 7');
insert  into `order_option_type`(`id`,`oder_deveilery_id`,`name`,`options`) values (12,2,'','Балашиха, Звездная, 2А');
insert  into `order_option_type`(`id`,`oder_deveilery_id`,`name`,`options`) values (13,2,'','Балашиха, Проспект Ленина, 76');
insert  into `order_option_type`(`id`,`oder_deveilery_id`,`name`,`options`) values (14,2,'','Железно­дорожный, Саввинское ш., 10');
insert  into `order_option_type`(`id`,`oder_deveilery_id`,`name`,`options`) values (15,2,'','Ольгино, Граничная ул, 18с2');
insert  into `order_option_type`(`id`,`oder_deveilery_id`,`name`,`options`) values (16,2,'','Москва, Чонгарский бульвар, д. 10, к. 1');
insert  into `order_option_type`(`id`,`oder_deveilery_id`,`name`,`options`) values (17,2,'','Жуковский, Солнечная, д. 12');
insert  into `order_option_type`(`id`,`oder_deveilery_id`,`name`,`options`) values (18,2,'','Химки, Германа Титова, 10А');
insert  into `order_option_type`(`id`,`oder_deveilery_id`,`name`,`options`) values (19,2,'','Дзержинский, Лесная, д. 1');
insert  into `order_option_type`(`id`,`oder_deveilery_id`,`name`,`options`) values (20,2,'','Долгопрудный, Набережная, 21');
insert  into `order_option_type`(`id`,`oder_deveilery_id`,`name`,`options`) values (21,2,'','Жулебино, Летчика Ларюшина, 16');
insert  into `order_option_type`(`id`,`oder_deveilery_id`,`name`,`options`) values (22,2,'','Люберцы, Некрасовский проезд, 5А');

/*Table structure for table `order_type` */


CREATE TABLE `order_type` (
  `id` int NOT NULL AUTO_INCREMENT,
  `order_type_id` int NOT NULL,
  `name` varchar(40) COLLATE utf8mb4_general_ci NOT NULL,
  `title` varchar(25) COLLATE utf8mb4_general_ci DEFAULT NULL,
  `options` varchar(40) COLLATE utf8mb4_general_ci DEFAULT NULL,
  `input_placeholder` varchar(255) COLLATE utf8mb4_general_ci DEFAULT NULL,
  PRIMARY KEY (`id`)
) ENGINE=InnoDB AUTO_INCREMENT=5 DEFAULT CHARSET=utf8mb4 COLLATE=utf8mb4_general_ci;

/*Data for the table `order_type` */

insert  into `order_type`(`id`,`order_type_id`,`name`,`title`,`options`,`input_placeholder`) values (1,1,'Оплата картой курьеру',NULL,NULL,NULL);
insert  into `order_type`(`id`,`order_type_id`,`name`,`title`,`options`,`input_placeholder`) values (2,2,'Наличными курьеру','нужна сдача с:\r\n\r\n','1000',NULL);
insert  into `order_type`(`id`,`order_type_id`,`name`,`title`,`options`,`input_placeholder`) values (3,2,'',NULL,'2000',NULL);
insert  into `order_type`(`id`,`order_type_id`,`name`,`title`,`options`,`input_placeholder`) values (4,2,'',NULL,'3000',NULL);

/*Table structure for table `orders` */


CREATE TABLE `orders` (
  `id` bigint NOT NULL AUTO_INCREMENT,
  `name` varchar(255) COLLATE utf8mb4_general_ci NOT NULL,
  `count_person` int NOT NULL,
  `phone` varchar(11) COLLATE utf8mb4_general_ci NOT NULL,
  `order_type_id` int NOT NULL,
  `order_option_type_id` int NOT NULL,
  `address` varchar(40) CHARACTER SET utf8mb4 COLLATE utf8mb4_general_ci DEFAULT NULL,
  `home` text COLLATE utf8mb4_general_ci,
  `structure` text COLLATE utf8mb4_general_ci,
  `entrance` text COLLATE utf8mb4_general_ci,
  `intercom` text COLLATE utf8mb4_general_ci,
  `floor` tinyint DEFAULT NULL,
  `apartment` tinyint DEFAULT NULL,
  `comment` text COLLATE utf8mb4_general_ci,
  `order_items_id` int DEFAULT NULL,
  `order_ingredient_id` int DEFAULT NULL,
  PRIMARY KEY (`id`),
  KEY `order_type_id` (`order_type_id`),
  KEY `order_option_type_id` (`order_option_type_id`),
  KEY `order_items_id` (`order_items_id`),
  CONSTRAINT `orders_ibfk_1` FOREIGN KEY (`order_type_id`) REFERENCES `order_type` (`id`),
  CONSTRAINT `orders_ibfk_2` FOREIGN KEY (`order_option_type_id`) REFERENCES `order_option_type` (`id`),
  CONSTRAINT `orders_ibfk_3` FOREIGN KEY (`order_items_id`) REFERENCES `order_items` (`id`)
) ENGINE=InnoDB DEFAULT CHARSET=utf8mb4 COLLATE=utf8mb4_general_ci;

/*Data for the table `orders` */

/*Table structure for table `product` */


CREATE TABLE `product` (
  `id` int NOT NULL AUTO_INCREMENT,
  `short_name` varchar(128) COLLATE utf8mb4_general_ci DEFAULT NULL,
  `name` varchar(128) COLLATE utf8mb4_general_ci DEFAULT NULL,
  `notes` text COLLATE utf8mb4_general_ci,
  `count` tinyint DEFAULT NULL,
  `weight` varchar(16) COLLATE utf8mb4_general_ci DEFAULT NULL,
  `category_id` int DEFAULT NULL,
  `sort` int DEFAULT NULL,
  `is_no_sauce` tinyint DEFAULT '0',
  `amount_big` int DEFAULT NULL,
  `amount_big_note` tinytext COLLATE utf8mb4_general_ci,
  `amount_small` int DEFAULT NULL,
  `amount_small_note` tinytext COLLATE utf8mb4_general_ci,
  `option_big_1` varchar(64) COLLATE utf8mb4_general_ci DEFAULT NULL,
  `option_big_2` varchar(64) COLLATE utf8mb4_general_ci DEFAULT NULL,
  `option_small_1` varchar(64) COLLATE utf8mb4_general_ci DEFAULT NULL,
  `option_small_2` varchar(64) COLLATE utf8mb4_general_ci DEFAULT NULL,
  `is_gift` tinyint DEFAULT '0',
  `is_new` tinyint DEFAULT '0',
  `created_at` int DEFAULT NULL,
  `updated_at` int DEFAULT NULL,
  PRIMARY KEY (`id`),
  KEY `category_id1` (`category_id`),
  CONSTRAINT `category_id1` FOREIGN KEY (`category_id`) REFERENCES `category` (`id`)
) ENGINE=InnoDB AUTO_INCREMENT=186 DEFAULT CHARSET=utf8mb4 COLLATE=utf8mb4_general_ci;

/*Data for the table `product` */

insert  into `product`(`id`,`short_name`,`name`,`notes`,`count`,`weight`,`category_id`,`sort`,`is_no_sauce`,`amount_big`,`amount_big_note`,`amount_small`,`amount_small_note`,`option_big_1`,`option_big_2`,`option_small_1`,`option_small_2`,`is_gift`,`is_new`,`created_at`,`updated_at`) values (7,'Сливочный цыпленок','Сливочный цыпленок','Соус сливочный, Моцарелла, куриное филе, помидоры Черри, Чеддер',1,NULL,2,NULL,0,850,'36 см',450,'25 см','тонкое 578 г','пышное 700 г','пышное 400 г','',0,0,NULL,NULL);
insert  into `product`(`id`,`short_name`,`name`,`notes`,`count`,`weight`,`category_id`,`sort`,`is_no_sauce`,`amount_big`,`amount_big_note`,`amount_small`,`amount_small_note`,`option_big_1`,`option_big_2`,`option_small_1`,`option_small_2`,`is_gift`,`is_new`,`created_at`,`updated_at`) values (8,'Креветка Бекон','Креветка Бекон','Баварский соус, Моцарелла, креветка тигровая, бекон, лук порей, Пармезан',1,NULL,2,NULL,0,950,'36 см',520,'25 см','тонкое 540 г','пышное 660 г','тонкое 380 г','',0,0,NULL,NULL);
insert  into `product`(`id`,`short_name`,`name`,`notes`,`count`,`weight`,`category_id`,`sort`,`is_no_sauce`,`amount_big`,`amount_big_note`,`amount_small`,`amount_small_note`,`option_big_1`,`option_big_2`,`option_small_1`,`option_small_2`,`is_gift`,`is_new`,`created_at`,`updated_at`) values (9,'Филадельфия','Филадельфия','Соус сливочный, сыр Моцарелла, филе лосося, сыр творожный, лук порей',1,NULL,2,NULL,0,990,'36 см',650,'25 см','тонкое 550 г','пышное 655 г','тонкое 380 г','',0,0,NULL,NULL);
insert  into `product`(`id`,`short_name`,`name`,`notes`,`count`,`weight`,`category_id`,`sort`,`is_no_sauce`,`amount_big`,`amount_big_note`,`amount_small`,`amount_small_note`,`option_big_1`,`option_big_2`,`option_small_1`,`option_small_2`,`is_gift`,`is_new`,`created_at`,`updated_at`) values (10,'Цезарь','Пицца Цезарь','Моцарелла, Пармезан, куриное филе, помидоры Черри, салат Айсберг, соус Цезарь, соус сливочный, гренки',1,NULL,2,NULL,0,890,'36 см',490,'25 см','тонкое 620 г','пышное 740 г','тонкое  410 г','',0,0,NULL,NULL);
insert  into `product`(`id`,`short_name`,`name`,`notes`,`count`,`weight`,`category_id`,`sort`,`is_no_sauce`,`amount_big`,`amount_big_note`,`amount_small`,`amount_small_note`,`option_big_1`,`option_big_2`,`option_small_1`,`option_small_2`,`is_gift`,`is_new`,`created_at`,`updated_at`) values (11,'Пепперони','Пепперони','Моцарелла, колбаса Пепперони, фирменный томатный соус',1,NULL,2,NULL,0,650,'36 см',360,'25 см','тонкое 470 г','пышное 590 г','пышное  350 г','',0,0,NULL,NULL);
insert  into `product`(`id`,`short_name`,`name`,`notes`,`count`,`weight`,`category_id`,`sort`,`is_no_sauce`,`amount_big`,`amount_big_note`,`amount_small`,`amount_small_note`,`option_big_1`,`option_big_2`,`option_small_1`,`option_small_2`,`is_gift`,`is_new`,`created_at`,`updated_at`) values (12,'Двойная пепперони','Двойная пепперони','Моцарелла, колбаса Пепперони, фирменный томатный соус',1,NULL,2,NULL,0,790,'36 см',420,'25 см','тонкое 520 г','пышное 640 г','пышное  370 г','',0,0,NULL,NULL);
insert  into `product`(`id`,`short_name`,`name`,`notes`,`count`,`weight`,`category_id`,`sort`,`is_no_sauce`,`amount_big`,`amount_big_note`,`amount_small`,`amount_small_note`,`option_big_1`,`option_big_2`,`option_small_1`,`option_small_2`,`is_gift`,`is_new`,`created_at`,`updated_at`) values (13,'Фирменная','Фирменная','Моцарелла, Чеддер, помидоры Черри, огурцы маринованные, рваная свинина BBQ, лук красный, бекон, фирменный томатный соус',1,NULL,2,NULL,0,950,'36 см',550,'25 см','тонкое 650 г','пышное 770 г','пышное  440 г','',0,0,NULL,NULL);
insert  into `product`(`id`,`short_name`,`name`,`notes`,`count`,`weight`,`category_id`,`sort`,`is_no_sauce`,`amount_big`,`amount_big_note`,`amount_small`,`amount_small_note`,`option_big_1`,`option_big_2`,`option_small_1`,`option_small_2`,`is_gift`,`is_new`,`created_at`,`updated_at`) values (14,'Сэндвич Цезарь','Сэндвич Цезарь','Багет пшеничный, соус Цезарь, куриное филе, салат Айсберг, помидоры Черри, сыр Пармезан',1,'',20,NULL,0,390,'320 г',200,'160 г','','','','',0,0,NULL,NULL);
insert  into `product`(`id`,`short_name`,`name`,`notes`,`count`,`weight`,`category_id`,`sort`,`is_no_sauce`,`amount_big`,`amount_big_note`,`amount_small`,`amount_small_note`,`option_big_1`,`option_big_2`,`option_small_1`,`option_small_2`,`is_gift`,`is_new`,`created_at`,`updated_at`) values (15,'Сэндвич со свининой','Сэндвич со свининой','Багет пшеничный, соус BBQ, сыр Чеддер, салат Айсберг, помидоры Черри, рваная свинина BBQ',1,NULL,20,NULL,0,450,'320 г',220,'160 г','','','','',0,0,NULL,NULL);
insert  into `product`(`id`,`short_name`,`name`,`notes`,`count`,`weight`,`category_id`,`sort`,`is_no_sauce`,`amount_big`,`amount_big_note`,`amount_small`,`amount_small_note`,`option_big_1`,`option_big_2`,`option_small_1`,`option_small_2`,`is_gift`,`is_new`,`created_at`,`updated_at`) values (16,'Сэндвич с ветчиной и сыром','Сэндвич с ветчиной и сыром','Багет пшеничный, соус горчичный, сыр Чеддер, салат Айсберг, помидоры Черри, ветчина из индейки, лук красный',1,NULL,20,NULL,0,390,'340 г',200,'170 г','','','','',0,0,NULL,NULL);
insert  into `product`(`id`,`short_name`,`name`,`notes`,`count`,`weight`,`category_id`,`sort`,`is_no_sauce`,`amount_big`,`amount_big_note`,`amount_small`,`amount_small_note`,`option_big_1`,`option_big_2`,`option_small_1`,`option_small_2`,`is_gift`,`is_new`,`created_at`,`updated_at`) values (17,'Сэндвич с индейкой BBQ','Сэндвич с индейкой BBQ','Багет пшеничный, соус Бургер, сыр Чеддер, салат Айсберг, помидоры Черри, индейка BBQ, огурцы маринованные',1,NULL,20,NULL,0,490,'350 г',220,'175 г','','','','',0,0,NULL,NULL);
insert  into `product`(`id`,`short_name`,`name`,`notes`,`count`,`weight`,`category_id`,`sort`,`is_no_sauce`,`amount_big`,`amount_big_note`,`amount_small`,`amount_small_note`,`option_big_1`,`option_big_2`,`option_small_1`,`option_small_2`,`is_gift`,`is_new`,`created_at`,`updated_at`) values (18,'Баварский сэндвич','Баварский сэндвич','Багет пшеничный, соус BBQ, сыр Чеддер, соус Шрирача, огурцы маринованные, Баварская колбаса, соус горчичный, перец Халапеньо, Салат Айсберг',1,NULL,20,NULL,0,490,'365 г',200,'180 г','','','','',0,0,NULL,NULL);
insert  into `product`(`id`,`short_name`,`name`,`notes`,`count`,`weight`,`category_id`,`sort`,`is_no_sauce`,`amount_big`,`amount_big_note`,`amount_small`,`amount_small_note`,`option_big_1`,`option_big_2`,`option_small_1`,`option_small_2`,`is_gift`,`is_new`,`created_at`,`updated_at`) values (19,'Пита с рваной свининой','Пита с рваной свининой','Арабская пита, рваная свинина, соус горчичный, салат Коул-Слоу, огурцы маринованные, помидоры Черри',1,'260.00',22,NULL,0,350,'',NULL,'','','','','',0,0,NULL,NULL);
insert  into `product`(`id`,`short_name`,`name`,`notes`,`count`,`weight`,`category_id`,`sort`,`is_no_sauce`,`amount_big`,`amount_big_note`,`amount_small`,`amount_small_note`,`option_big_1`,`option_big_2`,`option_small_1`,`option_small_2`,`is_gift`,`is_new`,`created_at`,`updated_at`) values (20,'Пита с курицей BBQ','Пита с курицей BBQ','Арабская пита, курица BBQ, салат Айсберг, огурцы маринованные, помидоры Черри, лук красный, соус горчичный, соус BBQ',1,'230.00',22,NULL,0,350,'',NULL,'','','','','',0,0,NULL,NULL);
insert  into `product`(`id`,`short_name`,`name`,`notes`,`count`,`weight`,`category_id`,`sort`,`is_no_sauce`,`amount_big`,`amount_big_note`,`amount_small`,`amount_small_note`,`option_big_1`,`option_big_2`,`option_small_1`,`option_small_2`,`is_gift`,`is_new`,`created_at`,`updated_at`) values (21,'Пита с индейкой BBQ','Пита с индейкой BBQ','Арабская пита, индейка BBQ, соус Бургер, салат Айсберг, огурцы маринованные, помидоры Черри, лук красный',1,'230.00',22,NULL,0,390,'',NULL,'','','','','',0,0,NULL,NULL);
insert  into `product`(`id`,`short_name`,`name`,`notes`,`count`,`weight`,`category_id`,`sort`,`is_no_sauce`,`amount_big`,`amount_big_note`,`amount_small`,`amount_small_note`,`option_big_1`,`option_big_2`,`option_small_1`,`option_small_2`,`is_gift`,`is_new`,`created_at`,`updated_at`) values (22,'Чесночные гренки','Чесночные гренки','Бородинский хлеб, чесночное масло, соль, соус Ранч',NULL,'250.00',16,NULL,0,180,'',NULL,'','','','','',0,0,NULL,NULL);
insert  into `product`(`id`,`short_name`,`name`,`notes`,`count`,`weight`,`category_id`,`sort`,`is_no_sauce`,`amount_big`,`amount_big_note`,`amount_small`,`amount_small_note`,`option_big_1`,`option_big_2`,`option_small_1`,`option_small_2`,`is_gift`,`is_new`,`created_at`,`updated_at`) values (23,'Свиные ребра BBQ','Свиные ребра BBQ','Свиные ребра, приготовленные в смокере, соус BBQ',NULL,'250.00',16,NULL,0,550,'',NULL,'','','','','',0,0,NULL,NULL);
insert  into `product`(`id`,`short_name`,`name`,`notes`,`count`,`weight`,`category_id`,`sort`,`is_no_sauce`,`amount_big`,`amount_big_note`,`amount_small`,`amount_small_note`,`option_big_1`,`option_big_2`,`option_small_1`,`option_small_2`,`is_gift`,`is_new`,`created_at`,`updated_at`) values (24,'Крылья BBQ','Крылья BBQ','Куриные крылья, приготовленые в смокере, соус BBQ',NULL,'200.00',16,NULL,0,390,'',NULL,'','','','','',0,0,NULL,NULL);
insert  into `product`(`id`,`short_name`,`name`,`notes`,`count`,`weight`,`category_id`,`sort`,`is_no_sauce`,`amount_big`,`amount_big_note`,`amount_small`,`amount_small_note`,`option_big_1`,`option_big_2`,`option_small_1`,`option_small_2`,`is_gift`,`is_new`,`created_at`,`updated_at`) values (25,'Наггетсы куриные','Наггетсы куриные','',NULL,'100.00',16,NULL,0,220,'',NULL,'','','','','',0,0,NULL,NULL);
insert  into `product`(`id`,`short_name`,`name`,`notes`,`count`,`weight`,`category_id`,`sort`,`is_no_sauce`,`amount_big`,`amount_big_note`,`amount_small`,`amount_small_note`,`option_big_1`,`option_big_2`,`option_small_1`,`option_small_2`,`is_gift`,`is_new`,`created_at`,`updated_at`) values (26,'Сырные палочки','Сырные палочки','Жареная моцарелла в панировке',NULL,'100.00',16,NULL,0,250,'',NULL,'','','','','',0,0,NULL,NULL);
insert  into `product`(`id`,`short_name`,`name`,`notes`,`count`,`weight`,`category_id`,`sort`,`is_no_sauce`,`amount_big`,`amount_big_note`,`amount_small`,`amount_small_note`,`option_big_1`,`option_big_2`,`option_small_1`,`option_small_2`,`is_gift`,`is_new`,`created_at`,`updated_at`) values (27,'Картофель фри','Картофель фри','',NULL,'100.00',16,NULL,0,180,'',NULL,'','','','','',0,0,NULL,NULL);
insert  into `product`(`id`,`short_name`,`name`,`notes`,`count`,`weight`,`category_id`,`sort`,`is_no_sauce`,`amount_big`,`amount_big_note`,`amount_small`,`amount_small_note`,`option_big_1`,`option_big_2`,`option_small_1`,`option_small_2`,`is_gift`,`is_new`,`created_at`,`updated_at`) values (28,'Картофель по-деревенски','Картофель по-деревенски','',NULL,'100.00',16,NULL,0,180,'',NULL,'','','','','',0,0,NULL,NULL);
insert  into `product`(`id`,`short_name`,`name`,`notes`,`count`,`weight`,`category_id`,`sort`,`is_no_sauce`,`amount_big`,`amount_big_note`,`amount_small`,`amount_small_note`,`option_big_1`,`option_big_2`,`option_small_1`,`option_small_2`,`is_gift`,`is_new`,`created_at`,`updated_at`) values (29,'Хот-дог датский','Хот-дог датский','Булочка пшеничная, сосиска из мраморной говядины, огурцы маринованные, соус горчичный, кетчуп, лук фри, сыр Чеддер, Салат Айсберг',NULL,'270.00',21,NULL,0,350,'',NULL,'','','','','',0,0,NULL,NULL);
insert  into `product`(`id`,`short_name`,`name`,`notes`,`count`,`weight`,`category_id`,`sort`,`is_no_sauce`,`amount_big`,`amount_big_note`,`amount_small`,`amount_small_note`,`option_big_1`,`option_big_2`,`option_small_1`,`option_small_2`,`is_gift`,`is_new`,`created_at`,`updated_at`) values (30,'Хот-дог американский','Хот-дог американский','Булочка пшеничная, сосиска из мраморной говядины, соус горчичный, салат Коул-Слоу, сыр Чеддер, Салат Айсберг',NULL,'260.00',21,NULL,0,350,'',NULL,'','','','','',0,0,NULL,NULL);
insert  into `product`(`id`,`short_name`,`name`,`notes`,`count`,`weight`,`category_id`,`sort`,`is_no_sauce`,`amount_big`,`amount_big_note`,`amount_small`,`amount_small_note`,`option_big_1`,`option_big_2`,`option_small_1`,`option_small_2`,`is_gift`,`is_new`,`created_at`,`updated_at`) values (31,'Хот-дог мексиканский','Хот-дог мексиканский','Булочка пшеничная, сосиска из мраморной говядины, соус Бургер, сыр Чеддер, перец Халапеньо, соус Шрирача, салат из огурца, авокадо, болгарского перца и кукурузы',NULL,'240.00',21,NULL,0,350,'',NULL,'','','','','',0,0,NULL,NULL);
insert  into `product`(`id`,`short_name`,`name`,`notes`,`count`,`weight`,`category_id`,`sort`,`is_no_sauce`,`amount_big`,`amount_big_note`,`amount_small`,`amount_small_note`,`option_big_1`,`option_big_2`,`option_small_1`,`option_small_2`,`is_gift`,`is_new`,`created_at`,`updated_at`) values (32,'Морс клюквенный','Морс клюквенный','500 мл',NULL,NULL,18,NULL,0,120,'',NULL,'','','','','',1,0,NULL,NULL);
insert  into `product`(`id`,`short_name`,`name`,`notes`,`count`,`weight`,`category_id`,`sort`,`is_no_sauce`,`amount_big`,`amount_big_note`,`amount_small`,`amount_small_note`,`option_big_1`,`option_big_2`,`option_small_1`,`option_small_2`,`is_gift`,`is_new`,`created_at`,`updated_at`) values (33,'Морс облепиховый','Морс облепиховый','500 мл',NULL,NULL,18,NULL,0,120,'',NULL,'','','','','',1,0,NULL,NULL);
insert  into `product`(`id`,`short_name`,`name`,`notes`,`count`,`weight`,`category_id`,`sort`,`is_no_sauce`,`amount_big`,`amount_big_note`,`amount_small`,`amount_small_note`,`option_big_1`,`option_big_2`,`option_small_1`,`option_small_2`,`is_gift`,`is_new`,`created_at`,`updated_at`) values (34,' Морс черная смородина',' Морс черная смородина','500 мл',NULL,NULL,18,NULL,0,120,'',NULL,'','','','','',0,0,NULL,NULL);
insert  into `product`(`id`,`short_name`,`name`,`notes`,`count`,`weight`,`category_id`,`sort`,`is_no_sauce`,`amount_big`,`amount_big_note`,`amount_small`,`amount_small_note`,`option_big_1`,`option_big_2`,`option_small_1`,`option_small_2`,`is_gift`,`is_new`,`created_at`,`updated_at`) values (35,'Морс вишневый','Морс вишневый','500 мл',NULL,NULL,18,NULL,0,120,'',NULL,'','','','','',1,0,NULL,NULL);
insert  into `product`(`id`,`short_name`,`name`,`notes`,`count`,`weight`,`category_id`,`sort`,`is_no_sauce`,`amount_big`,`amount_big_note`,`amount_small`,`amount_small_note`,`option_big_1`,`option_big_2`,`option_small_1`,`option_small_2`,`is_gift`,`is_new`,`created_at`,`updated_at`) values (36,'Ролл Шоколадный банан','Ролл Шоколадный банан','Тесто харумаки, банан, сливочный крем, шоколадный топпинг, арахис',8,'225.00',17,NULL,0,330,'',NULL,'','','','','',0,0,NULL,NULL);
insert  into `product`(`id`,`short_name`,`name`,`notes`,`count`,`weight`,`category_id`,`sort`,`is_no_sauce`,`amount_big`,`amount_big_note`,`amount_small`,`amount_small_note`,`option_big_1`,`option_big_2`,`option_small_1`,`option_small_2`,`is_gift`,`is_new`,`created_at`,`updated_at`) values (37,'Павлова','','Нежное безе с конфи «манго-маракуйя» и сливочным кремом',1,'60.00',17,NULL,0,250,'',NULL,'','','','','',0,0,NULL,NULL);
insert  into `product`(`id`,`short_name`,`name`,`notes`,`count`,`weight`,`category_id`,`sort`,`is_no_sauce`,`amount_big`,`amount_big_note`,`amount_small`,`amount_small_note`,`option_big_1`,`option_big_2`,`option_small_1`,`option_small_2`,`is_gift`,`is_new`,`created_at`,`updated_at`) values (38,'Чизкейк Нью-Йорк','Чизкейк Нью-Йорк','Классический десерт на основе творожного сыра, топпинг шоколадный',1,'110.00',17,NULL,0,250,'',NULL,'','','','','',0,0,NULL,NULL);
insert  into `product`(`id`,`short_name`,`name`,`notes`,`count`,`weight`,`category_id`,`sort`,`is_no_sauce`,`amount_big`,`amount_big_note`,`amount_small`,`amount_small_note`,`option_big_1`,`option_big_2`,`option_small_1`,`option_small_2`,`is_gift`,`is_new`,`created_at`,`updated_at`) values (39,'Ролл Фруктовый банан','Ролл Фруктовый банан','Тесто харумаки, банан, ягодно-сливочный крем, клубничный топпинг',8,'210.00',17,NULL,0,300,'',NULL,'','','','','',0,0,NULL,NULL);
insert  into `product`(`id`,`short_name`,`name`,`notes`,`count`,`weight`,`category_id`,`sort`,`is_no_sauce`,`amount_big`,`amount_big_note`,`amount_small`,`amount_small_note`,`option_big_1`,`option_big_2`,`option_small_1`,`option_small_2`,`is_gift`,`is_new`,`created_at`,`updated_at`) values (40,'Креветки васаби','Креветки васаби','Креветки тигровые в панировке, соус «Васаби»',6,'110.00',16,NULL,0,450,'',NULL,'','','','','',0,0,NULL,NULL);
insert  into `product`(`id`,`short_name`,`name`,`notes`,`count`,`weight`,`category_id`,`sort`,`is_no_sauce`,`amount_big`,`amount_big_note`,`amount_small`,`amount_small_note`,`option_big_1`,`option_big_2`,`option_small_1`,`option_small_2`,`is_gift`,`is_new`,`created_at`,`updated_at`) values (41,'Суп Мисо','Суп Мисо','Бульон мисо, тофу, грибы намеко, вакаме, лук зелёный',NULL,'300.00',15,NULL,0,150,'',NULL,'','','','','',0,0,NULL,NULL);
insert  into `product`(`id`,`short_name`,`name`,`notes`,`count`,`weight`,`category_id`,`sort`,`is_no_sauce`,`amount_big`,`amount_big_note`,`amount_small`,`amount_small_note`,`option_big_1`,`option_big_2`,`option_small_1`,`option_small_2`,`is_gift`,`is_new`,`created_at`,`updated_at`) values (42,'Эби Чикен Ям','Эби Чикен Ям','Кокосовое молоко, рис, шампиньоны, креветки тигровые, курица запеченная, паста том ям, томаты черри, кинза',NULL,'450.00',15,NULL,0,550,'',NULL,'','','','','',0,0,NULL,NULL);
insert  into `product`(`id`,`short_name`,`name`,`notes`,`count`,`weight`,`category_id`,`sort`,`is_no_sauce`,`amount_big`,`amount_big_note`,`amount_small`,`amount_small_note`,`option_big_1`,`option_big_2`,`option_small_1`,`option_small_2`,`is_gift`,`is_new`,`created_at`,`updated_at`) values (43,'Суп Сливочный с лососем','Суп Сливочный с лососем','Бульон мисо, вакаме, сливки, лосось, зеленый лук, рис',NULL,'330.00',15,NULL,0,390,'',NULL,'','','','','',0,0,NULL,NULL);
insert  into `product`(`id`,`short_name`,`name`,`notes`,`count`,`weight`,`category_id`,`sort`,`is_no_sauce`,`amount_big`,`amount_big_note`,`amount_small`,`amount_small_note`,`option_big_1`,`option_big_2`,`option_small_1`,`option_small_2`,`is_gift`,`is_new`,`created_at`,`updated_at`) values (44,'Суп Рамен с курицей','Суп Рамен с курицей','Бульон рамен, лапша яичная, лук порей, яйцо отварное, курица запеченная, кунжут, кинза',NULL,'450.00',15,NULL,0,300,'',NULL,'','','','','',0,0,NULL,NULL);
insert  into `product`(`id`,`short_name`,`name`,`notes`,`count`,`weight`,`category_id`,`sort`,`is_no_sauce`,`amount_big`,`amount_big_note`,`amount_small`,`amount_small_note`,`option_big_1`,`option_big_2`,`option_small_1`,`option_small_2`,`is_gift`,`is_new`,`created_at`,`updated_at`) values (45,'Поке с креветкой','Поке с креветкой','Рис, креветка тигровая, авокадо, салат чука, бобы эдамаме, капуста красная, икра масаго, кунжут, нори, огурец по-азиатски в остром соусе Алоха',NULL,'280.00',25,NULL,0,450,'',NULL,'','','','','',0,0,NULL,NULL);
insert  into `product`(`id`,`short_name`,`name`,`notes`,`count`,`weight`,`category_id`,`sort`,`is_no_sauce`,`amount_big`,`amount_big_note`,`amount_small`,`amount_small_note`,`option_big_1`,`option_big_2`,`option_small_1`,`option_small_2`,`is_gift`,`is_new`,`created_at`,`updated_at`) values (46,'Поке с угрем','Поке с угрем','Рис, угорь копченый, авокадо, салат чука, бобы эдамаме, капуста красная, икра масаго, кунжут, нори, огурец по-азиатски в остром соусе Алоха',NULL,'280.00',25,NULL,0,650,'',NULL,'','','','','',0,0,NULL,NULL);
insert  into `product`(`id`,`short_name`,`name`,`notes`,`count`,`weight`,`category_id`,`sort`,`is_no_sauce`,`amount_big`,`amount_big_note`,`amount_small`,`amount_small_note`,`option_big_1`,`option_big_2`,`option_small_1`,`option_small_2`,`is_gift`,`is_new`,`created_at`,`updated_at`) values (47,'Поке с лососем','Поке с лососем','Рис, лосось, авокадо, салат чука, бобы эдамаме, капуста красная, икра масаго, кунжут, нори, огурец по-азиатски в остром соусе Алоха',NULL,'280.00',25,NULL,0,550,'',NULL,'','','','','',0,0,NULL,NULL);
insert  into `product`(`id`,`short_name`,`name`,`notes`,`count`,`weight`,`category_id`,`sort`,`is_no_sauce`,`amount_big`,`amount_big_note`,`amount_small`,`amount_small_note`,`option_big_1`,`option_big_2`,`option_small_1`,`option_small_2`,`is_gift`,`is_new`,`created_at`,`updated_at`) values (48,'Салат Цезарь с креветками','Салат Цезарь с креветками','Айсберг, креветки, соус цезарь, гренки, пармезан, помидоры черри',NULL,'190.00',11,NULL,0,450,'',NULL,'','','','','',0,0,NULL,NULL);
insert  into `product`(`id`,`short_name`,`name`,`notes`,`count`,`weight`,`category_id`,`sort`,`is_no_sauce`,`amount_big`,`amount_big_note`,`amount_small`,`amount_small_note`,`option_big_1`,`option_big_2`,`option_small_1`,`option_small_2`,`is_gift`,`is_new`,`created_at`,`updated_at`) values (49,'Салат Цезарь с курицей','Салат Цезарь с курицей','Айсберг, курица запеченная, гренки, соус цезарь, пармезан, помидоры черри',NULL,'200.00',11,NULL,0,290,'',NULL,'','','','','',0,0,NULL,NULL);
insert  into `product`(`id`,`short_name`,`name`,`notes`,`count`,`weight`,`category_id`,`sort`,`is_no_sauce`,`amount_big`,`amount_big_note`,`amount_small`,`amount_small_note`,`option_big_1`,`option_big_2`,`option_small_1`,`option_small_2`,`is_gift`,`is_new`,`created_at`,`updated_at`) values (50,'Салат чука с ореховым соусом','Салат чука с ореховым соусом','Салат чука, ореховый соус, лимон, кунжут',NULL,'146.00',11,NULL,0,200,'',NULL,'','','','','',0,0,NULL,NULL);
insert  into `product`(`id`,`short_name`,`name`,`notes`,`count`,`weight`,`category_id`,`sort`,`is_no_sauce`,`amount_big`,`amount_big_note`,`amount_small`,`amount_small_note`,`option_big_1`,`option_big_2`,`option_small_1`,`option_small_2`,`is_gift`,`is_new`,`created_at`,`updated_at`) values (51,'Гункан копченый лосось','Гункан копченый лосось','Рис, нори, копченый лосось',2,'64.00',9,NULL,0,290,'',NULL,'','','','','',0,0,NULL,NULL);
insert  into `product`(`id`,`short_name`,`name`,`notes`,`count`,`weight`,`category_id`,`sort`,`is_no_sauce`,`amount_big`,`amount_big_note`,`amount_small`,`amount_small_note`,`option_big_1`,`option_big_2`,`option_small_1`,`option_small_2`,`is_gift`,`is_new`,`created_at`,`updated_at`) values (52,'Гункан масаго','Гункан масаго','Рис, нори, масаго, огурец',2,'66.00',9,NULL,0,240,'',NULL,'','','','','',0,0,NULL,NULL);
insert  into `product`(`id`,`short_name`,`name`,`notes`,`count`,`weight`,`category_id`,`sort`,`is_no_sauce`,`amount_big`,`amount_big_note`,`amount_small`,`amount_small_note`,`option_big_1`,`option_big_2`,`option_small_1`,`option_small_2`,`is_gift`,`is_new`,`created_at`,`updated_at`) values (53,'Гункан лосось','Гункан лосось','Рис, нори, лосось',2,'64.00',9,NULL,0,320,'',NULL,'','','','','',0,0,NULL,NULL);
insert  into `product`(`id`,`short_name`,`name`,`notes`,`count`,`weight`,`category_id`,`sort`,`is_no_sauce`,`amount_big`,`amount_big_note`,`amount_small`,`amount_small_note`,`option_big_1`,`option_big_2`,`option_small_1`,`option_small_2`,`is_gift`,`is_new`,`created_at`,`updated_at`) values (54,'Гункан креветка','Гункан креветка','Рис, нори, креветка тигровая',2,'64.00',9,NULL,0,280,'',NULL,'','','','','',0,0,NULL,NULL);
insert  into `product`(`id`,`short_name`,`name`,`notes`,`count`,`weight`,`category_id`,`sort`,`is_no_sauce`,`amount_big`,`amount_big_note`,`amount_small`,`amount_small_note`,`option_big_1`,`option_big_2`,`option_small_1`,`option_small_2`,`is_gift`,`is_new`,`created_at`,`updated_at`) values (55,'Гункан снежный краб','Гункан снежный краб','Рис, нори, снежный краб',2,'64.00',9,NULL,0,220,'',NULL,'','','','','',0,0,NULL,NULL);
insert  into `product`(`id`,`short_name`,`name`,`notes`,`count`,`weight`,`category_id`,`sort`,`is_no_sauce`,`amount_big`,`amount_big_note`,`amount_small`,`amount_small_note`,`option_big_1`,`option_big_2`,`option_small_1`,`option_small_2`,`is_gift`,`is_new`,`created_at`,`updated_at`) values (56,'Гункан тунец','Гункан тунец','Рис, нори, тунец',2,'64.00',9,NULL,0,280,'',NULL,'','','','','',0,0,NULL,NULL);
insert  into `product`(`id`,`short_name`,`name`,`notes`,`count`,`weight`,`category_id`,`sort`,`is_no_sauce`,`amount_big`,`amount_big_note`,`amount_small`,`amount_small_note`,`option_big_1`,`option_big_2`,`option_small_1`,`option_small_2`,`is_gift`,`is_new`,`created_at`,`updated_at`) values (57,'Гункан угорь','Гункан угорь','Рис, нори, угорь, соус унаги, кунжут',2,'70.00',9,NULL,0,320,'',NULL,'','','','','',0,0,NULL,NULL);
insert  into `product`(`id`,`short_name`,`name`,`notes`,`count`,`weight`,`category_id`,`sort`,`is_no_sauce`,`amount_big`,`amount_big_note`,`amount_small`,`amount_small_note`,`option_big_1`,`option_big_2`,`option_small_1`,`option_small_2`,`is_gift`,`is_new`,`created_at`,`updated_at`) values (58,'Гункан чука','Гункан чука','Рис, нори, чука, соус ореховый, кунжут',2,'70.00',9,NULL,0,220,'',NULL,'','','','','',0,0,NULL,NULL);
insert  into `product`(`id`,`short_name`,`name`,`notes`,`count`,`weight`,`category_id`,`sort`,`is_no_sauce`,`amount_big`,`amount_big_note`,`amount_small`,`amount_small_note`,`option_big_1`,`option_big_2`,`option_small_1`,`option_small_2`,`is_gift`,`is_new`,`created_at`,`updated_at`) values (59,'Гункан сет','Гункан сет','Гункан с лососем, Гункан с креветкой, Гункан с угрем, Гункан со снежным крабом, Гункан с тунцом. К сету прилагается соевый соус – 3 шт.',10,'326.00',9,NULL,0,990,'',NULL,'','','','','',0,0,NULL,NULL);
insert  into `product`(`id`,`short_name`,`name`,`notes`,`count`,`weight`,`category_id`,`sort`,`is_no_sauce`,`amount_big`,`amount_big_note`,`amount_small`,`amount_small_note`,`option_big_1`,`option_big_2`,`option_small_1`,`option_small_2`,`is_gift`,`is_new`,`created_at`,`updated_at`) values (60,'Гункан спайси копченый лосось','Гункан спайси копченый лосось','Рис, нори, копченый лосось, соус «Спайси»',2,'70.00',23,NULL,0,280,'',NULL,'','','','','',0,0,NULL,NULL);
insert  into `product`(`id`,`short_name`,`name`,`notes`,`count`,`weight`,`category_id`,`sort`,`is_no_sauce`,`amount_big`,`amount_big_note`,`amount_small`,`amount_small_note`,`option_big_1`,`option_big_2`,`option_small_1`,`option_small_2`,`is_gift`,`is_new`,`created_at`,`updated_at`) values (61,'Гункан спайси лосось','Гункан спайси лосось','Рис, нори, лосось, соус «Спайси»',2,'70.00',23,NULL,0,280,'',NULL,'','','','','',0,0,NULL,NULL);
insert  into `product`(`id`,`short_name`,`name`,`notes`,`count`,`weight`,`category_id`,`sort`,`is_no_sauce`,`amount_big`,`amount_big_note`,`amount_small`,`amount_small_note`,`option_big_1`,`option_big_2`,`option_small_1`,`option_small_2`,`is_gift`,`is_new`,`created_at`,`updated_at`) values (62,'Гункан спайси креветка','Гункан спайси креветка','Рис, нори, креветка тигровая, соус «Спайси»',2,'70.00',23,NULL,0,280,'',NULL,'','','','','',0,0,NULL,NULL);
insert  into `product`(`id`,`short_name`,`name`,`notes`,`count`,`weight`,`category_id`,`sort`,`is_no_sauce`,`amount_big`,`amount_big_note`,`amount_small`,`amount_small_note`,`option_big_1`,`option_big_2`,`option_small_1`,`option_small_2`,`is_gift`,`is_new`,`created_at`,`updated_at`) values (63,'Гункан спайси со снежным крабом','Гункан спайси со снежным крабом','Рис, нори, снежный краб, соус «Спайси»',2,'70.00',23,NULL,0,220,'',NULL,'','','','','',0,0,NULL,NULL);
insert  into `product`(`id`,`short_name`,`name`,`notes`,`count`,`weight`,`category_id`,`sort`,`is_no_sauce`,`amount_big`,`amount_big_note`,`amount_small`,`amount_small_note`,`option_big_1`,`option_big_2`,`option_small_1`,`option_small_2`,`is_gift`,`is_new`,`created_at`,`updated_at`) values (64,'Гункан спайси тунец','Гункан спайси тунец','Рис, нори, тунец, соус «Спайси»',2,'70.00',23,NULL,0,280,'',NULL,'','','','','',0,0,NULL,NULL);
insert  into `product`(`id`,`short_name`,`name`,`notes`,`count`,`weight`,`category_id`,`sort`,`is_no_sauce`,`amount_big`,`amount_big_note`,`amount_small`,`amount_small_note`,`option_big_1`,`option_big_2`,`option_small_1`,`option_small_2`,`is_gift`,`is_new`,`created_at`,`updated_at`) values (65,'Гункан спайси угорь','Гункан спайси угорь','Рис, нори, угорь, соус «Спайси»',2,'70.00',23,NULL,0,320,'',NULL,'','','','','',0,0,NULL,NULL);
insert  into `product`(`id`,`short_name`,`name`,`notes`,`count`,`weight`,`category_id`,`sort`,`is_no_sauce`,`amount_big`,`amount_big_note`,`amount_small`,`amount_small_note`,`option_big_1`,`option_big_2`,`option_small_1`,`option_small_2`,`is_gift`,`is_new`,`created_at`,`updated_at`) values (66,'Гункан сет Спайси','Гункан сет Спайси','Гункан Спайси с лососем, Гункан Спайси с креветкой, Гункан Спайси с угрем, Гункан Спайси со снежным крабом, Гункан Спайси с тунцом. К сету прилагается соевый соус – 3 шт.',10,'350.00',23,NULL,0,990,'',NULL,'','','','','',0,0,NULL,NULL);
insert  into `product`(`id`,`short_name`,`name`,`notes`,`count`,`weight`,`category_id`,`sort`,`is_no_sauce`,`amount_big`,`amount_big_note`,`amount_small`,`amount_small_note`,`option_big_1`,`option_big_2`,`option_small_1`,`option_small_2`,`is_gift`,`is_new`,`created_at`,`updated_at`) values (67,'Гункан запеченный с лососем','Гункан запеченный с лососем','Рис, нори, лосось, соус «Спайси», соус «Чиз», масаго',2,'90.00',24,NULL,0,300,'',NULL,'','','','','',0,0,NULL,NULL);
insert  into `product`(`id`,`short_name`,`name`,`notes`,`count`,`weight`,`category_id`,`sort`,`is_no_sauce`,`amount_big`,`amount_big_note`,`amount_small`,`amount_small_note`,`option_big_1`,`option_big_2`,`option_small_1`,`option_small_2`,`is_gift`,`is_new`,`created_at`,`updated_at`) values (68,'Гункан запеченный с угрем','Гункан запеченный с угрем','Рис, нори, угорь, соус «Спайси», соус «Чиз», масаго',2,'90.00',24,NULL,0,350,'',NULL,'','','','','',0,0,NULL,NULL);
insert  into `product`(`id`,`short_name`,`name`,`notes`,`count`,`weight`,`category_id`,`sort`,`is_no_sauce`,`amount_big`,`amount_big_note`,`amount_small`,`amount_small_note`,`option_big_1`,`option_big_2`,`option_small_1`,`option_small_2`,`is_gift`,`is_new`,`created_at`,`updated_at`) values (69,'Гункан запеченный со снежным крабом','Гункан запеченный со снежным крабом','Рис, нори, снежный краб, соус «Спайси», соус «Чиз», масаго',2,'90.00',24,NULL,0,220,'',NULL,'','','','','',0,0,NULL,NULL);
insert  into `product`(`id`,`short_name`,`name`,`notes`,`count`,`weight`,`category_id`,`sort`,`is_no_sauce`,`amount_big`,`amount_big_note`,`amount_small`,`amount_small_note`,`option_big_1`,`option_big_2`,`option_small_1`,`option_small_2`,`is_gift`,`is_new`,`created_at`,`updated_at`) values (70,'Гункан запеченый с креветкой','Гункан запеченый с креветкой','Рис, нори, креветка тигровая, соус «Спайси», соус «Чиз», масаго',2,'90.00',24,NULL,0,280,'',NULL,'','','','','',0,0,NULL,NULL);
insert  into `product`(`id`,`short_name`,`name`,`notes`,`count`,`weight`,`category_id`,`sort`,`is_no_sauce`,`amount_big`,`amount_big_note`,`amount_small`,`amount_small_note`,`option_big_1`,`option_big_2`,`option_small_1`,`option_small_2`,`is_gift`,`is_new`,`created_at`,`updated_at`) values (71,'Гункан сет запеченный','Гункан сет запеченный','Гункан запеченый с лососем, Гункан запеченый с креветкой, Гункан запеченый с угрем, Гункан запеченый со снежным крабом. К сету прилагается соевый соус – 3 шт. ',8,'360.00',24,NULL,0,890,'',NULL,'','','','','',0,0,NULL,NULL);
insert  into `product`(`id`,`short_name`,`name`,`notes`,`count`,`weight`,`category_id`,`sort`,`is_no_sauce`,`amount_big`,`amount_big_note`,`amount_small`,`amount_small_note`,`option_big_1`,`option_big_2`,`option_small_1`,`option_small_2`,`is_gift`,`is_new`,`created_at`,`updated_at`) values (72,'Суши лосось','Суши лосось','Рис, лосось',2,'64.00',8,NULL,0,280,'',NULL,'','','','','',0,0,NULL,NULL);
insert  into `product`(`id`,`short_name`,`name`,`notes`,`count`,`weight`,`category_id`,`sort`,`is_no_sauce`,`amount_big`,`amount_big_note`,`amount_small`,`amount_small_note`,`option_big_1`,`option_big_2`,`option_small_1`,`option_small_2`,`is_gift`,`is_new`,`created_at`,`updated_at`) values (73,'Суши копченый лосось','Суши копченый лосось','Рис, копченый лосось',2,'64.00',8,NULL,0,280,'',NULL,'','','','','',0,0,NULL,NULL);
insert  into `product`(`id`,`short_name`,`name`,`notes`,`count`,`weight`,`category_id`,`sort`,`is_no_sauce`,`amount_big`,`amount_big_note`,`amount_small`,`amount_small_note`,`option_big_1`,`option_big_2`,`option_small_1`,`option_small_2`,`is_gift`,`is_new`,`created_at`,`updated_at`) values (74,'Суши угорь','Суши угорь','Рис, нори, угорь, соус унаги, кунжут',2,'70.00',8,NULL,0,320,'',NULL,'','','','','',0,0,NULL,NULL);
insert  into `product`(`id`,`short_name`,`name`,`notes`,`count`,`weight`,`category_id`,`sort`,`is_no_sauce`,`amount_big`,`amount_big_note`,`amount_small`,`amount_small_note`,`option_big_1`,`option_big_2`,`option_small_1`,`option_small_2`,`is_gift`,`is_new`,`created_at`,`updated_at`) values (75,'Суши тунец','Суши тунец','Рис, тунец',2,'64.00',8,NULL,0,280,'',NULL,'','','','','',0,0,NULL,NULL);
insert  into `product`(`id`,`short_name`,`name`,`notes`,`count`,`weight`,`category_id`,`sort`,`is_no_sauce`,`amount_big`,`amount_big_note`,`amount_small`,`amount_small_note`,`option_big_1`,`option_big_2`,`option_small_1`,`option_small_2`,`is_gift`,`is_new`,`created_at`,`updated_at`) values (76,'Суши креветка','Суши креветка','Рис, креветка тигровая',2,'64.00',8,NULL,0,280,'',NULL,'','','','','',0,0,NULL,NULL);
insert  into `product`(`id`,`short_name`,`name`,`notes`,`count`,`weight`,`category_id`,`sort`,`is_no_sauce`,`amount_big`,`amount_big_note`,`amount_small`,`amount_small_note`,`option_big_1`,`option_big_2`,`option_small_1`,`option_small_2`,`is_gift`,`is_new`,`created_at`,`updated_at`) values (77,'Сет суши','Сет суши','Суши с лососем, Суши с копченым лососем, Суши с угрем, Суши с тунцом, Суши с креветкой. К сету прилагается соевый соус – 2 шт.',10,'326.00',8,NULL,0,1300,'',NULL,'','','','','',0,0,NULL,NULL);
insert  into `product`(`id`,`short_name`,`name`,`notes`,`count`,`weight`,`category_id`,`sort`,`is_no_sauce`,`amount_big`,`amount_big_note`,`amount_small`,`amount_small_note`,`option_big_1`,`option_big_2`,`option_small_1`,`option_small_2`,`is_gift`,`is_new`,`created_at`,`updated_at`) values (78,'Мега сет','Мега сет','Филадельфия дабл, Фудзи, Адзуи эби, Красный дракон, Токио, Эби чиз, Эби сяке хот, Запеченная калифорния, Чикен хот, Сырный лосось, Унаги чука, Сарада эби, Муши фурай с лососем. К сету прилагается соевый соус – 8 шт.',100,'2950.00',10,NULL,0,5600,'',NULL,'','','','','',0,0,NULL,NULL);
insert  into `product`(`id`,`short_name`,`name`,`notes`,`count`,`weight`,`category_id`,`sort`,`is_no_sauce`,`amount_big`,`amount_big_note`,`amount_small`,`amount_small_note`,`option_big_1`,`option_big_2`,`option_small_1`,`option_small_2`,`is_gift`,`is_new`,`created_at`,`updated_at`) values (79,'Филомания сет','Филомания сет','Филадельфия, Филадельфия в угре, Копченая Филадельфия. К сету прилагается соевый соус – 3 шт.',24,'700.00',10,NULL,0,1600,'',NULL,'','','','','',0,0,NULL,NULL);
insert  into `product`(`id`,`short_name`,`name`,`notes`,`count`,`weight`,`category_id`,`sort`,`is_no_sauce`,`amount_big`,`amount_big_note`,`amount_small`,`amount_small_note`,`option_big_1`,`option_big_2`,`option_small_1`,`option_small_2`,`is_gift`,`is_new`,`created_at`,`updated_at`) values (80,'Хит сет','Хит сет','Калифорния со снежным крабом, Филадельфия, Дракон. К сету прилагается соевый соус – 3 шт.',24,'600.00',10,NULL,0,1500,'',NULL,'','','','','',0,0,NULL,NULL);
insert  into `product`(`id`,`short_name`,`name`,`notes`,`count`,`weight`,`category_id`,`sort`,`is_no_sauce`,`amount_big`,`amount_big_note`,`amount_small`,`amount_small_note`,`option_big_1`,`option_big_2`,`option_small_1`,`option_small_2`,`is_gift`,`is_new`,`created_at`,`updated_at`) values (81,'Калифорния сет','Калифорния сет','Калифорния с креветкой, Калифорния со снежным крабом, Калифорния с лососем, Запеченная калифорния. К сету прилагается соевый соус – 4 шт.',32,'870.00',10,NULL,0,1750,'',NULL,'','','','','',0,0,NULL,NULL);
insert  into `product`(`id`,`short_name`,`name`,`notes`,`count`,`weight`,`category_id`,`sort`,`is_no_sauce`,`amount_big`,`amount_big_note`,`amount_small`,`amount_small_note`,`option_big_1`,`option_big_2`,`option_small_1`,`option_small_2`,`is_gift`,`is_new`,`created_at`,`updated_at`) values (82,'Темпура сет','Темпура сет','Муши фурай с угрем, Кани спайс, Тайсо хотто. К сету прилагается соевый соус – 2 шт.',20,'580.00',10,NULL,0,1250,'',NULL,'','','','','',0,0,NULL,NULL);
insert  into `product`(`id`,`short_name`,`name`,`notes`,`count`,`weight`,`category_id`,`sort`,`is_no_sauce`,`amount_big`,`amount_big_note`,`amount_small`,`amount_small_note`,`option_big_1`,`option_big_2`,`option_small_1`,`option_small_2`,`is_gift`,`is_new`,`created_at`,`updated_at`) values (83,'Острый сет','Острый сет','Огненный дракон, Острый тунец, Острый лосось. К сету прилагается соевый соус – 3 шт.',24,'640.00',10,NULL,0,1400,'',NULL,'','','','','',0,0,NULL,NULL);
insert  into `product`(`id`,`short_name`,`name`,`notes`,`count`,`weight`,`category_id`,`sort`,`is_no_sauce`,`amount_big`,`amount_big_note`,`amount_small`,`amount_small_note`,`option_big_1`,`option_big_2`,`option_small_1`,`option_small_2`,`is_gift`,`is_new`,`created_at`,`updated_at`) values (84,'Запеченный сет №1','Запеченный сет №1','Чиз хот, Осака, Мидори. К сету прилагается соевый соус – 3 шт.',21,'670.00',10,NULL,0,1150,'',NULL,'','','','','',0,0,NULL,NULL);
insert  into `product`(`id`,`short_name`,`name`,`notes`,`count`,`weight`,`category_id`,`sort`,`is_no_sauce`,`amount_big`,`amount_big_note`,`amount_small`,`amount_small_note`,`option_big_1`,`option_big_2`,`option_small_1`,`option_small_2`,`is_gift`,`is_new`,`created_at`,`updated_at`) values (85,'Запеченный сет №2','Запеченный сет №2','Сяке яки, Унаги яки, Эби яки, Запеченная курица. К сету прилагается соевый соус – 4 шт.',32,'940.00',10,NULL,0,1650,'',NULL,'','','','','',0,0,NULL,NULL);
insert  into `product`(`id`,`short_name`,`name`,`notes`,`count`,`weight`,`category_id`,`sort`,`is_no_sauce`,`amount_big`,`amount_big_note`,`amount_small`,`amount_small_note`,`option_big_1`,`option_big_2`,`option_small_1`,`option_small_2`,`is_gift`,`is_new`,`created_at`,`updated_at`) values (86,'Сет № 1','Сет № 1','Цезарь ролл, Кани тамаго, Филадельфия с авокадо, Токио. К сету прилагается соевый соус – 4 шт.',32,'880.00',10,NULL,0,1350,'',NULL,'','','','','',0,0,NULL,NULL);
insert  into `product`(`id`,`short_name`,`name`,`notes`,`count`,`weight`,`category_id`,`sort`,`is_no_sauce`,`amount_big`,`amount_big_note`,`amount_small`,`amount_small_note`,`option_big_1`,`option_big_2`,`option_small_1`,`option_small_2`,`is_gift`,`is_new`,`created_at`,`updated_at`) values (87,'Сет № 2','Сет № 2','Сяке кунсей, Аляска, Калифорния запеченная с креветкой, Сырный ролл. К сету прилагается соевый соус – 4 шт.',32,'900.00',10,NULL,0,1650,'',NULL,'','','','','',0,0,NULL,NULL);
insert  into `product`(`id`,`short_name`,`name`,`notes`,`count`,`weight`,`category_id`,`sort`,`is_no_sauce`,`amount_big`,`amount_big_note`,`amount_small`,`amount_small_note`,`option_big_1`,`option_big_2`,`option_small_1`,`option_small_2`,`is_gift`,`is_new`,`created_at`,`updated_at`) values (88,'Сет № 3','Сет № 3','Калифорния лайт, Унаги манго, Тонику фурай, Сегун. К сету прилагается соевый соус – 4 шт.',32,'835.00',10,NULL,0,1550,'',NULL,'','','','','',0,0,NULL,NULL);
insert  into `product`(`id`,`short_name`,`name`,`notes`,`count`,`weight`,`category_id`,`sort`,`is_no_sauce`,`amount_big`,`amount_big_note`,`amount_small`,`amount_small_note`,`option_big_1`,`option_big_2`,`option_small_1`,`option_small_2`,`is_gift`,`is_new`,`created_at`,`updated_at`) values (89,'Сет № 4','Сет № 4','Кунсей чиз, Эби манго, Запеченный аяш, Муши фурай с креветкой. К сету прилагается соевый соус – 3 шт.',28,'815.00',10,NULL,0,1600,'',NULL,'','','','','',0,0,NULL,NULL);
insert  into `product`(`id`,`short_name`,`name`,`notes`,`count`,`weight`,`category_id`,`sort`,`is_no_sauce`,`amount_big`,`amount_big_note`,`amount_small`,`amount_small_note`,`option_big_1`,`option_big_2`,`option_small_1`,`option_small_2`,`is_gift`,`is_new`,`created_at`,`updated_at`) values (90,'Сет № 5','Сет № 5','Хонсю, Канада, Мексика, тамаго сяке,Тайга. К сету прилагается соевый соус – 5 шт.',40,'1250.00',10,NULL,0,2550,'',NULL,'','','','','',0,0,NULL,NULL);
insert  into `product`(`id`,`short_name`,`name`,`notes`,`count`,`weight`,`category_id`,`sort`,`is_no_sauce`,`amount_big`,`amount_big_note`,`amount_small`,`amount_small_note`,`option_big_1`,`option_big_2`,`option_small_1`,`option_small_2`,`is_gift`,`is_new`,`created_at`,`updated_at`) values (91,'Сет № 6','Сет № 6','Окинава, Киото, Филадельфия в масаго, Сакура, Кани сяке чиз, Унаги фурай. К сету прилагается соевый соус – 6 шт.',48,'1370.00',10,NULL,0,2750,'',NULL,'','','','','',0,0,NULL,NULL);
insert  into `product`(`id`,`short_name`,`name`,`notes`,`count`,`weight`,`category_id`,`sort`,`is_no_sauce`,`amount_big`,`amount_big_note`,`amount_small`,`amount_small_note`,`option_big_1`,`option_big_2`,`option_small_1`,`option_small_2`,`is_gift`,`is_new`,`created_at`,`updated_at`) values (92,'Гункан сет','Гункан сет','Гункан с лососем, Гункан с креветкой, Гункан с угрем, Гункан со снежным крабом, Гункан с тунцом. К сету прилагается соевый соус – 3 шт.',10,'326.00',10,NULL,0,990,'',NULL,'','','','','',0,0,NULL,NULL);
insert  into `product`(`id`,`short_name`,`name`,`notes`,`count`,`weight`,`category_id`,`sort`,`is_no_sauce`,`amount_big`,`amount_big_note`,`amount_small`,`amount_small_note`,`option_big_1`,`option_big_2`,`option_small_1`,`option_small_2`,`is_gift`,`is_new`,`created_at`,`updated_at`) values (93,'Гункан сет запеченный','Гункан сет запеченный','Гункан запеченый с лососем, Гункан запеченый с креветкой, Гункан запеченый с угрем, Гункан запеченый со снежным крабом. К сету прилагается соевый соус – 3 шт.',8,'360.00',10,NULL,0,890,'',NULL,'','','','','',0,0,NULL,NULL);
insert  into `product`(`id`,`short_name`,`name`,`notes`,`count`,`weight`,`category_id`,`sort`,`is_no_sauce`,`amount_big`,`amount_big_note`,`amount_small`,`amount_small_note`,`option_big_1`,`option_big_2`,`option_small_1`,`option_small_2`,`is_gift`,`is_new`,`created_at`,`updated_at`) values (94,'Гункан сет Спайси','Гункан сет Спайси','Гункан Спайси с лососем, Гункан Спайси с креветкой, Гункан Спайси с угрем, Гункан Спайси со снежным крабом, Гункан Спайси с тунцом. К сету прилагается соевый соус – 3 шт.',10,'350.00',10,NULL,0,990,'',NULL,'','','','','',0,0,NULL,NULL);
insert  into `product`(`id`,`short_name`,`name`,`notes`,`count`,`weight`,`category_id`,`sort`,`is_no_sauce`,`amount_big`,`amount_big_note`,`amount_small`,`amount_small_note`,`option_big_1`,`option_big_2`,`option_small_1`,`option_small_2`,`is_gift`,`is_new`,`created_at`,`updated_at`) values (95,'Сет суши','Сет суши','Суши с лососем, Суши с копченым лососем, Суши с угрем, Суши с тунцом, Суши с креветкой. К сету прилагается соевый соус – 2 шт. ',10,'326.00',10,NULL,0,1300,'',NULL,'','','','','',0,0,NULL,NULL);
insert  into `product`(`id`,`short_name`,`name`,`notes`,`count`,`weight`,`category_id`,`sort`,`is_no_sauce`,`amount_big`,`amount_big_note`,`amount_small`,`amount_small_note`,`option_big_1`,`option_big_2`,`option_small_1`,`option_small_2`,`is_gift`,`is_new`,`created_at`,`updated_at`) values (96,'Wok Лапша по-тайски','Wok Лапша по-тайски','Рисовая лапша, курица, креветки, лук, яйцо, перец болгарский, соус «Карри», масло растительное',1,'310.00',12,NULL,0,490,'',NULL,'','','','','',0,0,NULL,NULL);
insert  into `product`(`id`,`short_name`,`name`,`notes`,`count`,`weight`,`category_id`,`sort`,`is_no_sauce`,`amount_big`,`amount_big_note`,`amount_small`,`amount_small_note`,`option_big_1`,`option_big_2`,`option_small_1`,`option_small_2`,`is_gift`,`is_new`,`created_at`,`updated_at`) values (97,'Wok Лапша по-тайски','Wok Лапша по-тайски','Рисовая лапша, курица, креветки, лук, яйцо, перец болгарский, соус «Карри», масло растительное',1,'310.00',12,NULL,1,490,'',NULL,'','','','','',0,0,NULL,NULL);
insert  into `product`(`id`,`short_name`,`name`,`notes`,`count`,`weight`,`category_id`,`sort`,`is_no_sauce`,`amount_big`,`amount_big_note`,`amount_small`,`amount_small_note`,`option_big_1`,`option_big_2`,`option_small_1`,`option_small_2`,`is_gift`,`is_new`,`created_at`,`updated_at`) values (98,'Wok Рис с креветкой и лососем','Wok Рис с креветкой и лососем','Отварной рис, креветки тигровые, лосось, соус терияки, соус «Яки», соус унаги, зеленый лук, масло растительное',1,'350.00',12,NULL,1,590,'',NULL,'','','','','',0,1,NULL,NULL);
insert  into `product`(`id`,`short_name`,`name`,`notes`,`count`,`weight`,`category_id`,`sort`,`is_no_sauce`,`amount_big`,`amount_big_note`,`amount_small`,`amount_small_note`,`option_big_1`,`option_big_2`,`option_small_1`,`option_small_2`,`is_gift`,`is_new`,`created_at`,`updated_at`) values (99,'Wok Лапша Том ям','Wok Лапша Том ям','Лапша яичная, креветки тигровые, курица запеченная, шампиньоны, перец болгарский, лук репчатый, томаты Черри, лук порей, масло растительное, соус «Том Ям»',1,'350.00',12,NULL,1,550,'',NULL,'','','','','',0,0,NULL,NULL);
insert  into `product`(`id`,`short_name`,`name`,`notes`,`count`,`weight`,`category_id`,`sort`,`is_no_sauce`,`amount_big`,`amount_big_note`,`amount_small`,`amount_small_note`,`option_big_1`,`option_big_2`,`option_small_1`,`option_small_2`,`is_gift`,`is_new`,`created_at`,`updated_at`) values (100,'Wok Лапша яичная с овощами','Wok Лапша яичная с овощами','Яичная лапша, лук, морковь, болгарский перец, свежий огурец, кабачки, кунжут, масло растительное',1,'300.00',12,NULL,0,190,'',NULL,'','','','','',0,0,NULL,NULL);
insert  into `product`(`id`,`short_name`,`name`,`notes`,`count`,`weight`,`category_id`,`sort`,`is_no_sauce`,`amount_big`,`amount_big_note`,`amount_small`,`amount_small_note`,`option_big_1`,`option_big_2`,`option_small_1`,`option_small_2`,`is_gift`,`is_new`,`created_at`,`updated_at`) values (101,'Wok Рис с овощами','Wok Рис с овощами','Отварной рис, лук, морковь, перец болгарский, свежий огурец, кабачки, кунжут, масло растительное',1,'300.00',12,NULL,0,190,'',NULL,'','','','','',0,0,NULL,NULL);
insert  into `product`(`id`,`short_name`,`name`,`notes`,`count`,`weight`,`category_id`,`sort`,`is_no_sauce`,`amount_big`,`amount_big_note`,`amount_small`,`amount_small_note`,`option_big_1`,`option_big_2`,`option_small_1`,`option_small_2`,`is_gift`,`is_new`,`created_at`,`updated_at`) values (102,'Wok Лапша рисовая с овощами','Wok Лапша рисовая с овощами','Рисовая лапша, лук, морковь, болгарский перец, свежий огурец, кабачки, кунжут, масло растительное',1,'300.00',12,NULL,0,190,'',NULL,'','','','','',0,0,NULL,NULL);
insert  into `product`(`id`,`short_name`,`name`,`notes`,`count`,`weight`,`category_id`,`sort`,`is_no_sauce`,`amount_big`,`amount_big_note`,`amount_small`,`amount_small_note`,`option_big_1`,`option_big_2`,`option_small_1`,`option_small_2`,`is_gift`,`is_new`,`created_at`,`updated_at`) values (103,'Спринг-ролл с креветкой','Спринг-ролл с креветкой','Рисовая бумага, креветка тигровая, манго свежее, сыр сливочный, салат айсберг, капуста красная, соус алоха',4,'126',7,NULL,0,450,'',NULL,'','','','','',0,0,NULL,NULL);
insert  into `product`(`id`,`short_name`,`name`,`notes`,`count`,`weight`,`category_id`,`sort`,`is_no_sauce`,`amount_big`,`amount_big_note`,`amount_small`,`amount_small_note`,`option_big_1`,`option_big_2`,`option_small_1`,`option_small_2`,`is_gift`,`is_new`,`created_at`,`updated_at`) values (104,'Спринг-ролл с курицей','Спринг-ролл с курицей','Рисовая бумага, курица запеченная, помидор свежий, сыр сливочный, салат айсберг, капуста красная, соус алоха',4,'126 ',7,NULL,0,290,'',NULL,'','','','','',0,0,NULL,NULL);
insert  into `product`(`id`,`short_name`,`name`,`notes`,`count`,`weight`,`category_id`,`sort`,`is_no_sauce`,`amount_big`,`amount_big_note`,`amount_small`,`amount_small_note`,`option_big_1`,`option_big_2`,`option_small_1`,`option_small_2`,`is_gift`,`is_new`,`created_at`,`updated_at`) values (105,'Спринг-ролл с лососем','Спринг-ролл с лососем','Рисовая бумага, лосось, авокадо, сыр сливочный, салат айсберг, капуста красная, соус алоха',4,'126',7,NULL,0,550,'',NULL,'','','','','',0,0,NULL,NULL);
insert  into `product`(`id`,`short_name`,`name`,`notes`,`count`,`weight`,`category_id`,`sort`,`is_no_sauce`,`amount_big`,`amount_big_note`,`amount_small`,`amount_small_note`,`option_big_1`,`option_big_2`,`option_small_1`,`option_small_2`,`is_gift`,`is_new`,`created_at`,`updated_at`) values (106,'Кани фурай','Роллы темпура Кани фурай','Рис, нори, сливочный сыр, угорь, снежный краб, масаго, авокадо, кляр',8,'220',5,NULL,0,420,'',NULL,'','','','','',0,0,NULL,NULL);
insert  into `product`(`id`,`short_name`,`name`,`notes`,`count`,`weight`,`category_id`,`sort`,`is_no_sauce`,`amount_big`,`amount_big_note`,`amount_small`,`amount_small_note`,`option_big_1`,`option_big_2`,`option_small_1`,`option_small_2`,`is_gift`,`is_new`,`created_at`,`updated_at`) values (107,'Тонику фурай','Роллы темпура Тонику фурай','Рис, тесто харумаки, сливочный сыр, бекон, авокадо, лук порей, огурец, соус шрирача, кляр',8,'190',5,NULL,0,360,'',NULL,'','','','','',0,0,NULL,NULL);
insert  into `product`(`id`,`short_name`,`name`,`notes`,`count`,`weight`,`category_id`,`sort`,`is_no_sauce`,`amount_big`,`amount_big_note`,`amount_small`,`amount_small_note`,`option_big_1`,`option_big_2`,`option_small_1`,`option_small_2`,`is_gift`,`is_new`,`created_at`,`updated_at`) values (108,'Тайсо хотто','Роллы темпура Тайсо хотто','Рис, нори, сливочный сыр, авокадо, лосось, креветка тигровая, имбирь, кляр',8,'210',5,NULL,0,520,'',NULL,'','','','','',0,0,NULL,NULL);
insert  into `product`(`id`,`short_name`,`name`,`notes`,`count`,`weight`,`category_id`,`sort`,`is_no_sauce`,`amount_big`,`amount_big_note`,`amount_small`,`amount_small_note`,`option_big_1`,`option_big_2`,`option_small_1`,`option_small_2`,`is_gift`,`is_new`,`created_at`,`updated_at`) values (109,'Муши Фурай с креветкой','Роллы темпура Муши Фурай с креветкой','Рис, нори, сливочный сыр, авокадо, креветка тигровая, масаго, соус «Спайси», кляр',4,'190',5,NULL,0,390,'',NULL,'','','','','',0,0,NULL,NULL);
insert  into `product`(`id`,`short_name`,`name`,`notes`,`count`,`weight`,`category_id`,`sort`,`is_no_sauce`,`amount_big`,`amount_big_note`,`amount_small`,`amount_small_note`,`option_big_1`,`option_big_2`,`option_small_1`,`option_small_2`,`is_gift`,`is_new`,`created_at`,`updated_at`) values (110,'Муши Фурай с угрём','Роллы темпура Муши Фурай с угрём','Рис, нори, сливочный сыр, угорь, авокадо, масаго, соус «Спайси», кляр',4,'190',5,NULL,0,490,'',NULL,'','','','','',0,0,NULL,NULL);
insert  into `product`(`id`,`short_name`,`name`,`notes`,`count`,`weight`,`category_id`,`sort`,`is_no_sauce`,`amount_big`,`amount_big_note`,`amount_small`,`amount_small_note`,`option_big_1`,`option_big_2`,`option_small_1`,`option_small_2`,`is_gift`,`is_new`,`created_at`,`updated_at`) values (111,'Муши фурай лосось','Роллы темпура Муши фурай лосось','Рис, нори, сливочный сыр, лосось, авокадо, масаго, соус «Спайси», кляр ',4,'190',5,NULL,0,480,'',NULL,'','','','','',0,0,NULL,NULL);
insert  into `product`(`id`,`short_name`,`name`,`notes`,`count`,`weight`,`category_id`,`sort`,`is_no_sauce`,`amount_big`,`amount_big_note`,`amount_small`,`amount_small_note`,`option_big_1`,`option_big_2`,`option_small_1`,`option_small_2`,`is_gift`,`is_new`,`created_at`,`updated_at`) values (112,'Кани спайс','Роллы темпура Кани спайс','Рис, тесто харумаки, снежный краб, зеленый лук, масаго, соус «Спайси», кляр',8,'180',5,NULL,0,290,'',NULL,'','','','','',0,0,NULL,NULL);
insert  into `product`(`id`,`short_name`,`name`,`notes`,`count`,`weight`,`category_id`,`sort`,`is_no_sauce`,`amount_big`,`amount_big_note`,`amount_small`,`amount_small_note`,`option_big_1`,`option_big_2`,`option_small_1`,`option_small_2`,`is_gift`,`is_new`,`created_at`,`updated_at`) values (113,'Шитаки фурай','Роллы темпура Шитаки фурай','Рис, нори, сливочный сыр, ананас, лосось, авокадо, соус «Яки», соус «Спайси», соус унаги, кляр',8,'255',5,NULL,0,490,'',NULL,'','','','','',0,0,NULL,NULL);
insert  into `product`(`id`,`short_name`,`name`,`notes`,`count`,`weight`,`category_id`,`sort`,`is_no_sauce`,`amount_big`,`amount_big_note`,`amount_small`,`amount_small_note`,`option_big_1`,`option_big_2`,`option_small_1`,`option_small_2`,`is_gift`,`is_new`,`created_at`,`updated_at`) values (114,'Сёгун','Роллы темпура Сёгун','Рис, нори, лосось, сливочный сыр, зеленый лук, соус «Спайси», кляр',8,'190',5,NULL,0,410,'',NULL,'','','','','',0,0,NULL,NULL);
insert  into `product`(`id`,`short_name`,`name`,`notes`,`count`,`weight`,`category_id`,`sort`,`is_no_sauce`,`amount_big`,`amount_big_note`,`amount_small`,`amount_small_note`,`option_big_1`,`option_big_2`,`option_small_1`,`option_small_2`,`is_gift`,`is_new`,`created_at`,`updated_at`) values (115,'Сарада эби','Роллы темпура Сарада эби','Рис, нори, креветка тигровая, масаго, соус «Спайси», огурец, снежный краб, омлет тамаго, сливочный сыр, кляр',8,'220',5,NULL,0,420,'',NULL,'','','','','',0,0,NULL,NULL);
insert  into `product`(`id`,`short_name`,`name`,`notes`,`count`,`weight`,`category_id`,`sort`,`is_no_sauce`,`amount_big`,`amount_big_note`,`amount_small`,`amount_small_note`,`option_big_1`,`option_big_2`,`option_small_1`,`option_small_2`,`is_gift`,`is_new`,`created_at`,`updated_at`) values (116,'Унаги Чука','Роллы темпура Унаги Чука','Рис, нори, сливочный сыр, огурец, угорь, чука, кунжут, соус унаги, соус ореховый, кляр',8,'220',5,NULL,0,390,'',NULL,'','','','','',0,0,NULL,NULL);
insert  into `product`(`id`,`short_name`,`name`,`notes`,`count`,`weight`,`category_id`,`sort`,`is_no_sauce`,`amount_big`,`amount_big_note`,`amount_small`,`amount_small_note`,`option_big_1`,`option_big_2`,`option_small_1`,`option_small_2`,`is_gift`,`is_new`,`created_at`,`updated_at`) values (117,'Унаги фурай','Роллы темпура Унаги фурай','Рис, тесто харумаки, угорь, авокадо, сливочный сыр, омлет тамаго, масаго, кляр',8,'210',5,NULL,0,490,'',NULL,'','','','','',0,0,NULL,NULL);
insert  into `product`(`id`,`short_name`,`name`,`notes`,`count`,`weight`,`category_id`,`sort`,`is_no_sauce`,`amount_big`,`amount_big_note`,`amount_small`,`amount_small_note`,`option_big_1`,`option_big_2`,`option_small_1`,`option_small_2`,`is_gift`,`is_new`,`created_at`,`updated_at`) values (118,'Лосось хот','Запеченный ролл Лосось хот','Рис, нори, лосось, соус «Чиз»',8,'140',4,NULL,0,390,'',NULL,'','','','','',0,0,NULL,NULL);
insert  into `product`(`id`,`short_name`,`name`,`notes`,`count`,`weight`,`category_id`,`sort`,`is_no_sauce`,`amount_big`,`amount_big_note`,`amount_small`,`amount_small_note`,`option_big_1`,`option_big_2`,`option_small_1`,`option_small_2`,`is_gift`,`is_new`,`created_at`,`updated_at`) values (119,'Эби Сяке Хот','Запеченный ролл Эби Сяке Хот','Рис, нори, сливочный сыр, огурец, креветка тигровая в темпуре, лосось запеченный, соус «Яки», сыр пармезан',8,'265',4,NULL,0,650,'',NULL,'','','','','',0,0,NULL,NULL);
insert  into `product`(`id`,`short_name`,`name`,`notes`,`count`,`weight`,`category_id`,`sort`,`is_no_sauce`,`amount_big`,`amount_big_note`,`amount_small`,`amount_small_note`,`option_big_1`,`option_big_2`,`option_small_1`,`option_small_2`,`is_gift`,`is_new`,`created_at`,`updated_at`) values (120,'Краб хот','Запеченный ролл Краб хот','Рис, нори, снежный краб, соус «Чиз»',8,'140',4,NULL,0,250,'',NULL,'','','','','',0,0,NULL,NULL);
insert  into `product`(`id`,`short_name`,`name`,`notes`,`count`,`weight`,`category_id`,`sort`,`is_no_sauce`,`amount_big`,`amount_big_note`,`amount_small`,`amount_small_note`,`option_big_1`,`option_big_2`,`option_small_1`,`option_small_2`,`is_gift`,`is_new`,`created_at`,`updated_at`) values (121,'Чикен хот','Запеченный ролл Чикен хот','Рис, нори, курица запеченная, соус «Чиз»',8,'140',4,NULL,0,250,'',NULL,'','','','','',0,0,NULL,NULL);
insert  into `product`(`id`,`short_name`,`name`,`notes`,`count`,`weight`,`category_id`,`sort`,`is_no_sauce`,`amount_big`,`amount_big_note`,`amount_small`,`amount_small_note`,`option_big_1`,`option_big_2`,`option_small_1`,`option_small_2`,`is_gift`,`is_new`,`created_at`,`updated_at`) values (122,'Запеченная курица','Ролл Запеченная курица','Рис, нори, сливочный сыр, огурец, курица запеченная, кунжут, соус «Яки», соус унаги',8,'255',4,NULL,0,350,'',NULL,'','','','','',0,0,NULL,NULL);
insert  into `product`(`id`,`short_name`,`name`,`notes`,`count`,`weight`,`category_id`,`sort`,`is_no_sauce`,`amount_big`,`amount_big_note`,`amount_small`,`amount_small_note`,`option_big_1`,`option_big_2`,`option_small_1`,`option_small_2`,`is_gift`,`is_new`,`created_at`,`updated_at`) values (123,'Запеченная калифорния','Ролл Запеченная калифорния','Рис, нори, огурец, авокадо, снежный краб, майонез, соус «Чиз», масаго',8,'260',4,NULL,0,470,'',NULL,'','','','','',0,0,NULL,NULL);
insert  into `product`(`id`,`short_name`,`name`,`notes`,`count`,`weight`,`category_id`,`sort`,`is_no_sauce`,`amount_big`,`amount_big_note`,`amount_small`,`amount_small_note`,`option_big_1`,`option_big_2`,`option_small_1`,`option_small_2`,`is_gift`,`is_new`,`created_at`,`updated_at`) values (124,'Сырный лосось','Запеченный ролл Сырный лосось','Рис, нори, сливочный сыр, лосось, соус «Чиз», соус унаги',8,'240',4,NULL,0,490,'',NULL,'','','','','',0,0,NULL,NULL);
insert  into `product`(`id`,`short_name`,`name`,`notes`,`count`,`weight`,`category_id`,`sort`,`is_no_sauce`,`amount_big`,`amount_big_note`,`amount_small`,`amount_small_note`,`option_big_1`,`option_big_2`,`option_small_1`,`option_small_2`,`is_gift`,`is_new`,`created_at`,`updated_at`) values (125,'Запеченный Аяш','Ролл Запеченный Аяш, 5 ШТУК','Рис, нори, сливочный сыр, огурец, зеленый лук, лосось, угорь, соус «Яки», соус «Спайси»',5,'200',4,NULL,0,550,'',NULL,'','','','','',0,0,NULL,NULL);
insert  into `product`(`id`,`short_name`,`name`,`notes`,`count`,`weight`,`category_id`,`sort`,`is_no_sauce`,`amount_big`,`amount_big_note`,`amount_small`,`amount_small_note`,`option_big_1`,`option_big_2`,`option_small_1`,`option_small_2`,`is_gift`,`is_new`,`created_at`,`updated_at`) values (126,'Чиз хот','Запеченный ролл Чиз хот','Рис, нори, снежный краб, соус «Чиз», масаго, лосось, авокадо, майонез',8,'250',4,NULL,0,490,'',NULL,'','','','','',0,0,NULL,NULL);
insert  into `product`(`id`,`short_name`,`name`,`notes`,`count`,`weight`,`category_id`,`sort`,`is_no_sauce`,`amount_big`,`amount_big_note`,`amount_small`,`amount_small_note`,`option_big_1`,`option_big_2`,`option_small_1`,`option_small_2`,`is_gift`,`is_new`,`created_at`,`updated_at`) values (127,'Осака','Запеченный ролл Осака','Рис, нори, сливочный сыр, курица запеченная, салат айсберг, соус «Чиз», соус унаги, кунжут',8,'255',4,NULL,0,360,'',NULL,'','','','','',0,0,NULL,NULL);
insert  into `product`(`id`,`short_name`,`name`,`notes`,`count`,`weight`,`category_id`,`sort`,`is_no_sauce`,`amount_big`,`amount_big_note`,`amount_small`,`amount_small_note`,`option_big_1`,`option_big_2`,`option_small_1`,`option_small_2`,`is_gift`,`is_new`,`created_at`,`updated_at`) values (128,'Кани Сяке Чиз','Запеченный ролл Кани Сяке Чиз','Рис, нори, лосось, снежный краб, авокадо, огурец, соус «Спайси», соус унаги, соус «Чиз», масаго',8,'245',4,NULL,0,590,'',NULL,'','','','','',0,0,NULL,NULL);
insert  into `product`(`id`,`short_name`,`name`,`notes`,`count`,`weight`,`category_id`,`sort`,`is_no_sauce`,`amount_big`,`amount_big_note`,`amount_small`,`amount_small_note`,`option_big_1`,`option_big_2`,`option_small_1`,`option_small_2`,`is_gift`,`is_new`,`created_at`,`updated_at`) values (129,'Калифорния запеченная с креветкой','Калифорния запеченная с креветкой','Рис, нори, омлет тамаго, огурец, авокадо, майонез, масаго, креветка тигровая, соус «Яки»',8,'250',4,NULL,0,520,'',NULL,'','','','','',0,0,NULL,NULL);
insert  into `product`(`id`,`short_name`,`name`,`notes`,`count`,`weight`,`category_id`,`sort`,`is_no_sauce`,`amount_big`,`amount_big_note`,`amount_small`,`amount_small_note`,`option_big_1`,`option_big_2`,`option_small_1`,`option_small_2`,`is_gift`,`is_new`,`created_at`,`updated_at`) values (130,'Мидори','Запеченный ролл Мидори, 5 ШТУК','Рис, нори, креветка тигровая, сливочный сыр, соус «Яки», соус унаги, кунжут',8,'195',4,NULL,0,390,'',NULL,'','','','','',0,0,NULL,NULL);
insert  into `product`(`id`,`short_name`,`name`,`notes`,`count`,`weight`,`category_id`,`sort`,`is_no_sauce`,`amount_big`,`amount_big_note`,`amount_small`,`amount_small_note`,`option_big_1`,`option_big_2`,`option_small_1`,`option_small_2`,`is_gift`,`is_new`,`created_at`,`updated_at`) values (131,'Сяке яки','Запеченный ролл Сяке яки','Рис, нори, лосось, соус «Спайси», сливочный сыр, кунжут, авокадо, масаго, соус «Чиз»',8,'215',4,NULL,0,490,'',NULL,'','','','','',0,0,NULL,NULL);
insert  into `product`(`id`,`short_name`,`name`,`notes`,`count`,`weight`,`category_id`,`sort`,`is_no_sauce`,`amount_big`,`amount_big_note`,`amount_small`,`amount_small_note`,`option_big_1`,`option_big_2`,`option_small_1`,`option_small_2`,`is_gift`,`is_new`,`created_at`,`updated_at`) values (132,'Эби яки','Запеченный ролл Эби яки','Рис, нори, креветка тигровая, авокадо, сливочный сыр, омлет тамаго, кунжут, соус «Яки»',8,'255',4,NULL,0,450,'',NULL,'','','','','',0,0,NULL,NULL);
insert  into `product`(`id`,`short_name`,`name`,`notes`,`count`,`weight`,`category_id`,`sort`,`is_no_sauce`,`amount_big`,`amount_big_note`,`amount_small`,`amount_small_note`,`option_big_1`,`option_big_2`,`option_small_1`,`option_small_2`,`is_gift`,`is_new`,`created_at`,`updated_at`) values (133,'Тайга','Запеченный ролл Тайга','Рис, нори, сливочный сыр, лосось жареный, авокадо, соус «Чиз», сыр чеддер, соус унаги, кунжут',8,'270',4,NULL,0,570,'',NULL,'','','','','',0,0,NULL,NULL);
insert  into `product`(`id`,`short_name`,`name`,`notes`,`count`,`weight`,`category_id`,`sort`,`is_no_sauce`,`amount_big`,`amount_big_note`,`amount_small`,`amount_small_note`,`option_big_1`,`option_big_2`,`option_small_1`,`option_small_2`,`is_gift`,`is_new`,`created_at`,`updated_at`) values (134,'Унаги яки','Запеченный ролл Унаги яки','Рис, нори, угорь, соус «Спайси», авокадо, сливочный сыр, кунжут, масаго, соус «Чиз»',8,'215',4,NULL,0,520,'',NULL,'','','','','',0,0,NULL,NULL);
insert  into `product`(`id`,`short_name`,`name`,`notes`,`count`,`weight`,`category_id`,`sort`,`is_no_sauce`,`amount_big`,`amount_big_note`,`amount_small`,`amount_small_note`,`option_big_1`,`option_big_2`,`option_small_1`,`option_small_2`,`is_gift`,`is_new`,`created_at`,`updated_at`) values (135,'Сырный ролл','Запеченный Сырный ролл','Рис, нори, сливочный сыр, сыр чеддер, соус «Чиз», огурец, соус шрирача, соус унаги',8,'235',4,NULL,0,390,'',NULL,'','','','','',0,0,NULL,NULL);
insert  into `product`(`id`,`short_name`,`name`,`notes`,`count`,`weight`,`category_id`,`sort`,`is_no_sauce`,`amount_big`,`amount_big_note`,`amount_small`,`amount_small_note`,`option_big_1`,`option_big_2`,`option_small_1`,`option_small_2`,`is_gift`,`is_new`,`created_at`,`updated_at`) values (136,'С авокадо','Маки ролл с авокадо','Рис, нори, авокадо',6,'105',6,NULL,0,190,'',NULL,'','','','','',0,0,NULL,NULL);
insert  into `product`(`id`,`short_name`,`name`,`notes`,`count`,`weight`,`category_id`,`sort`,`is_no_sauce`,`amount_big`,`amount_big_note`,`amount_small`,`amount_small_note`,`option_big_1`,`option_big_2`,`option_small_1`,`option_small_2`,`is_gift`,`is_new`,`created_at`,`updated_at`) values (137,'С огурцом','Маки ролл с огурцом','Рис, нори, огурец',6,'105',6,NULL,0,150,'',NULL,'','','','','',0,0,NULL,NULL);
insert  into `product`(`id`,`short_name`,`name`,`notes`,`count`,`weight`,`category_id`,`sort`,`is_no_sauce`,`amount_big`,`amount_big_note`,`amount_small`,`amount_small_note`,`option_big_1`,`option_big_2`,`option_small_1`,`option_small_2`,`is_gift`,`is_new`,`created_at`,`updated_at`) values (138,'С креветкой','Маки ролл с креветкой','Рис, нори, креветка тигровая',6,'105',6,NULL,0,290,'',NULL,'','','','','',0,0,NULL,NULL);
insert  into `product`(`id`,`short_name`,`name`,`notes`,`count`,`weight`,`category_id`,`sort`,`is_no_sauce`,`amount_big`,`amount_big_note`,`amount_small`,`amount_small_note`,`option_big_1`,`option_big_2`,`option_small_1`,`option_small_2`,`is_gift`,`is_new`,`created_at`,`updated_at`) values (139,'С угрем','Маки ролл с угрем','Рис, нори, угорь, соус унаги, кунжут',6,'110',6,NULL,0,350,'',NULL,'','','','','',0,0,NULL,NULL);
insert  into `product`(`id`,`short_name`,`name`,`notes`,`count`,`weight`,`category_id`,`sort`,`is_no_sauce`,`amount_big`,`amount_big_note`,`amount_small`,`amount_small_note`,`option_big_1`,`option_big_2`,`option_small_1`,`option_small_2`,`is_gift`,`is_new`,`created_at`,`updated_at`) values (140,'С чукой','Маки ролл с чукой','Рис, нори, чука, кунжут, соус ореховый ',6,'110',6,NULL,0,190,'',NULL,'','','','','',0,0,NULL,NULL);
insert  into `product`(`id`,`short_name`,`name`,`notes`,`count`,`weight`,`category_id`,`sort`,`is_no_sauce`,`amount_big`,`amount_big_note`,`amount_small`,`amount_small_note`,`option_big_1`,`option_big_2`,`option_small_1`,`option_small_2`,`is_gift`,`is_new`,`created_at`,`updated_at`) values (141,'Со снежным крабом','Маки ролл со снежным крабом','Рис, нори, снежный краб',6,'105',6,NULL,0,190,'',NULL,'','','','','',0,0,NULL,NULL);
insert  into `product`(`id`,`short_name`,`name`,`notes`,`count`,`weight`,`category_id`,`sort`,`is_no_sauce`,`amount_big`,`amount_big_note`,`amount_small`,`amount_small_note`,`option_big_1`,`option_big_2`,`option_small_1`,`option_small_2`,`is_gift`,`is_new`,`created_at`,`updated_at`) values (142,'С лососем','Маки ролл с лососем','Рис, нори, лосось',6,'105',6,NULL,0,290,'',NULL,'','','','','',0,0,NULL,NULL);
insert  into `product`(`id`,`short_name`,`name`,`notes`,`count`,`weight`,`category_id`,`sort`,`is_no_sauce`,`amount_big`,`amount_big_note`,`amount_small`,`amount_small_note`,`option_big_1`,`option_big_2`,`option_small_1`,`option_small_2`,`is_gift`,`is_new`,`created_at`,`updated_at`) values (143,'С тунцом','Маки ролл с тунцом','Рис, нори, тунец',6,'105',6,NULL,0,250,'',NULL,'','','','','',0,0,NULL,NULL);
insert  into `product`(`id`,`short_name`,`name`,`notes`,`count`,`weight`,`category_id`,`sort`,`is_no_sauce`,`amount_big`,`amount_big_note`,`amount_small`,`amount_small_note`,`option_big_1`,`option_big_2`,`option_small_1`,`option_small_2`,`is_gift`,`is_new`,`created_at`,`updated_at`) values (144,'Копченый лосось','Маки ролл копченый лосось','Рис, нори, копченый лосось',6,'105',6,NULL,0,290,'',NULL,'','','','','',0,0,NULL,NULL);
insert  into `product`(`id`,`short_name`,`name`,`notes`,`count`,`weight`,`category_id`,`sort`,`is_no_sauce`,`amount_big`,`amount_big_note`,`amount_small`,`amount_small_note`,`option_big_1`,`option_big_2`,`option_small_1`,`option_small_2`,`is_gift`,`is_new`,`created_at`,`updated_at`) values (145,'Филадельфия','Ролл Филадельфия','Рис, нори, сливочный сыр, огурец, лосось',8,'230',3,NULL,0,490,'',NULL,'','','','','',0,0,NULL,NULL);
insert  into `product`(`id`,`short_name`,`name`,`notes`,`count`,`weight`,`category_id`,`sort`,`is_no_sauce`,`amount_big`,`amount_big_note`,`amount_small`,`amount_small_note`,`option_big_1`,`option_big_2`,`option_small_1`,`option_small_2`,`is_gift`,`is_new`,`created_at`,`updated_at`) values (146,'Филадельфия ШИК','Ролл Филадельфия ШИК','Рис, нори, сливочный сыр, лосось',8,'260',3,NULL,0,690,'',NULL,'','','','','',0,0,NULL,NULL);
insert  into `product`(`id`,`short_name`,`name`,`notes`,`count`,`weight`,`category_id`,`sort`,`is_no_sauce`,`amount_big`,`amount_big_note`,`amount_small`,`amount_small_note`,`option_big_1`,`option_big_2`,`option_small_1`,`option_small_2`,`is_gift`,`is_new`,`created_at`,`updated_at`) values (147,'Филадельфия с авокадо','Ролл Филадельфия с авокадо','Рис, нори, сливочный сыр, лосось, авокадо',8,'230',3,NULL,0,490,'',NULL,'','','','','',0,0,NULL,NULL);
insert  into `product`(`id`,`short_name`,`name`,`notes`,`count`,`weight`,`category_id`,`sort`,`is_no_sauce`,`amount_big`,`amount_big_note`,`amount_small`,`amount_small_note`,`option_big_1`,`option_big_2`,`option_small_1`,`option_small_2`,`is_gift`,`is_new`,`created_at`,`updated_at`) values (148,'Филадельфия дабл','Ролл Филадельфия дабл','Рис, нори, сливочный сыр, огурец, лосось, угорь, соус унаги, кунжут, авокадо',8,'235',3,NULL,0,650,'',NULL,'','','','','',0,0,NULL,NULL);
insert  into `product`(`id`,`short_name`,`name`,`notes`,`count`,`weight`,`category_id`,`sort`,`is_no_sauce`,`amount_big`,`amount_big_note`,`amount_small`,`amount_small_note`,`option_big_1`,`option_big_2`,`option_small_1`,`option_small_2`,`is_gift`,`is_new`,`created_at`,`updated_at`) values (149,'Копченая филадельфия','Ролл Копченая филадельфия','Рис, нори, сливочный сыр, копченый лосось, огурец, соус «Спайси»',8,'240',3,NULL,0,590,'',NULL,'','','','','',0,0,NULL,NULL);
insert  into `product`(`id`,`short_name`,`name`,`notes`,`count`,`weight`,`category_id`,`sort`,`is_no_sauce`,`amount_big`,`amount_big_note`,`amount_small`,`amount_small_note`,`option_big_1`,`option_big_2`,`option_small_1`,`option_small_2`,`is_gift`,`is_new`,`created_at`,`updated_at`) values (150,'Калифорния лайт','Ролл Калифорния лайт','Рис, нори, огурец, авокадо, сливочный сыр, лосось, масаго',8,'220',3,NULL,0,520,'',NULL,'','','','','',0,0,NULL,NULL);
insert  into `product`(`id`,`short_name`,`name`,`notes`,`count`,`weight`,`category_id`,`sort`,`is_no_sauce`,`amount_big`,`amount_big_note`,`amount_small`,`amount_small_note`,`option_big_1`,`option_big_2`,`option_small_1`,`option_small_2`,`is_gift`,`is_new`,`created_at`,`updated_at`) values (151,'Филадельфия с креветкой','Ролл Филадельфия с креветкой','Рис, нори, лосось, креветка тигровая, сливочный сыр',8,'230',3,NULL,0,670,'',NULL,'','','','','',0,0,NULL,NULL);
insert  into `product`(`id`,`short_name`,`name`,`notes`,`count`,`weight`,`category_id`,`sort`,`is_no_sauce`,`amount_big`,`amount_big_note`,`amount_small`,`amount_small_note`,`option_big_1`,`option_big_2`,`option_small_1`,`option_small_2`,`is_gift`,`is_new`,`created_at`,`updated_at`) values (152,'Филадельфия в угре','Ролл Филадельфия в угре','Рис, нори, сливочный сыр, угорь, авокадо, соус унаги, кунжут',8,'230',3,NULL,0,590,'',NULL,'','','','','',0,0,NULL,NULL);
insert  into `product`(`id`,`short_name`,`name`,`notes`,`count`,`weight`,`category_id`,`sort`,`is_no_sauce`,`amount_big`,`amount_big_note`,`amount_small`,`amount_small_note`,`option_big_1`,`option_big_2`,`option_small_1`,`option_small_2`,`is_gift`,`is_new`,`created_at`,`updated_at`) values (153,'Филадельфия в масаго','Ролл Филадельфия в масаго','Рис, нори, сливочный сыр, лосось, зеленый лук, огурец, масаго, кунжут',8,'210',3,NULL,0,490,'',NULL,'','','','','',0,0,NULL,NULL);
insert  into `product`(`id`,`short_name`,`name`,`notes`,`count`,`weight`,`category_id`,`sort`,`is_no_sauce`,`amount_big`,`amount_big_note`,`amount_small`,`amount_small_note`,`option_big_1`,`option_big_2`,`option_small_1`,`option_small_2`,`is_gift`,`is_new`,`created_at`,`updated_at`) values (154,'Калифорния со снежным крабом','Ролл Калифорния со снежным крабом','Рис, нори, масаго, огурец, авокадо, майонез, снежный краб',8,'205',3,NULL,0,380,'',NULL,'','','','','',0,0,NULL,NULL);
insert  into `product`(`id`,`short_name`,`name`,`notes`,`count`,`weight`,`category_id`,`sort`,`is_no_sauce`,`amount_big`,`amount_big_note`,`amount_small`,`amount_small_note`,`option_big_1`,`option_big_2`,`option_small_1`,`option_small_2`,`is_gift`,`is_new`,`created_at`,`updated_at`) values (155,'Калифорния с лососем','Ролл Калифорния с лососем','Рис, нори, масаго, огурец, авокадо, майонез, лосось',8,'205',3,NULL,0,530,'',NULL,'','','','','',0,0,NULL,NULL);
insert  into `product`(`id`,`short_name`,`name`,`notes`,`count`,`weight`,`category_id`,`sort`,`is_no_sauce`,`amount_big`,`amount_big_note`,`amount_small`,`amount_small_note`,`option_big_1`,`option_big_2`,`option_small_1`,`option_small_2`,`is_gift`,`is_new`,`created_at`,`updated_at`) values (156,'Калифорния с креветкой','Ролл Калифорния с креветкой','Рис, нори, масаго, огурец, авокадо, майонез, креветка тигровая',8,'200',3,NULL,0,490,'',NULL,'','','','','',0,0,NULL,NULL);
insert  into `product`(`id`,`short_name`,`name`,`notes`,`count`,`weight`,`category_id`,`sort`,`is_no_sauce`,`amount_big`,`amount_big_note`,`amount_small`,`amount_small_note`,`option_big_1`,`option_big_2`,`option_small_1`,`option_small_2`,`is_gift`,`is_new`,`created_at`,`updated_at`) values (157,'Калифорния в кунжуте','Ролл Калифорния в кунжуте','Рис, нори, огурец, авокадо, майонез, снежный краб, кунжут',8,'190',3,NULL,0,270,'',NULL,'','','','','',0,0,NULL,NULL);
insert  into `product`(`id`,`short_name`,`name`,`notes`,`count`,`weight`,`category_id`,`sort`,`is_no_sauce`,`amount_big`,`amount_big_note`,`amount_small`,`amount_small_note`,`option_big_1`,`option_big_2`,`option_small_1`,`option_small_2`,`is_gift`,`is_new`,`created_at`,`updated_at`) values (158,'Кунсей Чиз','Ролл Кунсей Чиз','Рис, нори, сливочный сыр, огурец, лосось копченый, соус «Спайси», кунжут',8,'195',3,NULL,0,390,'',NULL,'','','','','',0,0,NULL,NULL);
insert  into `product`(`id`,`short_name`,`name`,`notes`,`count`,`weight`,`category_id`,`sort`,`is_no_sauce`,`amount_big`,`amount_big_note`,`amount_small`,`amount_small_note`,`option_big_1`,`option_big_2`,`option_small_1`,`option_small_2`,`is_gift`,`is_new`,`created_at`,`updated_at`) values (159,'Дракон','Ролл Дракон','Рис, нори, угорь, авокадо, сливочный сыр, соус унаги, омлет тамаго, зеленый лук, кунжут',8,'225',3,NULL,0,640,'',NULL,'','','','','',0,0,NULL,NULL);
insert  into `product`(`id`,`short_name`,`name`,`notes`,`count`,`weight`,`category_id`,`sort`,`is_no_sauce`,`amount_big`,`amount_big_note`,`amount_small`,`amount_small_note`,`option_big_1`,`option_big_2`,`option_small_1`,`option_small_2`,`is_gift`,`is_new`,`created_at`,`updated_at`) values (160,'Хонсю','Ролл Хонсю','Рис, нори, сливочный сыр, креветка тигровая, лосось, омлет тамаго, сыр чеддер, соус унаги, сыр пармезан',8,'230',3,NULL,0,490,'',NULL,'','','','','',0,0,NULL,NULL);
insert  into `product`(`id`,`short_name`,`name`,`notes`,`count`,`weight`,`category_id`,`sort`,`is_no_sauce`,`amount_big`,`amount_big_note`,`amount_small`,`amount_small_note`,`option_big_1`,`option_big_2`,`option_small_1`,`option_small_2`,`is_gift`,`is_new`,`created_at`,`updated_at`) values (161,'Канада','Ролл Канада','Рис, нори, сливочный сыр, лосось, авокадо, угорь, соус унаги, кунжут ',8,'225',3,NULL,0,690,'',NULL,'','','','','',0,0,NULL,NULL);
insert  into `product`(`id`,`short_name`,`name`,`notes`,`count`,`weight`,`category_id`,`sort`,`is_no_sauce`,`amount_big`,`amount_big_note`,`amount_small`,`amount_small_note`,`option_big_1`,`option_big_2`,`option_small_1`,`option_small_2`,`is_gift`,`is_new`,`created_at`,`updated_at`) values (162,'Сяке Кунсей','Ролл Сяке Кунсей','Рис, рисовая бумага, сливочный сыр, огурец, лосось копченый, соус «Спайси», масаго',8,'190',3,NULL,0,390,'',NULL,'','','','','',0,0,NULL,NULL);
insert  into `product`(`id`,`short_name`,`name`,`notes`,`count`,`weight`,`category_id`,`sort`,`is_no_sauce`,`amount_big`,`amount_big_note`,`amount_small`,`amount_small_note`,`option_big_1`,`option_big_2`,`option_small_1`,`option_small_2`,`is_gift`,`is_new`,`created_at`,`updated_at`) values (163,'Аляска','Ролл Аляска','Рис, нори, лосось, зеленый лук, огурец, соус унаги, сливочный сыр, креветка тигровая',8,'225',3,NULL,0,530,'',NULL,'','','','','',0,0,NULL,NULL);
insert  into `product`(`id`,`short_name`,`name`,`notes`,`count`,`weight`,`category_id`,`sort`,`is_no_sauce`,`amount_big`,`amount_big_note`,`amount_small`,`amount_small_note`,`option_big_1`,`option_big_2`,`option_small_1`,`option_small_2`,`is_gift`,`is_new`,`created_at`,`updated_at`) values (164,'Окинава','Ролл Окинава','Рис, нори, сливочный сыр, тунец, омлет тамаго, манго, авокадо, соус унаги',8,'235',3,NULL,0,390,'',NULL,'','','','','',0,0,NULL,NULL);
insert  into `product`(`id`,`short_name`,`name`,`notes`,`count`,`weight`,`category_id`,`sort`,`is_no_sauce`,`amount_big`,`amount_big_note`,`amount_small`,`amount_small_note`,`option_big_1`,`option_big_2`,`option_small_1`,`option_small_2`,`is_gift`,`is_new`,`created_at`,`updated_at`) values (165,'Токио','Ролл Токио','Рис, нори, курица запеченная, салат айсберг, огурец, масаго, сливочный сыр, соус унаги',8,'255',3,NULL,0,390,'',NULL,'','','','','',0,0,NULL,NULL);
insert  into `product`(`id`,`short_name`,`name`,`notes`,`count`,`weight`,`category_id`,`sort`,`is_no_sauce`,`amount_big`,`amount_big_note`,`amount_small`,`amount_small_note`,`option_big_1`,`option_big_2`,`option_small_1`,`option_small_2`,`is_gift`,`is_new`,`created_at`,`updated_at`) values (166,'Мексика','Ролл Мексика','',8,'225',3,NULL,0,460,'',NULL,'','','','','',0,0,NULL,NULL);
insert  into `product`(`id`,`short_name`,`name`,`notes`,`count`,`weight`,`category_id`,`sort`,`is_no_sauce`,`amount_big`,`amount_big_note`,`amount_small`,`amount_small_note`,`option_big_1`,`option_big_2`,`option_small_1`,`option_small_2`,`is_gift`,`is_new`,`created_at`,`updated_at`) values (167,'Киото','Ролл Киото','Рис, нори, сливочный сыр, лосось, манго, креветка тигровая, масаго, соус унаги',8,'225',3,NULL,0,590,'',NULL,'','','','','',0,0,NULL,NULL);
insert  into `product`(`id`,`short_name`,`name`,`notes`,`count`,`weight`,`category_id`,`sort`,`is_no_sauce`,`amount_big`,`amount_big_note`,`amount_small`,`amount_small_note`,`option_big_1`,`option_big_2`,`option_small_1`,`option_small_2`,`is_gift`,`is_new`,`created_at`,`updated_at`) values (168,'Беконзо','Ролл Беконзо','Рис, нори, сливочный сыр, авокадо, креветка тигровая в темпуре, бекон, соус унаги, кунжут',8,'225',3,NULL,0,380,'',NULL,'','','','','',0,0,NULL,NULL);
insert  into `product`(`id`,`short_name`,`name`,`notes`,`count`,`weight`,`category_id`,`sort`,`is_no_sauce`,`amount_big`,`amount_big_note`,`amount_small`,`amount_small_note`,`option_big_1`,`option_big_2`,`option_small_1`,`option_small_2`,`is_gift`,`is_new`,`created_at`,`updated_at`) values (169,'Огненный дракон','Ролл Огненный дракон','',8,'220',3,NULL,0,650,'',NULL,'','','','','',0,0,NULL,NULL);
insert  into `product`(`id`,`short_name`,`name`,`notes`,`count`,`weight`,`category_id`,`sort`,`is_no_sauce`,`amount_big`,`amount_big_note`,`amount_small`,`amount_small_note`,`option_big_1`,`option_big_2`,`option_small_1`,`option_small_2`,`is_gift`,`is_new`,`created_at`,`updated_at`) values (170,' Дракон с креветкой','Ролл Дракон с креветкой','Рис, нори, креветка тигровая в темпуре, салат айсберг, угорь, сливочный сыр, кунжут, соус унаги',8,'245',3,NULL,0,650,'',NULL,'','','','','',0,0,NULL,NULL);
insert  into `product`(`id`,`short_name`,`name`,`notes`,`count`,`weight`,`category_id`,`sort`,`is_no_sauce`,`amount_big`,`amount_big_note`,`amount_small`,`amount_small_note`,`option_big_1`,`option_big_2`,`option_small_1`,`option_small_2`,`is_gift`,`is_new`,`created_at`,`updated_at`) values (171,'Эби Чиз','Ролл Эби Чиз','Рис, нори, сливочный сыр, снежный краб, салат айсберг, креветка тигровая, соус «Медовый», сыр пармезан',8,'260',3,NULL,0,550,'',NULL,'','','','','',0,0,NULL,NULL);
insert  into `product`(`id`,`short_name`,`name`,`notes`,`count`,`weight`,`category_id`,`sort`,`is_no_sauce`,`amount_big`,`amount_big_note`,`amount_small`,`amount_small_note`,`option_big_1`,`option_big_2`,`option_small_1`,`option_small_2`,`is_gift`,`is_new`,`created_at`,`updated_at`) values (172,'Сакура','Ролл Сакура','Рис, нори, сливочный сыр, масаго, омлет тамаго, лосось, угорь, огурец, соус «Спайси»',8,'245',3,NULL,0,490,'',NULL,'','','','','',0,0,NULL,NULL);
insert  into `product`(`id`,`short_name`,`name`,`notes`,`count`,`weight`,`category_id`,`sort`,`is_no_sauce`,`amount_big`,`amount_big_note`,`amount_small`,`amount_small_note`,`option_big_1`,`option_big_2`,`option_small_1`,`option_small_2`,`is_gift`,`is_new`,`created_at`,`updated_at`) values (173,'Адзуи эби','Ролл Адзуи эби','Рис, нори, креветка тигровая в темпуре, авокадо, масаго, огурец, соус унаги',8,'190',3,NULL,0,330,'',NULL,'','','','','',0,0,NULL,NULL);
insert  into `product`(`id`,`short_name`,`name`,`notes`,`count`,`weight`,`category_id`,`sort`,`is_no_sauce`,`amount_big`,`amount_big_note`,`amount_small`,`amount_small_note`,`option_big_1`,`option_big_2`,`option_small_1`,`option_small_2`,`is_gift`,`is_new`,`created_at`,`updated_at`) values (174,'Тамаго сяке','Ролл Тамаго сяке','Рис, нори, сливочный сыр, масаго, авокадо, огурец, снежный краб, зеленый лук, омлет блинчик, лосось Спайси, сыр чеддер, соус унаги, сыр пармезан',8,'300',3,NULL,0,590,'',NULL,'','','','','',0,0,NULL,NULL);
insert  into `product`(`id`,`short_name`,`name`,`notes`,`count`,`weight`,`category_id`,`sort`,`is_no_sauce`,`amount_big`,`amount_big_note`,`amount_small`,`amount_small_note`,`option_big_1`,`option_big_2`,`option_small_1`,`option_small_2`,`is_gift`,`is_new`,`created_at`,`updated_at`) values (175,'Эби Манго','Ролл Эби Манго','Рис, нори, сливочный сыр, манго свежее, авокадо, креветка тигровая, соус «Медовый», соус «Васаби»',8,'230',3,NULL,0,450,'',NULL,'','','','','',0,0,NULL,NULL);
insert  into `product`(`id`,`short_name`,`name`,`notes`,`count`,`weight`,`category_id`,`sort`,`is_no_sauce`,`amount_big`,`amount_big_note`,`amount_small`,`amount_small_note`,`option_big_1`,`option_big_2`,`option_small_1`,`option_small_2`,`is_gift`,`is_new`,`created_at`,`updated_at`) values (176,'Фудзи','Ролл Фудзи','Рис, нори, лосось, сливочный сыр, масаго, авокадо, майонез, соус унаги',8,'245',3,NULL,0,540,'',NULL,'','','','','',0,0,NULL,NULL);
insert  into `product`(`id`,`short_name`,`name`,`notes`,`count`,`weight`,`category_id`,`sort`,`is_no_sauce`,`amount_big`,`amount_big_note`,`amount_small`,`amount_small_note`,`option_big_1`,`option_big_2`,`option_small_1`,`option_small_2`,`is_gift`,`is_new`,`created_at`,`updated_at`) values (177,'Красный дракон','Ролл Красный дракон','Рис, нори, угорь, сливочный сыр, лосось копченый, масаго, огурец, соус «Спайси», кунжут, соус унаги',8,'230',3,NULL,0,640,'',NULL,'','','','','',0,0,NULL,NULL);
insert  into `product`(`id`,`short_name`,`name`,`notes`,`count`,`weight`,`category_id`,`sort`,`is_no_sauce`,`amount_big`,`amount_big_note`,`amount_small`,`amount_small_note`,`option_big_1`,`option_big_2`,`option_small_1`,`option_small_2`,`is_gift`,`is_new`,`created_at`,`updated_at`) values (178,'Кани тамаго','Ролл Кани тамаго','Рис, нори, снежный краб, сливочный сыр, салат айсберг, соус «Спайси», омлет блинчик, соус унаги, кунжут',8,'205',3,NULL,0,310,'',NULL,'','','','','',0,0,NULL,NULL);
insert  into `product`(`id`,`short_name`,`name`,`notes`,`count`,`weight`,`category_id`,`sort`,`is_no_sauce`,`amount_big`,`amount_big_note`,`amount_small`,`amount_small_note`,`option_big_1`,`option_big_2`,`option_small_1`,`option_small_2`,`is_gift`,`is_new`,`created_at`,`updated_at`) values (179,'Кани Лайк','Ролл Кани Лайк','Рис, нори, майонез, снежный краб, огурец, лосось жареный, омлет тамаго, соус «Васаби», соус «Спайси»',8,'230',3,NULL,0,320,'',NULL,'','','','','',0,0,NULL,NULL);
insert  into `product`(`id`,`short_name`,`name`,`notes`,`count`,`weight`,`category_id`,`sort`,`is_no_sauce`,`amount_big`,`amount_big_note`,`amount_small`,`amount_small_note`,`option_big_1`,`option_big_2`,`option_small_1`,`option_small_2`,`is_gift`,`is_new`,`created_at`,`updated_at`) values (180,'Острый лосось','Ролл Острый лосось','Рис, нори, сливочный сыр, лосось, соус «Спайси», зеленый лук, огурец',8,'210',3,NULL,0,420,'',NULL,'','','','','',0,0,NULL,NULL);
insert  into `product`(`id`,`short_name`,`name`,`notes`,`count`,`weight`,`category_id`,`sort`,`is_no_sauce`,`amount_big`,`amount_big_note`,`amount_small`,`amount_small_note`,`option_big_1`,`option_big_2`,`option_small_1`,`option_small_2`,`is_gift`,`is_new`,`created_at`,`updated_at`) values (181,'Овощной','Ролл Овощной','Рис, рисовая бумага, сливочный сыр, огурец, салат айсберг, помидор, редька маринованная',8,'200',3,NULL,0,210,'',NULL,'','','','','',0,0,NULL,NULL);
insert  into `product`(`id`,`short_name`,`name`,`notes`,`count`,`weight`,`category_id`,`sort`,`is_no_sauce`,`amount_big`,`amount_big_note`,`amount_small`,`amount_small_note`,`option_big_1`,`option_big_2`,`option_small_1`,`option_small_2`,`is_gift`,`is_new`,`created_at`,`updated_at`) values (182,' Острый тунец','Ролл Острый тунец','Рис, нори, сливочный сыр, тунец, соус «Спайси», зеленый лук, огурец ',8,'210',3,NULL,0,390,'',NULL,'','','','','',0,0,NULL,NULL);
insert  into `product`(`id`,`short_name`,`name`,`notes`,`count`,`weight`,`category_id`,`sort`,`is_no_sauce`,`amount_big`,`amount_big_note`,`amount_small`,`amount_small_note`,`option_big_1`,`option_big_2`,`option_small_1`,`option_small_2`,`is_gift`,`is_new`,`created_at`,`updated_at`) values (183,'Унаги Манго','Ролл Унаги Манго','Рис, нори, сливочный сыр, угорь, манго, масаго, авокадо, соус унаги, соус «Спайси»',8,'235',3,NULL,0,420,'',NULL,'','','','','',0,0,NULL,NULL);
insert  into `product`(`id`,`short_name`,`name`,`notes`,`count`,`weight`,`category_id`,`sort`,`is_no_sauce`,`amount_big`,`amount_big_note`,`amount_small`,`amount_small_note`,`option_big_1`,`option_big_2`,`option_small_1`,`option_small_2`,`is_gift`,`is_new`,`created_at`,`updated_at`) values (184,'Цезарь','Ролл Цезарь','Рис, нори, курица запеченная, помидоры, соус цезарь, салат айсберг, сыр пармезан, масаго',8,'190',3,NULL,0,290,'',NULL,'','','','','',0,0,NULL,NULL);
insert  into `product`(`id`,`short_name`,`name`,`notes`,`count`,`weight`,`category_id`,`sort`,`is_no_sauce`,`amount_big`,`amount_big_note`,`amount_small`,`amount_small_note`,`option_big_1`,`option_big_2`,`option_small_1`,`option_small_2`,`is_gift`,`is_new`,`created_at`,`updated_at`) values (185,'Эби грин','Ролл Эби грин','Рис, нори, креветка тигровая в темпуре, огурец, омлет тамаго, зеленый лук, соус унаги, соус Спайси», масаго, кунжут',8,'245',3,NULL,0,350,'',NULL,'','','','','',0,0,NULL,NULL);

/*Table structure for table `product_tag` */


CREATE TABLE `product_tag` (
  `id` int NOT NULL AUTO_INCREMENT,
  `product_id` int DEFAULT NULL,
  `tag_id` int DEFAULT NULL,
  `sort` int DEFAULT NULL,
  PRIMARY KEY (`id`),
  KEY `product_id` (`product_id`),
  KEY `tag_id` (`tag_id`),
  CONSTRAINT `product_id` FOREIGN KEY (`product_id`) REFERENCES `product` (`id`),
  CONSTRAINT `tag_id` FOREIGN KEY (`tag_id`) REFERENCES `media` (`id`)
) ENGINE=InnoDB AUTO_INCREMENT=94 DEFAULT CHARSET=utf8mb4 COLLATE=utf8mb4_general_ci;

/*Data for the table `product_tag` */

insert  into `product_tag`(`id`,`product_id`,`tag_id`,`sort`) values (29,8,16,NULL);
insert  into `product_tag`(`id`,`product_id`,`tag_id`,`sort`) values (33,31,16,NULL);
insert  into `product_tag`(`id`,`product_id`,`tag_id`,`sort`) values (37,58,24,NULL);
insert  into `product_tag`(`id`,`product_id`,`tag_id`,`sort`) values (38,60,16,NULL);
insert  into `product_tag`(`id`,`product_id`,`tag_id`,`sort`) values (39,45,16,NULL);
insert  into `product_tag`(`id`,`product_id`,`tag_id`,`sort`) values (40,46,16,NULL);
insert  into `product_tag`(`id`,`product_id`,`tag_id`,`sort`) values (41,47,16,NULL);
insert  into `product_tag`(`id`,`product_id`,`tag_id`,`sort`) values (42,61,16,NULL);
insert  into `product_tag`(`id`,`product_id`,`tag_id`,`sort`) values (43,62,16,NULL);
insert  into `product_tag`(`id`,`product_id`,`tag_id`,`sort`) values (44,63,16,NULL);
insert  into `product_tag`(`id`,`product_id`,`tag_id`,`sort`) values (45,66,16,NULL);
insert  into `product_tag`(`id`,`product_id`,`tag_id`,`sort`) values (46,67,16,NULL);
insert  into `product_tag`(`id`,`product_id`,`tag_id`,`sort`) values (47,68,16,NULL);
insert  into `product_tag`(`id`,`product_id`,`tag_id`,`sort`) values (48,69,16,NULL);
insert  into `product_tag`(`id`,`product_id`,`tag_id`,`sort`) values (49,70,16,NULL);
insert  into `product_tag`(`id`,`product_id`,`tag_id`,`sort`) values (50,71,16,NULL);
insert  into `product_tag`(`id`,`product_id`,`tag_id`,`sort`) values (51,83,16,NULL);
insert  into `product_tag`(`id`,`product_id`,`tag_id`,`sort`) values (52,80,14,NULL);
insert  into `product_tag`(`id`,`product_id`,`tag_id`,`sort`) values (53,89,14,NULL);
insert  into `product_tag`(`id`,`product_id`,`tag_id`,`sort`) values (54,90,14,NULL);
insert  into `product_tag`(`id`,`product_id`,`tag_id`,`sort`) values (55,91,15,NULL);
insert  into `product_tag`(`id`,`product_id`,`tag_id`,`sort`) values (56,94,16,NULL);
insert  into `product_tag`(`id`,`product_id`,`tag_id`,`sort`) values (57,99,16,NULL);
insert  into `product_tag`(`id`,`product_id`,`tag_id`,`sort`) values (58,98,15,NULL);
insert  into `product_tag`(`id`,`product_id`,`tag_id`,`sort`) values (64,103,14,NULL);
insert  into `product_tag`(`id`,`product_id`,`tag_id`,`sort`) values (65,107,16,NULL);
insert  into `product_tag`(`id`,`product_id`,`tag_id`,`sort`) values (66,110,16,NULL);
insert  into `product_tag`(`id`,`product_id`,`tag_id`,`sort`) values (67,112,16,NULL);
insert  into `product_tag`(`id`,`product_id`,`tag_id`,`sort`) values (68,115,16,NULL);
insert  into `product_tag`(`id`,`product_id`,`tag_id`,`sort`) values (69,119,15,NULL);
insert  into `product_tag`(`id`,`product_id`,`tag_id`,`sort`) values (70,124,15,NULL);
insert  into `product_tag`(`id`,`product_id`,`tag_id`,`sort`) values (71,134,16,NULL);
insert  into `product_tag`(`id`,`product_id`,`tag_id`,`sort`) values (72,133,15,NULL);
insert  into `product_tag`(`id`,`product_id`,`tag_id`,`sort`) values (73,131,16,NULL);
insert  into `product_tag`(`id`,`product_id`,`tag_id`,`sort`) values (74,135,16,NULL);
insert  into `product_tag`(`id`,`product_id`,`tag_id`,`sort`) values (75,136,24,NULL);
insert  into `product_tag`(`id`,`product_id`,`tag_id`,`sort`) values (76,137,24,NULL);
insert  into `product_tag`(`id`,`product_id`,`tag_id`,`sort`) values (77,142,14,NULL);
insert  into `product_tag`(`id`,`product_id`,`tag_id`,`sort`) values (78,146,14,NULL);
insert  into `product_tag`(`id`,`product_id`,`tag_id`,`sort`) values (79,149,16,NULL);
insert  into `product_tag`(`id`,`product_id`,`tag_id`,`sort`) values (80,153,15,NULL);
insert  into `product_tag`(`id`,`product_id`,`tag_id`,`sort`) values (81,160,15,NULL);
insert  into `product_tag`(`id`,`product_id`,`tag_id`,`sort`) values (82,161,15,NULL);
insert  into `product_tag`(`id`,`product_id`,`tag_id`,`sort`) values (83,164,15,NULL);
insert  into `product_tag`(`id`,`product_id`,`tag_id`,`sort`) values (84,166,15,NULL);
insert  into `product_tag`(`id`,`product_id`,`tag_id`,`sort`) values (85,167,15,NULL);
insert  into `product_tag`(`id`,`product_id`,`tag_id`,`sort`) values (86,169,16,NULL);
insert  into `product_tag`(`id`,`product_id`,`tag_id`,`sort`) values (87,172,15,NULL);
insert  into `product_tag`(`id`,`product_id`,`tag_id`,`sort`) values (88,174,15,NULL);
insert  into `product_tag`(`id`,`product_id`,`tag_id`,`sort`) values (89,178,14,NULL);
insert  into `product_tag`(`id`,`product_id`,`tag_id`,`sort`) values (90,180,16,NULL);
insert  into `product_tag`(`id`,`product_id`,`tag_id`,`sort`) values (91,181,24,NULL);
insert  into `product_tag`(`id`,`product_id`,`tag_id`,`sort`) values (92,182,16,NULL);
insert  into `product_tag`(`id`,`product_id`,`tag_id`,`sort`) values (93,183,14,NULL);

